{"id":2204,"date":"2023-01-18T07:31:43","date_gmt":"2023-01-18T07:31:43","guid":{"rendered":"https:\/\/www.auditorium.com\/?post_type=rassegne&#038;p=2204"},"modified":"2023-05-18T10:12:51","modified_gmt":"2023-05-18T09:12:51","slug":"retape","status":"publish","type":"rassegne","link":"https:\/\/www.auditorium.com\/it\/rassegne\/retape\/","title":{"rendered":"Retape"},"content":{"rendered":"<p>Ritorna RETAPE, la rassegna<strong> a cura di Ernesto Assante<\/strong> dedicata alle nuove proposte della scena musicale italiana.<\/p>\n<p>RETAPE \u00e8 un punto d\u2019osservazione, una sorta di faro che prova a illuminare le coste della musica italiana per aiutare i naviganti a \u2018vedere\u2019 la scena odierna e a scoprirne i nuovi e futuri protagonisti.<\/p>\n<p>RETAPE racconta Roma, prima di tutto, le sue nuove generazioni, che stanno cambiando, con creativit\u00e0, ingegno, passione, le sorti della musica della nostra citt\u00e0, riportandola al centro della scena. E stanno cambiando la musica italiana, delle cui nuove generazioni comunque RETAPE tiene conto. Perch\u00e9 Roma \u00e8 tornata ad essere un magnete, un luogo in cui le cose \u2018accadono\u2019, in cui la musica non \u00e8 pi\u00f9 confinata negli studi di registrazione ma vive nei quartieri, nelle cantine, nelle strade. Con tante difficolt\u00e0, soprattutto negli ultimi anni a causa del Covid, ma con altrettanta indomita passione.<\/p>\n<p>RETAPE 2023, arrivata quest\u2019anno alla sua ottava edizione, ha proposto negli anni decine e decine di artisti, nuovissimi e pi\u00f9 noti, molte scoperte e tante proposte, cercando di stimolare la curiosit\u00e0 del pubblico e di dare un\u2019occasione a tanti e interessanti giovani artisti. E sar\u00e0 cos\u00ec anche quest\u2019anno, con ventidue artisti in dieci serate, <strong>dal 14 gennaio al 27 maggio<\/strong>, una lunga ricognizione in quella che \u00e8 la musica dei nostri giorni, la musica pi\u00f9 vera, libera, originale, indipendente. Con tanti artisti che meritano sostegno, attenzione, applausi.<\/p>\n","protected":false},"excerpt":{"rendered":"Ritorna RETAPE, la rassegna a cura di Ernesto Assante dedicata alle nuove proposte della scena musicale italiana. RETAPE \u00e8 un punto d\u2019osservazione, una sorta di faro che prova a illuminare le coste della musica italiana per aiutare i naviganti a \u2018vedere\u2019 la scena odierna e a scoprirne i nuovi e futuri protagonisti. RETAPE racconta Roma, [&hellip;]","protected":false},"featured_media":2205,"template":"","meta":{"_acf_changed":false,"inline_featured_image":false},"event_categories":[85],"gruppo_edizione":[],"class_list":["post-2204","rassegne","type-rassegne","status-publish","has-post-thumbnail","hentry","event_categories-pop-rock"],"acf":[],"yoast_head":"<!-- This site is optimized with the Yoast SEO plugin v22.6 - https:\/\/yoast.com\/wordpress\/plugins\/seo\/ -->\n<title>Retape | Auditorium Parco della Musica Ennio Morricone<\/title>\n<meta name=\"description\" content=\"Dal 14 gennaio al 27 maggio, all&#039;Auditorium Parco della Musica di Roma, una lunga ricognizione in quella che \u00e8 la musica di dei nostri giorni. Scopri di pi\u00f9.\" \/>\n<meta name=\"robots\" content=\"index, follow, max-snippet:-1, max-image-preview:large, max-video-preview:-1\" \/>\n<link rel=\"canonical\" href=\"https:\/\/www.auditorium.com\/it\/rassegne\/retape\/\" \/>\n<meta property=\"og:locale\" content=\"it_IT\" \/>\n<meta property=\"og:type\" content=\"article\" \/>\n<meta property=\"og:title\" content=\"Retape | Auditorium Parco della Musica Ennio Morricone\" \/>\n<meta property=\"og:description\" content=\"Dal 14 gennaio al 27 maggio, all&#039;Auditorium Parco della Musica di Roma, una lunga ricognizione in quella che \u00e8 la musica di dei nostri giorni. Scopri di pi\u00f9.\" \/>\n<meta property=\"og:url\" content=\"https:\/\/www.auditorium.com\/it\/rassegne\/retape\/\" \/>\n<meta property=\"og:site_name\" content=\"Auditorium Parco della Musica Ennio Morricone\" \/>\n<meta property=\"article:publisher\" content=\"https:\/\/www.facebook.com\/AuditoriumParcodellaMusica\" \/>\n<meta property=\"article:modified_time\" content=\"2023-05-18T09:12:51+00:00\" \/>\n<meta property=\"og:image\" content=\"https:\/\/www.auditorium.com\/wp-content\/uploads\/2023\/01\/Retape-per-rassegna-ed-eventi.jpeg\" \/>\n\t<meta property=\"og:image:width\" content=\"1517\" \/>\n\t<meta property=\"og:image:height\" content=\"850\" \/>\n\t<meta property=\"og:image:type\" content=\"image\/jpeg\" \/>\n<meta name=\"twitter:card\" content=\"summary_large_image\" \/>\n<meta name=\"twitter:site\" content=\"@auditoriumpdm\" \/>\n<meta name=\"twitter:label1\" content=\"Tempo di lettura stimato\" \/>\n\t<meta name=\"twitter:data1\" content=\"2 minuti\" \/>\n<script type=\"application\/ld+json\" class=\"yoast-schema-graph\">{\"@context\":\"https:\/\/schema.org\",\"@graph\":[{\"@type\":\"WebPage\",\"@id\":\"https:\/\/www.auditorium.com\/it\/rassegne\/retape\/\",\"url\":\"https:\/\/www.auditorium.com\/it\/rassegne\/retape\/\",\"name\":\"Retape | Auditorium Parco della Musica Ennio Morricone\",\"isPartOf\":{\"@id\":\"https:\/\/www.auditorium.com\/it\/#website\"},\"primaryImageOfPage\":{\"@id\":\"https:\/\/www.auditorium.com\/it\/rassegne\/retape\/#primaryimage\"},\"image\":{\"@id\":\"https:\/\/www.auditorium.com\/it\/rassegne\/retape\/#primaryimage\"},\"thumbnailUrl\":\"https:\/\/www.auditorium.com\/wp-content\/uploads\/2023\/01\/Retape-per-rassegna-ed-eventi.jpeg\",\"datePublished\":\"2023-01-18T07:31:43+00:00\",\"dateModified\":\"2023-05-18T09:12:51+00:00\",\"description\":\"Dal 14 gennaio al 27 maggio, all'Auditorium Parco della Musica di Roma, una lunga ricognizione in quella che \u00e8 la musica di dei nostri giorni. Scopri di pi\u00f9.\",\"breadcrumb\":{\"@id\":\"https:\/\/www.auditorium.com\/it\/rassegne\/retape\/#breadcrumb\"},\"inLanguage\":\"it-IT\",\"potentialAction\":[{\"@type\":\"ReadAction\",\"target\":[\"https:\/\/www.auditorium.com\/it\/rassegne\/retape\/\"]}]},{\"@type\":\"ImageObject\",\"inLanguage\":\"it-IT\",\"@id\":\"https:\/\/www.auditorium.com\/it\/rassegne\/retape\/#primaryimage\",\"url\":\"https:\/\/www.auditorium.com\/wp-content\/uploads\/2023\/01\/Retape-per-rassegna-ed-eventi.jpeg\",\"contentUrl\":\"https:\/\/www.auditorium.com\/wp-content\/uploads\/2023\/01\/Retape-per-rassegna-ed-eventi.jpeg\",\"width\":1517,\"height\":850,\"caption\":\"Rassegna Retape\"},{\"@type\":\"BreadcrumbList\",\"@id\":\"https:\/\/www.auditorium.com\/it\/rassegne\/retape\/#breadcrumb\",\"itemListElement\":[{\"@type\":\"ListItem\",\"position\":1,\"name\":\"Home\",\"item\":\"https:\/\/www.auditorium.com\/it\/\"},{\"@type\":\"ListItem\",\"position\":2,\"name\":\"Rassegne\",\"item\":\"https:\/\/www.auditorium.com\/it\/rassegne\/\"},{\"@type\":\"ListItem\",\"position\":3,\"name\":\"Retape\"}]},{\"@type\":\"WebSite\",\"@id\":\"https:\/\/www.auditorium.com\/it\/#website\",\"url\":\"https:\/\/www.auditorium.com\/it\/\",\"name\":\"Auditorium Parco della Musica Ennio Morricone\",\"description\":\"Progettato da Renzo Piano, l&#039;Auditorium rappresenta una sofisticata architettura musicale e uno straordinario intervento di riqualificazione urbana.\",\"publisher\":{\"@id\":\"https:\/\/www.auditorium.com\/it\/#organization\"},\"potentialAction\":[{\"@type\":\"SearchAction\",\"target\":{\"@type\":\"EntryPoint\",\"urlTemplate\":\"https:\/\/www.auditorium.com\/it\/?s={search_term_string}\"},\"query-input\":\"required name=search_term_string\"}],\"inLanguage\":\"it-IT\"},{\"@type\":\"Organization\",\"@id\":\"https:\/\/www.auditorium.com\/it\/#organization\",\"name\":\"Auditorium Parco della Musica Ennio Morricone\",\"url\":\"https:\/\/www.auditorium.com\/it\/\",\"logo\":{\"@type\":\"ImageObject\",\"inLanguage\":\"it-IT\",\"@id\":\"https:\/\/www.auditorium.com\/it\/#\/schema\/logo\/image\/\",\"url\":\"https:\/\/www.auditorium.com\/wp-content\/uploads\/2022\/12\/logo-auditorium.svg\",\"contentUrl\":\"https:\/\/www.auditorium.com\/wp-content\/uploads\/2022\/12\/logo-auditorium.svg\",\"width\":86,\"height\":79,\"caption\":\"Auditorium Parco della Musica Ennio Morricone\"},\"image\":{\"@id\":\"https:\/\/www.auditorium.com\/it\/#\/schema\/logo\/image\/\"},\"sameAs\":[\"https:\/\/www.facebook.com\/AuditoriumParcodellaMusica\",\"https:\/\/x.com\/auditoriumpdm\",\"https:\/\/www.instagram.com\/auditoriumparcodellamusica\/\"]}]}<\/script>\n<!-- \/ Yoast SEO plugin. -->","yoast_head_json":{"title":"Retape | Auditorium Parco della Musica Ennio Morricone","description":"Dal 14 gennaio al 27 maggio, all'Auditorium Parco della Musica di Roma, una lunga ricognizione in quella che \u00e8 la musica di dei nostri giorni. Scopri di pi\u00f9.","robots":{"index":"index","follow":"follow","max-snippet":"max-snippet:-1","max-image-preview":"max-image-preview:large","max-video-preview":"max-video-preview:-1"},"canonical":"https:\/\/www.auditorium.com\/it\/rassegne\/retape\/","og_locale":"it_IT","og_type":"article","og_title":"Retape | Auditorium Parco della Musica Ennio Morricone","og_description":"Dal 14 gennaio al 27 maggio, all'Auditorium Parco della Musica di Roma, una lunga ricognizione in quella che \u00e8 la musica di dei nostri giorni. Scopri di pi\u00f9.","og_url":"https:\/\/www.auditorium.com\/it\/rassegne\/retape\/","og_site_name":"Auditorium Parco della Musica Ennio Morricone","article_publisher":"https:\/\/www.facebook.com\/AuditoriumParcodellaMusica","article_modified_time":"2023-05-18T09:12:51+00:00","og_image":[{"width":1517,"height":850,"url":"https:\/\/www.auditorium.com\/wp-content\/uploads\/2023\/01\/Retape-per-rassegna-ed-eventi.jpeg","type":"image\/jpeg"}],"twitter_card":"summary_large_image","twitter_site":"@auditoriumpdm","twitter_misc":{"Tempo di lettura stimato":"2 minuti"},"schema":{"@context":"https:\/\/schema.org","@graph":[{"@type":"WebPage","@id":"https:\/\/www.auditorium.com\/it\/rassegne\/retape\/","url":"https:\/\/www.auditorium.com\/it\/rassegne\/retape\/","name":"Retape | Auditorium Parco della Musica Ennio Morricone","isPartOf":{"@id":"https:\/\/www.auditorium.com\/it\/#website"},"primaryImageOfPage":{"@id":"https:\/\/www.auditorium.com\/it\/rassegne\/retape\/#primaryimage"},"image":{"@id":"https:\/\/www.auditorium.com\/it\/rassegne\/retape\/#primaryimage"},"thumbnailUrl":"https:\/\/www.auditorium.com\/wp-content\/uploads\/2023\/01\/Retape-per-rassegna-ed-eventi.jpeg","datePublished":"2023-01-18T07:31:43+00:00","dateModified":"2023-05-18T09:12:51+00:00","description":"Dal 14 gennaio al 27 maggio, all'Auditorium Parco della Musica di Roma, una lunga ricognizione in quella che \u00e8 la musica di dei nostri giorni. Scopri di pi\u00f9.","breadcrumb":{"@id":"https:\/\/www.auditorium.com\/it\/rassegne\/retape\/#breadcrumb"},"inLanguage":"it-IT","potentialAction":[{"@type":"ReadAction","target":["https:\/\/www.auditorium.com\/it\/rassegne\/retape\/"]}]},{"@type":"ImageObject","inLanguage":"it-IT","@id":"https:\/\/www.auditorium.com\/it\/rassegne\/retape\/#primaryimage","url":"https:\/\/www.auditorium.com\/wp-content\/uploads\/2023\/01\/Retape-per-rassegna-ed-eventi.jpeg","contentUrl":"https:\/\/www.auditorium.com\/wp-content\/uploads\/2023\/01\/Retape-per-rassegna-ed-eventi.jpeg","width":1517,"height":850,"caption":"Rassegna Retape"},{"@type":"BreadcrumbList","@id":"https:\/\/www.auditorium.com\/it\/rassegne\/retape\/#breadcrumb","itemListElement":[{"@type":"ListItem","position":1,"name":"Home","item":"https:\/\/www.auditorium.com\/it\/"},{"@type":"ListItem","position":2,"name":"Rassegne","item":"https:\/\/www.auditorium.com\/it\/rassegne\/"},{"@type":"ListItem","position":3,"name":"Retape"}]},{"@type":"WebSite","@id":"https:\/\/www.auditorium.com\/it\/#website","url":"https:\/\/www.auditorium.com\/it\/","name":"Auditorium Parco della Musica Ennio Morricone","description":"Progettato da Renzo Piano, l&#039;Auditorium rappresenta una sofisticata architettura musicale e uno straordinario intervento di riqualificazione urbana.","publisher":{"@id":"https:\/\/www.auditorium.com\/it\/#organization"},"potentialAction":[{"@type":"SearchAction","target":{"@type":"EntryPoint","urlTemplate":"https:\/\/www.auditorium.com\/it\/?s={search_term_string}"},"query-input":"required name=search_term_string"}],"inLanguage":"it-IT"},{"@type":"Organization","@id":"https:\/\/www.auditorium.com\/it\/#organization","name":"Auditorium Parco della Musica Ennio Morricone","url":"https:\/\/www.auditorium.com\/it\/","logo":{"@type":"ImageObject","inLanguage":"it-IT","@id":"https:\/\/www.auditorium.com\/it\/#\/schema\/logo\/image\/","url":"https:\/\/www.auditorium.com\/wp-content\/uploads\/2022\/12\/logo-auditorium.svg","contentUrl":"https:\/\/www.auditorium.com\/wp-content\/uploads\/2022\/12\/logo-auditorium.svg","width":86,"height":79,"caption":"Auditorium Parco della Musica Ennio Morricone"},"image":{"@id":"https:\/\/www.auditorium.com\/it\/#\/schema\/logo\/image\/"},"sameAs":["https:\/\/www.facebook.com\/AuditoriumParcodellaMusica","https:\/\/x.com\/auditoriumpdm","https:\/\/www.instagram.com\/auditoriumparcodellamusica\/"]}]}},"_links":{"self":[{"href":"https:\/\/www.auditorium.com\/it\/wp-json\/wp\/v2\/rassegne\/2204","targetHints":{"allow":["GET"]}}],"collection":[{"href":"https:\/\/www.auditorium.com\/it\/wp-json\/wp\/v2\/rassegne"}],"about":[{"href":"https:\/\/www.auditorium.com\/it\/wp-json\/wp\/v2\/types\/rassegne"}],"wp:featuredmedia":[{"embeddable":true,"href":"https:\/\/www.auditorium.com\/it\/wp-json\/wp\/v2\/media\/2205"}],"wp:attachment":[{"href":"https:\/\/www.auditorium.com\/it\/wp-json\/wp\/v2\/media?parent=2204"}],"wp:term":[{"taxonomy":"event_categories","embeddable":true,"href":"https:\/\/www.auditorium.com\/it\/wp-json\/wp\/v2\/event_categories?post=2204"},{"taxonomy":"gruppo_edizione","embeddable":true,"href":"https:\/\/www.auditorium.com\/it\/wp-json\/wp\/v2\/gruppo_edizione?post=2204"}],"curies":[{"name":"wp","href":"https:\/\/api.w.org\/{rel}","templated":true}]}}

<p>Ritorna RETAPE, la rassegna<strong> a cura di Ernesto Assante</strong> dedicata alle nuove proposte della scena musicale italiana.</p>
<p>RETAPE è un punto d’osservazione, una sorta di faro che prova a illuminare le coste della musica italiana per aiutare i naviganti a ‘vedere’ la scena odierna e a scoprirne i nuovi e futuri protagonisti.</p>
<p>RETAPE racconta Roma, prima di tutto, le sue nuove generazioni, che stanno cambiando, con creatività, ingegno, passione, le sorti della musica della nostra città, riportandola al centro della scena. E stanno cambiando la musica italiana, delle cui nuove generazioni comunque RETAPE tiene conto. Perché Roma è tornata ad essere un magnete, un luogo in cui le cose ‘accadono’, in cui la musica non è più confinata negli studi di registrazione ma vive nei quartieri, nelle cantine, nelle strade. Con tante difficoltà, soprattutto negli ultimi anni a causa del Covid, ma con altrettanta indomita passione.</p>
<p>RETAPE 2023, arrivata quest’anno alla sua ottava edizione, ha proposto negli anni decine e decine di artisti, nuovissimi e più noti, molte scoperte e tante proposte, cercando di stimolare la curiosità del pubblico e di dare un’occasione a tanti e interessanti giovani artisti. E sarà così anche quest’anno, con ventidue artisti in dieci serate, <strong>dal 14 gennaio al 27 maggio</strong>, una lunga ricognizione in quella che è la musica dei nostri giorni, la musica più vera, libera, originale, indipendente. Con tanti artisti che meritano sostegno, attenzione, applausi.</p>

Ritorna RETAPE, la rassegna a cura di Ernesto Assante dedicata alle nuove proposte della scena musicale italiana. RETAPE è un punto d’osservazione, una sorta di faro che prova a illuminare le coste della musica italiana per aiutare i naviganti a ‘vedere’ la scena odierna e a scoprirne i nuovi e futuri protagonisti. RETAPE racconta Roma, [&hellip;]

<!-- This site is optimized with the Yoast SEO plugin v22.6 - https://yoast.com/wordpress/plugins/seo/ -->
<title>Retape | Auditorium Parco della Musica Ennio Morricone</title>
<meta name="description" content="Dal 14 gennaio al 27 maggio, all&#039;Auditorium Parco della Musica di Roma, una lunga ricognizione in quella che è la musica di dei nostri giorni. Scopri di più." />
<meta name="robots" content="index, follow, max-snippet:-1, max-image-preview:large, max-video-preview:-1" />
<link rel="canonical" href="https://www.auditorium.com/it/rassegne/retape/" />
<meta property="og:locale" content="it_IT" />
<meta property="og:type" content="article" />
<meta property="og:title" content="Retape | Auditorium Parco della Musica Ennio Morricone" />
<meta property="og:description" content="Dal 14 gennaio al 27 maggio, all&#039;Auditorium Parco della Musica di Roma, una lunga ricognizione in quella che è la musica di dei nostri giorni. Scopri di più." />
<meta property="og:url" content="https://www.auditorium.com/it/rassegne/retape/" />
<meta property="og:site_name" content="Auditorium Parco della Musica Ennio Morricone" />
<meta property="article:publisher" content="https://www.facebook.com/AuditoriumParcodellaMusica" />
<meta property="article:modified_time" content="2023-05-18T09:12:51+00:00" />
<meta property="og:image" content="https://www.auditorium.com/wp-content/uploads/2023/01/Retape-per-rassegna-ed-eventi.jpeg" />
	<meta property="og:image:width" content="1517" />
	<meta property="og:image:height" content="850" />
	<meta property="og:image:type" content="image/jpeg" />
<meta name="twitter:card" content="summary_large_image" />
<meta name="twitter:site" content="@auditoriumpdm" />
<meta name="twitter:label1" content="Tempo di lettura stimato" />
	<meta name="twitter:data1" content="2 minuti" />
<script type="application/ld+json" class="yoast-schema-graph">{"@context":"https://schema.org","@graph":[{"@type":"WebPage","@id":"https://www.auditorium.com/it/rassegne/retape/","url":"https://www.auditorium.com/it/rassegne/retape/","name":"Retape | Auditorium Parco della Musica Ennio Morricone","isPartOf":{"@id":"https://www.auditorium.com/it/#website"},"primaryImageOfPage":{"@id":"https://www.auditorium.com/it/rassegne/retape/#primaryimage"},"image":{"@id":"https://www.auditorium.com/it/rassegne/retape/#primaryimage"},"thumbnailUrl":"https://www.auditorium.com/wp-content/uploads/2023/01/Retape-per-rassegna-ed-eventi.jpeg","datePublished":"2023-01-18T07:31:43+00:00","dateModified":"2023-05-18T09:12:51+00:00","description":"Dal 14 gennaio al 27 maggio, all'Auditorium Parco della Musica di Roma, una lunga ricognizione in quella che è la musica di dei nostri giorni. Scopri di più.","breadcrumb":{"@id":"https://www.auditorium.com/it/rassegne/retape/#breadcrumb"},"inLanguage":"it-IT","potentialAction":[{"@type":"ReadAction","target":["https://www.auditorium.com/it/rassegne/retape/"]}]},{"@type":"ImageObject","inLanguage":"it-IT","@id":"https://www.auditorium.com/it/rassegne/retape/#primaryimage","url":"https://www.auditorium.com/wp-content/uploads/2023/01/Retape-per-rassegna-ed-eventi.jpeg","contentUrl":"https://www.auditorium.com/wp-content/uploads/2023/01/Retape-per-rassegna-ed-eventi.jpeg","width":1517,"height":850,"caption":"Rassegna Retape"},{"@type":"BreadcrumbList","@id":"https://www.auditorium.com/it/rassegne/retape/#breadcrumb","itemListElement":[{"@type":"ListItem","position":1,"name":"Home","item":"https://www.auditorium.com/it/"},{"@type":"ListItem","position":2,"name":"Rassegne","item":"https://www.auditorium.com/it/rassegne/"},{"@type":"ListItem","position":3,"name":"Retape"}]},{"@type":"WebSite","@id":"https://www.auditorium.com/it/#website","url":"https://www.auditorium.com/it/","name":"Auditorium Parco della Musica Ennio Morricone","description":"Progettato da Renzo Piano, l&#039;Auditorium rappresenta una sofisticata architettura musicale e uno straordinario intervento di riqualificazione urbana.","publisher":{"@id":"https://www.auditorium.com/it/#organization"},"potentialAction":[{"@type":"SearchAction","target":{"@type":"EntryPoint","urlTemplate":"https://www.auditorium.com/it/?s={search_term_string}"},"query-input":"required name=search_term_string"}],"inLanguage":"it-IT"},{"@type":"Organization","@id":"https://www.auditorium.com/it/#organization","name":"Auditorium Parco della Musica Ennio Morricone","url":"https://www.auditorium.com/it/","logo":{"@type":"ImageObject","inLanguage":"it-IT","@id":"https://www.auditorium.com/it/#/schema/logo/image/","url":"https://www.auditorium.com/wp-content/uploads/2022/12/logo-auditorium.svg","contentUrl":"https://www.auditorium.com/wp-content/uploads/2022/12/logo-auditorium.svg","width":86,"height":79,"caption":"Auditorium Parco della Musica Ennio Morricone"},"image":{"@id":"https://www.auditorium.com/it/#/schema/logo/image/"},"sameAs":["https://www.facebook.com/AuditoriumParcodellaMusica","https://x.com/auditoriumpdm","https://www.instagram.com/auditoriumparcodellamusica/"]}]}</script>
<!-- / Yoast SEO plugin. -->

Dal 14 gennaio al 27 maggio, all'Auditorium Parco della Musica di Roma, una lunga ricognizione in quella che è la musica di dei nostri giorni. Scopri di più.
