{"id":9693,"date":"2023-01-01T10:05:16","date_gmt":"2023-01-01T09:05:16","guid":{"rendered":"https:\/\/www.auditorium.com\/?post_type=productions&#038;p=9693"},"modified":"2023-06-28T10:10:17","modified_gmt":"2023-06-28T09:10:17","slug":"dall-ovunque-che-sei","status":"publish","type":"productions","link":"https:\/\/www.auditorium.com\/it\/productions\/dall-ovunque-che-sei\/","title":{"rendered":"Dall&#8217;ovunque che sei"},"content":{"rendered":"<p>\u201cDall\u2019Ovunque che sei\u201d \u00e8 il disco che testimonia l\u2019incontro tra due musicisti eclettici da sempre impegnati a spingersi oltre i confini della musica alla ricerca continua di nuovi spazi e significati sonori. Paolo Damiani, contrabbassista, violoncellista viene dal mondo del jazz nel cui ambito ha scritto pagine significative. Massimo Giuseppe Bianchi, pianista, incide per Decca ed \u00e8 noto nell\u2019ambito del concertismo classico come interprete di Bach e Godowsky. Cosa accomuna, al di l\u00e0 dell\u2019amicizia, due musicisti apparentemente cos\u00ec lontani?\u00a0La volont\u00e0 di abbracciare la musica in modi sempre inattesi non importa se una canzone di Dylan, un madrigale di Monteverdi, un tema aforistico di Monk o una loro composizione originale.\u00a0Il desiderio di divorziare dalla consuetudine delle conferme, di rinunciare all\u2019adozione di un linguaggio prestabilito per sposare l\u2019indeterminatezza di un approccio libero. Il tentativo costante di modificare la rosa dei venti e scegliere la musica sconosciuta. La \u2018loro\u2019 musica. Nei concerti del duo non vigono, infatti, leggi particolari se non questa, che i generi sono aboliti e il crocevia dei canoni \u00e8 sospeso. Il gioco \u00e8 una cosa serissima e qui la regola \u00e8 quella dell\u2019ascolto reciproco nella ricerca di un linguaggio che, giocando, sappia farsi racconto, emozione. Quella della musica sconosciuta, cos\u00ec pura da poterla bere.<\/p>\n","protected":false},"excerpt":{"rendered":"Il disco che testimonia l\u2019incontro tra due musicisti eclettici da sempre impegnati a spingersi oltre i confini della musica alla ricerca continua di nuovi spazi e significati sonori.","protected":false},"featured_media":9694,"template":"","meta":{"_acf_changed":false,"inline_featured_image":false},"production_categories":[],"class_list":["post-9693","productions","type-productions","status-publish","has-post-thumbnail","hentry"],"acf":[],"yoast_head":"<!-- This site is optimized with the Yoast SEO plugin v22.6 - https:\/\/yoast.com\/wordpress\/plugins\/seo\/ -->\n<title>Dall&#039;ovunque che sei | Auditorium Parco della Musica Ennio Morricone<\/title>\n<meta name=\"robots\" content=\"index, follow, max-snippet:-1, max-image-preview:large, max-video-preview:-1\" \/>\n<link rel=\"canonical\" href=\"https:\/\/www.auditorium.com\/it\/productions\/dall-ovunque-che-sei\/\" \/>\n<meta property=\"og:locale\" content=\"it_IT\" \/>\n<meta property=\"og:type\" content=\"article\" \/>\n<meta property=\"og:title\" content=\"Dall&#039;ovunque che sei | Auditorium Parco della Musica Ennio Morricone\" \/>\n<meta property=\"og:description\" content=\"Il disco che testimonia l\u2019incontro tra due musicisti eclettici da sempre impegnati a spingersi oltre i confini della musica alla ricerca continua di nuovi spazi e significati sonori.\" \/>\n<meta property=\"og:url\" content=\"https:\/\/www.auditorium.com\/it\/productions\/dall-ovunque-che-sei\/\" \/>\n<meta property=\"og:site_name\" content=\"Auditorium Parco della Musica Ennio Morricone\" \/>\n<meta property=\"article:publisher\" content=\"https:\/\/www.facebook.com\/AuditoriumParcodellaMusica\" \/>\n<meta property=\"article:modified_time\" content=\"2023-06-28T09:10:17+00:00\" \/>\n<meta property=\"og:image\" content=\"https:\/\/www.auditorium.com\/wp-content\/uploads\/2023\/06\/8052141490501-scaled.jpg\" \/>\n\t<meta property=\"og:image:width\" content=\"2560\" \/>\n\t<meta property=\"og:image:height\" content=\"2560\" \/>\n\t<meta property=\"og:image:type\" content=\"image\/jpeg\" \/>\n<meta name=\"twitter:card\" content=\"summary_large_image\" \/>\n<meta name=\"twitter:site\" content=\"@auditoriumpdm\" \/>\n<meta name=\"twitter:label1\" content=\"Tempo di lettura stimato\" \/>\n\t<meta name=\"twitter:data1\" content=\"2 minuti\" \/>\n<script type=\"application\/ld+json\" class=\"yoast-schema-graph\">{\"@context\":\"https:\/\/schema.org\",\"@graph\":[{\"@type\":\"WebPage\",\"@id\":\"https:\/\/www.auditorium.com\/it\/productions\/dall-ovunque-che-sei\/\",\"url\":\"https:\/\/www.auditorium.com\/it\/productions\/dall-ovunque-che-sei\/\",\"name\":\"Dall'ovunque che sei | Auditorium Parco della Musica Ennio Morricone\",\"isPartOf\":{\"@id\":\"https:\/\/www.auditorium.com\/it\/#website\"},\"primaryImageOfPage\":{\"@id\":\"https:\/\/www.auditorium.com\/it\/productions\/dall-ovunque-che-sei\/#primaryimage\"},\"image\":{\"@id\":\"https:\/\/www.auditorium.com\/it\/productions\/dall-ovunque-che-sei\/#primaryimage\"},\"thumbnailUrl\":\"https:\/\/www.auditorium.com\/wp-content\/uploads\/2023\/06\/8052141490501-scaled.jpg\",\"datePublished\":\"2023-01-01T09:05:16+00:00\",\"dateModified\":\"2023-06-28T09:10:17+00:00\",\"breadcrumb\":{\"@id\":\"https:\/\/www.auditorium.com\/it\/productions\/dall-ovunque-che-sei\/#breadcrumb\"},\"inLanguage\":\"it-IT\",\"potentialAction\":[{\"@type\":\"ReadAction\",\"target\":[\"https:\/\/www.auditorium.com\/it\/productions\/dall-ovunque-che-sei\/\"]}]},{\"@type\":\"ImageObject\",\"inLanguage\":\"it-IT\",\"@id\":\"https:\/\/www.auditorium.com\/it\/productions\/dall-ovunque-che-sei\/#primaryimage\",\"url\":\"https:\/\/www.auditorium.com\/wp-content\/uploads\/2023\/06\/8052141490501-scaled.jpg\",\"contentUrl\":\"https:\/\/www.auditorium.com\/wp-content\/uploads\/2023\/06\/8052141490501-scaled.jpg\",\"width\":2560,\"height\":2560},{\"@type\":\"BreadcrumbList\",\"@id\":\"https:\/\/www.auditorium.com\/it\/productions\/dall-ovunque-che-sei\/#breadcrumb\",\"itemListElement\":[{\"@type\":\"ListItem\",\"position\":1,\"name\":\"Home\",\"item\":\"https:\/\/www.auditorium.com\/it\/\"},{\"@type\":\"ListItem\",\"position\":2,\"name\":\"Produzioni\",\"item\":\"https:\/\/www.auditorium.com\/it\/productions\/\"},{\"@type\":\"ListItem\",\"position\":3,\"name\":\"Dall&#8217;ovunque che sei\"}]},{\"@type\":\"WebSite\",\"@id\":\"https:\/\/www.auditorium.com\/it\/#website\",\"url\":\"https:\/\/www.auditorium.com\/it\/\",\"name\":\"Auditorium Parco della Musica Ennio Morricone\",\"description\":\"Progettato da Renzo Piano, l&#039;Auditorium rappresenta una sofisticata architettura musicale e uno straordinario intervento di riqualificazione urbana.\",\"publisher\":{\"@id\":\"https:\/\/www.auditorium.com\/it\/#organization\"},\"potentialAction\":[{\"@type\":\"SearchAction\",\"target\":{\"@type\":\"EntryPoint\",\"urlTemplate\":\"https:\/\/www.auditorium.com\/it\/?s={search_term_string}\"},\"query-input\":\"required name=search_term_string\"}],\"inLanguage\":\"it-IT\"},{\"@type\":\"Organization\",\"@id\":\"https:\/\/www.auditorium.com\/it\/#organization\",\"name\":\"Auditorium Parco della Musica Ennio Morricone\",\"url\":\"https:\/\/www.auditorium.com\/it\/\",\"logo\":{\"@type\":\"ImageObject\",\"inLanguage\":\"it-IT\",\"@id\":\"https:\/\/www.auditorium.com\/it\/#\/schema\/logo\/image\/\",\"url\":\"https:\/\/www.auditorium.com\/wp-content\/uploads\/2022\/12\/logo-auditorium.svg\",\"contentUrl\":\"https:\/\/www.auditorium.com\/wp-content\/uploads\/2022\/12\/logo-auditorium.svg\",\"width\":86,\"height\":79,\"caption\":\"Auditorium Parco della Musica Ennio Morricone\"},\"image\":{\"@id\":\"https:\/\/www.auditorium.com\/it\/#\/schema\/logo\/image\/\"},\"sameAs\":[\"https:\/\/www.facebook.com\/AuditoriumParcodellaMusica\",\"https:\/\/x.com\/auditoriumpdm\",\"https:\/\/www.instagram.com\/auditoriumparcodellamusica\/\"]}]}<\/script>\n<!-- \/ Yoast SEO plugin. -->","yoast_head_json":{"title":"Dall'ovunque che sei | Auditorium Parco della Musica Ennio Morricone","robots":{"index":"index","follow":"follow","max-snippet":"max-snippet:-1","max-image-preview":"max-image-preview:large","max-video-preview":"max-video-preview:-1"},"canonical":"https:\/\/www.auditorium.com\/it\/productions\/dall-ovunque-che-sei\/","og_locale":"it_IT","og_type":"article","og_title":"Dall'ovunque che sei | Auditorium Parco della Musica Ennio Morricone","og_description":"Il disco che testimonia l\u2019incontro tra due musicisti eclettici da sempre impegnati a spingersi oltre i confini della musica alla ricerca continua di nuovi spazi e significati sonori.","og_url":"https:\/\/www.auditorium.com\/it\/productions\/dall-ovunque-che-sei\/","og_site_name":"Auditorium Parco della Musica Ennio Morricone","article_publisher":"https:\/\/www.facebook.com\/AuditoriumParcodellaMusica","article_modified_time":"2023-06-28T09:10:17+00:00","og_image":[{"width":2560,"height":2560,"url":"https:\/\/www.auditorium.com\/wp-content\/uploads\/2023\/06\/8052141490501-scaled.jpg","type":"image\/jpeg"}],"twitter_card":"summary_large_image","twitter_site":"@auditoriumpdm","twitter_misc":{"Tempo di lettura stimato":"2 minuti"},"schema":{"@context":"https:\/\/schema.org","@graph":[{"@type":"WebPage","@id":"https:\/\/www.auditorium.com\/it\/productions\/dall-ovunque-che-sei\/","url":"https:\/\/www.auditorium.com\/it\/productions\/dall-ovunque-che-sei\/","name":"Dall'ovunque che sei | Auditorium Parco della Musica Ennio Morricone","isPartOf":{"@id":"https:\/\/www.auditorium.com\/it\/#website"},"primaryImageOfPage":{"@id":"https:\/\/www.auditorium.com\/it\/productions\/dall-ovunque-che-sei\/#primaryimage"},"image":{"@id":"https:\/\/www.auditorium.com\/it\/productions\/dall-ovunque-che-sei\/#primaryimage"},"thumbnailUrl":"https:\/\/www.auditorium.com\/wp-content\/uploads\/2023\/06\/8052141490501-scaled.jpg","datePublished":"2023-01-01T09:05:16+00:00","dateModified":"2023-06-28T09:10:17+00:00","breadcrumb":{"@id":"https:\/\/www.auditorium.com\/it\/productions\/dall-ovunque-che-sei\/#breadcrumb"},"inLanguage":"it-IT","potentialAction":[{"@type":"ReadAction","target":["https:\/\/www.auditorium.com\/it\/productions\/dall-ovunque-che-sei\/"]}]},{"@type":"ImageObject","inLanguage":"it-IT","@id":"https:\/\/www.auditorium.com\/it\/productions\/dall-ovunque-che-sei\/#primaryimage","url":"https:\/\/www.auditorium.com\/wp-content\/uploads\/2023\/06\/8052141490501-scaled.jpg","contentUrl":"https:\/\/www.auditorium.com\/wp-content\/uploads\/2023\/06\/8052141490501-scaled.jpg","width":2560,"height":2560},{"@type":"BreadcrumbList","@id":"https:\/\/www.auditorium.com\/it\/productions\/dall-ovunque-che-sei\/#breadcrumb","itemListElement":[{"@type":"ListItem","position":1,"name":"Home","item":"https:\/\/www.auditorium.com\/it\/"},{"@type":"ListItem","position":2,"name":"Produzioni","item":"https:\/\/www.auditorium.com\/it\/productions\/"},{"@type":"ListItem","position":3,"name":"Dall&#8217;ovunque che sei"}]},{"@type":"WebSite","@id":"https:\/\/www.auditorium.com\/it\/#website","url":"https:\/\/www.auditorium.com\/it\/","name":"Auditorium Parco della Musica Ennio Morricone","description":"Progettato da Renzo Piano, l&#039;Auditorium rappresenta una sofisticata architettura musicale e uno straordinario intervento di riqualificazione urbana.","publisher":{"@id":"https:\/\/www.auditorium.com\/it\/#organization"},"potentialAction":[{"@type":"SearchAction","target":{"@type":"EntryPoint","urlTemplate":"https:\/\/www.auditorium.com\/it\/?s={search_term_string}"},"query-input":"required name=search_term_string"}],"inLanguage":"it-IT"},{"@type":"Organization","@id":"https:\/\/www.auditorium.com\/it\/#organization","name":"Auditorium Parco della Musica Ennio Morricone","url":"https:\/\/www.auditorium.com\/it\/","logo":{"@type":"ImageObject","inLanguage":"it-IT","@id":"https:\/\/www.auditorium.com\/it\/#\/schema\/logo\/image\/","url":"https:\/\/www.auditorium.com\/wp-content\/uploads\/2022\/12\/logo-auditorium.svg","contentUrl":"https:\/\/www.auditorium.com\/wp-content\/uploads\/2022\/12\/logo-auditorium.svg","width":86,"height":79,"caption":"Auditorium Parco della Musica Ennio Morricone"},"image":{"@id":"https:\/\/www.auditorium.com\/it\/#\/schema\/logo\/image\/"},"sameAs":["https:\/\/www.facebook.com\/AuditoriumParcodellaMusica","https:\/\/x.com\/auditoriumpdm","https:\/\/www.instagram.com\/auditoriumparcodellamusica\/"]}]}},"_links":{"self":[{"href":"https:\/\/www.auditorium.com\/it\/wp-json\/wp\/v2\/productions\/9693","targetHints":{"allow":["GET"]}}],"collection":[{"href":"https:\/\/www.auditorium.com\/it\/wp-json\/wp\/v2\/productions"}],"about":[{"href":"https:\/\/www.auditorium.com\/it\/wp-json\/wp\/v2\/types\/productions"}],"wp:featuredmedia":[{"embeddable":true,"href":"https:\/\/www.auditorium.com\/it\/wp-json\/wp\/v2\/media\/9694"}],"wp:attachment":[{"href":"https:\/\/www.auditorium.com\/it\/wp-json\/wp\/v2\/media?parent=9693"}],"wp:term":[{"taxonomy":"production_categories","embeddable":true,"href":"https:\/\/www.auditorium.com\/it\/wp-json\/wp\/v2\/production_categories?post=9693"}],"curies":[{"name":"wp","href":"https:\/\/api.w.org\/{rel}","templated":true}]}}

<p>“Dall’Ovunque che sei” è il disco che testimonia l’incontro tra due musicisti eclettici da sempre impegnati a spingersi oltre i confini della musica alla ricerca continua di nuovi spazi e significati sonori. Paolo Damiani, contrabbassista, violoncellista viene dal mondo del jazz nel cui ambito ha scritto pagine significative. Massimo Giuseppe Bianchi, pianista, incide per Decca ed è noto nell’ambito del concertismo classico come interprete di Bach e Godowsky. Cosa accomuna, al di là dell’amicizia, due musicisti apparentemente così lontani? La volontà di abbracciare la musica in modi sempre inattesi non importa se una canzone di Dylan, un madrigale di Monteverdi, un tema aforistico di Monk o una loro composizione originale. Il desiderio di divorziare dalla consuetudine delle conferme, di rinunciare all’adozione di un linguaggio prestabilito per sposare l’indeterminatezza di un approccio libero. Il tentativo costante di modificare la rosa dei venti e scegliere la musica sconosciuta. La ‘loro’ musica. Nei concerti del duo non vigono, infatti, leggi particolari se non questa, che i generi sono aboliti e il crocevia dei canoni è sospeso. Il gioco è una cosa serissima e qui la regola è quella dell’ascolto reciproco nella ricerca di un linguaggio che, giocando, sappia farsi racconto, emozione. Quella della musica sconosciuta, così pura da poterla bere.</p>
