{"id":6632,"date":"2023-04-14T10:26:27","date_gmt":"2023-04-14T09:26:27","guid":{"rendered":"https:\/\/www.auditorium.com\/?post_type=productions&#038;p=6632"},"modified":"2023-04-16T10:38:13","modified_gmt":"2023-04-16T09:38:13","slug":"una-sola-giornata","status":"publish","type":"productions","link":"https:\/\/www.auditorium.com\/it\/productions\/una-sola-giornata\/","title":{"rendered":"Una sola giornata"},"content":{"rendered":"<p>&#8220;Una sola giornata&#8221; \u00e8 il nuovo album di <strong>Sergio Cammariere<\/strong>.\u00a0Un disco prezioso e ispirato che contiene tredici tracce inedite nate dal felice sodalizio tra il pianoforte del cantautore e la penna di <strong>Roberto Kunstler<\/strong>. Canzoni che conducono l\u2019ascoltatore in un viaggio senza luogo e senza tempo, perch\u00e8 per definizione musica e poesia non conoscono confini.<\/p>\n<p>\u00c8 ancora una volta l\u2019amore a farla da padrone nel nuovo lavoro di <strong>Cammariere<\/strong>, ma il sentimento \u00e8 immerso in un contesto pi\u00f9 ampio, alla ricerca di una consapevolezza in cui il particolare tende all\u2019universale, tra suadenti note jazz e coinvolgenti ritmi latini. Questa affascinante indagine sui sentimenti si apre con &#8220;Una sola giornata&#8221;, brano che d\u00e0 il titolo all\u2019album e racconta gli incontri di una vita, le speranze e i sogni a volte infranti dall\u2019incedere del tempo. Ma anche di come, in realt\u00e0, tutta l\u2019esistenza sia riconducibile ad una sola giornata: il susseguirsi di quell\u2019eterno attimo che \u00e8 il presente. I rintocchi del tempo e il significato profondo dell\u2019amore si ritrovano anche nella dolce melodia di &#8220;Acqua nell\u2019acqua&#8221;, una delle canzoni pi\u00f9 suggestive della raccolta, che lascia il passo alla tenera dedica di &#8220;Qualcosa poi verr\u00e0&#8221; con la sua storia che non teme l\u2019eternit\u00e0, alla poesia malinconica di &#8220;E tu diventi pi\u00f9 vera&#8221;, fino all\u2019aria sognante di &#8220;Di te che ho bisogno&#8221;.<\/p>\n<p>Ma se la passione muove e d\u00e0 un senso alla vita di ognuno di noi, \u00e8 anche vero che pu\u00f2 duramente ferirci. Cos\u00ec Cammariere mette in musica lo smarrimento di un abbandono, il dolore di una separazione in &#8220;E puoi chiamarmi amore&#8221; e\u00a0&#8220;Se tu non mi amerai&#8221;, nelle atmosfere saudade di &#8220;Una carezza assente&#8221;, nei versi inquieti di &#8220;Valzer di Chimere&#8221;, nella speranza mai sopita di\u00a0&#8220;Come un fuoco mai spento&#8221;. \u00c8 invece frutto del lockdown\u00a0&#8220;I fiori parlano&#8221;, un tango scritto nei mesi della pandemia: nel silenzio surreale di quei giorni \u00e8 la natura a far sentire la sua voce mentre l\u2019uomo sembra soltanto una nota stonata nell\u2019universo, responsabile tra guerre e distruzione di aver dimenticato la sua unione con la Terra e quel fondamentale senso di appartenenza ad essa. A trascinare l\u2019ascolto verso atmosfere pi\u00f9 lievi ci pensa lo swing di &#8220;Colorado&#8221; con i suoi versi allegri e surreali, e ancora\u00a0&#8220;Regina del mio mondo&#8221;, un divertissement alla Buena vista social club che \u00e8 accompagnata dal videoclip scritto e diretto da <strong>Cosimo Damiano Damato<\/strong>.<\/p>\n","protected":false},"excerpt":{"rendered":"Un disco prezioso e ispirato che contiene tredici tracce inedite nate dal felice sodalizio tra il pianoforte del cantautore e la penna di Roberto Kunstler.","protected":false},"featured_media":6633,"template":"","meta":{"_acf_changed":false,"inline_featured_image":false},"production_categories":[99],"class_list":["post-6632","productions","type-productions","status-publish","has-post-thumbnail","hentry","production_categories-jazz"],"acf":[],"yoast_head":"<!-- This site is optimized with the Yoast SEO plugin v22.6 - https:\/\/yoast.com\/wordpress\/plugins\/seo\/ -->\n<title>Una sola giornata | Auditorium Parco della Musica Ennio Morricone<\/title>\n<meta name=\"description\" content=\"Un disco prezioso e ispirato che contiene tredici tracce inedite nate dal felice sodalizio tra il pianoforte del cantautore e la penna di Roberto Kunstler.\" \/>\n<meta name=\"robots\" content=\"index, follow, max-snippet:-1, max-image-preview:large, max-video-preview:-1\" \/>\n<link rel=\"canonical\" href=\"https:\/\/www.auditorium.com\/it\/productions\/una-sola-giornata\/\" \/>\n<meta property=\"og:locale\" content=\"it_IT\" \/>\n<meta property=\"og:type\" content=\"article\" \/>\n<meta property=\"og:title\" content=\"Una sola giornata | Auditorium Parco della Musica Ennio Morricone\" \/>\n<meta property=\"og:description\" content=\"Un disco prezioso e ispirato che contiene tredici tracce inedite nate dal felice sodalizio tra il pianoforte del cantautore e la penna di Roberto Kunstler.\" \/>\n<meta property=\"og:url\" content=\"https:\/\/www.auditorium.com\/it\/productions\/una-sola-giornata\/\" \/>\n<meta property=\"og:site_name\" content=\"Auditorium Parco della Musica Ennio Morricone\" \/>\n<meta property=\"article:publisher\" content=\"https:\/\/www.facebook.com\/AuditoriumParcodellaMusica\" \/>\n<meta property=\"article:modified_time\" content=\"2023-04-16T09:38:13+00:00\" \/>\n<meta property=\"og:image\" content=\"https:\/\/www.auditorium.com\/wp-content\/uploads\/2023\/04\/Sergio-Cammariere-700x394.png\" \/>\n\t<meta property=\"og:image:width\" content=\"700\" \/>\n\t<meta property=\"og:image:height\" content=\"394\" \/>\n\t<meta property=\"og:image:type\" content=\"image\/png\" \/>\n<meta name=\"twitter:card\" content=\"summary_large_image\" \/>\n<meta name=\"twitter:site\" content=\"@auditoriumpdm\" \/>\n<meta name=\"twitter:label1\" content=\"Tempo di lettura stimato\" \/>\n\t<meta name=\"twitter:data1\" content=\"3 minuti\" \/>\n<script type=\"application\/ld+json\" class=\"yoast-schema-graph\">{\"@context\":\"https:\/\/schema.org\",\"@graph\":[{\"@type\":\"WebPage\",\"@id\":\"https:\/\/www.auditorium.com\/it\/productions\/una-sola-giornata\/\",\"url\":\"https:\/\/www.auditorium.com\/it\/productions\/una-sola-giornata\/\",\"name\":\"Una sola giornata | Auditorium Parco della Musica Ennio Morricone\",\"isPartOf\":{\"@id\":\"https:\/\/www.auditorium.com\/it\/#website\"},\"primaryImageOfPage\":{\"@id\":\"https:\/\/www.auditorium.com\/it\/productions\/una-sola-giornata\/#primaryimage\"},\"image\":{\"@id\":\"https:\/\/www.auditorium.com\/it\/productions\/una-sola-giornata\/#primaryimage\"},\"thumbnailUrl\":\"https:\/\/www.auditorium.com\/wp-content\/uploads\/2023\/04\/Sergio-Cammariere.png\",\"datePublished\":\"2023-04-14T09:26:27+00:00\",\"dateModified\":\"2023-04-16T09:38:13+00:00\",\"description\":\"Un disco prezioso e ispirato che contiene tredici tracce inedite nate dal felice sodalizio tra il pianoforte del cantautore e la penna di Roberto Kunstler.\",\"breadcrumb\":{\"@id\":\"https:\/\/www.auditorium.com\/it\/productions\/una-sola-giornata\/#breadcrumb\"},\"inLanguage\":\"it-IT\",\"potentialAction\":[{\"@type\":\"ReadAction\",\"target\":[\"https:\/\/www.auditorium.com\/it\/productions\/una-sola-giornata\/\"]}]},{\"@type\":\"ImageObject\",\"inLanguage\":\"it-IT\",\"@id\":\"https:\/\/www.auditorium.com\/it\/productions\/una-sola-giornata\/#primaryimage\",\"url\":\"https:\/\/www.auditorium.com\/wp-content\/uploads\/2023\/04\/Sergio-Cammariere.png\",\"contentUrl\":\"https:\/\/www.auditorium.com\/wp-content\/uploads\/2023\/04\/Sergio-Cammariere.png\",\"width\":1920,\"height\":1080},{\"@type\":\"BreadcrumbList\",\"@id\":\"https:\/\/www.auditorium.com\/it\/productions\/una-sola-giornata\/#breadcrumb\",\"itemListElement\":[{\"@type\":\"ListItem\",\"position\":1,\"name\":\"Home\",\"item\":\"https:\/\/www.auditorium.com\/it\/\"},{\"@type\":\"ListItem\",\"position\":2,\"name\":\"Produzioni\",\"item\":\"https:\/\/www.auditorium.com\/it\/productions\/\"},{\"@type\":\"ListItem\",\"position\":3,\"name\":\"Una sola giornata\"}]},{\"@type\":\"WebSite\",\"@id\":\"https:\/\/www.auditorium.com\/it\/#website\",\"url\":\"https:\/\/www.auditorium.com\/it\/\",\"name\":\"Auditorium Parco della Musica Ennio Morricone\",\"description\":\"Progettato da Renzo Piano, l&#039;Auditorium rappresenta una sofisticata architettura musicale e uno straordinario intervento di riqualificazione urbana.\",\"publisher\":{\"@id\":\"https:\/\/www.auditorium.com\/it\/#organization\"},\"potentialAction\":[{\"@type\":\"SearchAction\",\"target\":{\"@type\":\"EntryPoint\",\"urlTemplate\":\"https:\/\/www.auditorium.com\/it\/?s={search_term_string}\"},\"query-input\":\"required name=search_term_string\"}],\"inLanguage\":\"it-IT\"},{\"@type\":\"Organization\",\"@id\":\"https:\/\/www.auditorium.com\/it\/#organization\",\"name\":\"Auditorium Parco della Musica Ennio Morricone\",\"url\":\"https:\/\/www.auditorium.com\/it\/\",\"logo\":{\"@type\":\"ImageObject\",\"inLanguage\":\"it-IT\",\"@id\":\"https:\/\/www.auditorium.com\/it\/#\/schema\/logo\/image\/\",\"url\":\"https:\/\/www.auditorium.com\/wp-content\/uploads\/2022\/12\/logo-auditorium.svg\",\"contentUrl\":\"https:\/\/www.auditorium.com\/wp-content\/uploads\/2022\/12\/logo-auditorium.svg\",\"width\":86,\"height\":79,\"caption\":\"Auditorium Parco della Musica Ennio Morricone\"},\"image\":{\"@id\":\"https:\/\/www.auditorium.com\/it\/#\/schema\/logo\/image\/\"},\"sameAs\":[\"https:\/\/www.facebook.com\/AuditoriumParcodellaMusica\",\"https:\/\/x.com\/auditoriumpdm\",\"https:\/\/www.instagram.com\/auditoriumparcodellamusica\/\"]}]}<\/script>\n<!-- \/ Yoast SEO plugin. -->","yoast_head_json":{"title":"Una sola giornata | Auditorium Parco della Musica Ennio Morricone","description":"Un disco prezioso e ispirato che contiene tredici tracce inedite nate dal felice sodalizio tra il pianoforte del cantautore e la penna di Roberto Kunstler.","robots":{"index":"index","follow":"follow","max-snippet":"max-snippet:-1","max-image-preview":"max-image-preview:large","max-video-preview":"max-video-preview:-1"},"canonical":"https:\/\/www.auditorium.com\/it\/productions\/una-sola-giornata\/","og_locale":"it_IT","og_type":"article","og_title":"Una sola giornata | Auditorium Parco della Musica Ennio Morricone","og_description":"Un disco prezioso e ispirato che contiene tredici tracce inedite nate dal felice sodalizio tra il pianoforte del cantautore e la penna di Roberto Kunstler.","og_url":"https:\/\/www.auditorium.com\/it\/productions\/una-sola-giornata\/","og_site_name":"Auditorium Parco della Musica Ennio Morricone","article_publisher":"https:\/\/www.facebook.com\/AuditoriumParcodellaMusica","article_modified_time":"2023-04-16T09:38:13+00:00","og_image":[{"width":700,"height":394,"url":"https:\/\/www.auditorium.com\/wp-content\/uploads\/2023\/04\/Sergio-Cammariere-700x394.png","type":"image\/png"}],"twitter_card":"summary_large_image","twitter_site":"@auditoriumpdm","twitter_misc":{"Tempo di lettura stimato":"3 minuti"},"schema":{"@context":"https:\/\/schema.org","@graph":[{"@type":"WebPage","@id":"https:\/\/www.auditorium.com\/it\/productions\/una-sola-giornata\/","url":"https:\/\/www.auditorium.com\/it\/productions\/una-sola-giornata\/","name":"Una sola giornata | Auditorium Parco della Musica Ennio Morricone","isPartOf":{"@id":"https:\/\/www.auditorium.com\/it\/#website"},"primaryImageOfPage":{"@id":"https:\/\/www.auditorium.com\/it\/productions\/una-sola-giornata\/#primaryimage"},"image":{"@id":"https:\/\/www.auditorium.com\/it\/productions\/una-sola-giornata\/#primaryimage"},"thumbnailUrl":"https:\/\/www.auditorium.com\/wp-content\/uploads\/2023\/04\/Sergio-Cammariere.png","datePublished":"2023-04-14T09:26:27+00:00","dateModified":"2023-04-16T09:38:13+00:00","description":"Un disco prezioso e ispirato che contiene tredici tracce inedite nate dal felice sodalizio tra il pianoforte del cantautore e la penna di Roberto Kunstler.","breadcrumb":{"@id":"https:\/\/www.auditorium.com\/it\/productions\/una-sola-giornata\/#breadcrumb"},"inLanguage":"it-IT","potentialAction":[{"@type":"ReadAction","target":["https:\/\/www.auditorium.com\/it\/productions\/una-sola-giornata\/"]}]},{"@type":"ImageObject","inLanguage":"it-IT","@id":"https:\/\/www.auditorium.com\/it\/productions\/una-sola-giornata\/#primaryimage","url":"https:\/\/www.auditorium.com\/wp-content\/uploads\/2023\/04\/Sergio-Cammariere.png","contentUrl":"https:\/\/www.auditorium.com\/wp-content\/uploads\/2023\/04\/Sergio-Cammariere.png","width":1920,"height":1080},{"@type":"BreadcrumbList","@id":"https:\/\/www.auditorium.com\/it\/productions\/una-sola-giornata\/#breadcrumb","itemListElement":[{"@type":"ListItem","position":1,"name":"Home","item":"https:\/\/www.auditorium.com\/it\/"},{"@type":"ListItem","position":2,"name":"Produzioni","item":"https:\/\/www.auditorium.com\/it\/productions\/"},{"@type":"ListItem","position":3,"name":"Una sola giornata"}]},{"@type":"WebSite","@id":"https:\/\/www.auditorium.com\/it\/#website","url":"https:\/\/www.auditorium.com\/it\/","name":"Auditorium Parco della Musica Ennio Morricone","description":"Progettato da Renzo Piano, l&#039;Auditorium rappresenta una sofisticata architettura musicale e uno straordinario intervento di riqualificazione urbana.","publisher":{"@id":"https:\/\/www.auditorium.com\/it\/#organization"},"potentialAction":[{"@type":"SearchAction","target":{"@type":"EntryPoint","urlTemplate":"https:\/\/www.auditorium.com\/it\/?s={search_term_string}"},"query-input":"required name=search_term_string"}],"inLanguage":"it-IT"},{"@type":"Organization","@id":"https:\/\/www.auditorium.com\/it\/#organization","name":"Auditorium Parco della Musica Ennio Morricone","url":"https:\/\/www.auditorium.com\/it\/","logo":{"@type":"ImageObject","inLanguage":"it-IT","@id":"https:\/\/www.auditorium.com\/it\/#\/schema\/logo\/image\/","url":"https:\/\/www.auditorium.com\/wp-content\/uploads\/2022\/12\/logo-auditorium.svg","contentUrl":"https:\/\/www.auditorium.com\/wp-content\/uploads\/2022\/12\/logo-auditorium.svg","width":86,"height":79,"caption":"Auditorium Parco della Musica Ennio Morricone"},"image":{"@id":"https:\/\/www.auditorium.com\/it\/#\/schema\/logo\/image\/"},"sameAs":["https:\/\/www.facebook.com\/AuditoriumParcodellaMusica","https:\/\/x.com\/auditoriumpdm","https:\/\/www.instagram.com\/auditoriumparcodellamusica\/"]}]}},"_links":{"self":[{"href":"https:\/\/www.auditorium.com\/it\/wp-json\/wp\/v2\/productions\/6632","targetHints":{"allow":["GET"]}}],"collection":[{"href":"https:\/\/www.auditorium.com\/it\/wp-json\/wp\/v2\/productions"}],"about":[{"href":"https:\/\/www.auditorium.com\/it\/wp-json\/wp\/v2\/types\/productions"}],"wp:featuredmedia":[{"embeddable":true,"href":"https:\/\/www.auditorium.com\/it\/wp-json\/wp\/v2\/media\/6633"}],"wp:attachment":[{"href":"https:\/\/www.auditorium.com\/it\/wp-json\/wp\/v2\/media?parent=6632"}],"wp:term":[{"taxonomy":"production_categories","embeddable":true,"href":"https:\/\/www.auditorium.com\/it\/wp-json\/wp\/v2\/production_categories?post=6632"}],"curies":[{"name":"wp","href":"https:\/\/api.w.org\/{rel}","templated":true}]}}

<p>&#8220;Una sola giornata&#8221; è il nuovo album di <strong>Sergio Cammariere</strong>. Un disco prezioso e ispirato che contiene tredici tracce inedite nate dal felice sodalizio tra il pianoforte del cantautore e la penna di <strong>Roberto Kunstler</strong>. Canzoni che conducono l’ascoltatore in un viaggio senza luogo e senza tempo, perchè per definizione musica e poesia non conoscono confini.</p>
<p>È ancora una volta l’amore a farla da padrone nel nuovo lavoro di <strong>Cammariere</strong>, ma il sentimento è immerso in un contesto più ampio, alla ricerca di una consapevolezza in cui il particolare tende all’universale, tra suadenti note jazz e coinvolgenti ritmi latini. Questa affascinante indagine sui sentimenti si apre con &#8220;Una sola giornata&#8221;, brano che dà il titolo all’album e racconta gli incontri di una vita, le speranze e i sogni a volte infranti dall’incedere del tempo. Ma anche di come, in realtà, tutta l’esistenza sia riconducibile ad una sola giornata: il susseguirsi di quell’eterno attimo che è il presente. I rintocchi del tempo e il significato profondo dell’amore si ritrovano anche nella dolce melodia di &#8220;Acqua nell’acqua&#8221;, una delle canzoni più suggestive della raccolta, che lascia il passo alla tenera dedica di &#8220;Qualcosa poi verrà&#8221; con la sua storia che non teme l’eternità, alla poesia malinconica di &#8220;E tu diventi più vera&#8221;, fino all’aria sognante di &#8220;Di te che ho bisogno&#8221;.</p>
<p>Ma se la passione muove e dà un senso alla vita di ognuno di noi, è anche vero che può duramente ferirci. Così Cammariere mette in musica lo smarrimento di un abbandono, il dolore di una separazione in &#8220;E puoi chiamarmi amore&#8221; e &#8220;Se tu non mi amerai&#8221;, nelle atmosfere saudade di &#8220;Una carezza assente&#8221;, nei versi inquieti di &#8220;Valzer di Chimere&#8221;, nella speranza mai sopita di &#8220;Come un fuoco mai spento&#8221;. È invece frutto del lockdown &#8220;I fiori parlano&#8221;, un tango scritto nei mesi della pandemia: nel silenzio surreale di quei giorni è la natura a far sentire la sua voce mentre l’uomo sembra soltanto una nota stonata nell’universo, responsabile tra guerre e distruzione di aver dimenticato la sua unione con la Terra e quel fondamentale senso di appartenenza ad essa. A trascinare l’ascolto verso atmosfere più lievi ci pensa lo swing di &#8220;Colorado&#8221; con i suoi versi allegri e surreali, e ancora &#8220;Regina del mio mondo&#8221;, un divertissement alla Buena vista social club che è accompagnata dal videoclip scritto e diretto da <strong>Cosimo Damiano Damato</strong>.</p>
