{"id":42284,"date":"2025-10-07T10:53:20","date_gmt":"2025-10-07T08:53:20","guid":{"rendered":"https:\/\/www.auditorium.com\/?post_type=productions&#038;p=42284"},"modified":"2025-10-07T11:03:48","modified_gmt":"2025-10-07T09:03:48","slug":"riccardo-fassi-tankio-band-with-antonello-salis","status":"publish","type":"productions","link":"https:\/\/www.auditorium.com\/it\/productions\/riccardo-fassi-tankio-band-with-antonello-salis\/","title":{"rendered":"Cum Grano Salis"},"content":{"rendered":"<p>Questo nuovo progetto di Riccardo Fassi, con le composizioni di Salis arrangiate per orchestra, mira a presentare un mondo musicale inedito e vibrante in una veste completamente nuova. Le composizioni di Salis sembrano amplificarsi e ampliarsi attraverso un&#8217;interpretazione che attira l&#8217;attenzione del pubblico sulla profondit\u00e0 di un compositore originale e unico. Salis \u00e8 un vero improvvisatore, che si esibisce spesso da solo, in duo o in piccoli gruppi, quindi ascoltare la sua musica e il suo mondo musicale in questo arrangiamento orchestrale \u00e8 al tempo stesso insolito e sorprendente.<\/p>\n<p>Con questo lavoro, Riccardo Fassi mira ad approfondire il lungo rapporto di collaborazione che ha avuto con Salis, aggiungendo un nuovo capitolo alle loro numerose esperienze passate. Tra queste, il duo di tastiere, i contributi agli album della Tankio Band Notte, Tankio Band Plays Frank Zappa e Serial Killer, cos\u00ec come il secondo album tributo a Zappa, The Return of the Fat Chicken, e la colonna sonora del film Belleville-Vite in Sospeso di Marco Turco.<\/p>\n<p>Anche Sandro Satta \u00e8 presente in orchestra. Collabora con Salis da moltissimo tempo e sar\u00e0 un altro punto importante attorno al quale ruoter\u00e0 il \u201cracconto sonoro\u201d.<\/p>\n<p>Un viaggio, dunque, attraverso i molteplici paesaggi e colori musicali che Antonello porta dentro di s\u00e9, mai espressi prima in un contesto orchestrale. Completano il programma due composizioni di Riccardo Fassi dedicate a Salis: Random Sequencer, concepito come concerto per pianoforte e orchestra, in cui Salis esegue una cadenza solistica al centro del brano, e Gare De Lyon, brano dalle tinte mediterranee che ricorre frequentemente nelle esecuzioni in duo\/quartetto di Salis e Fassi.<\/p>\n<p><em>&#8220;Eseguire le composizioni di Salis con un ensemble numeroso \u00e8 quindi una scoperta e un&#8217;avventura che la Tankio Band affronta con entusiasmo e passione, offrendo al pubblico una nuova esperienza sonora incentrata su uno dei musicisti pi\u00f9 amati della scena jazz europea e internazionale.&#8221; &#8211;\u00a0Riccardo Fassi<\/em><\/p>\n<p><em>&#8220;Le mie composizioni hanno preso vita e sono cresciute indossando una canottiera, pantaloncini corti, infradito, nude. Il mio amico Riccardo Fassi, sarto d&#8217;eccellenza, ha confezionato un abito su misura per ogni &#8220;traccia&#8221; accessoria.&#8221; &#8211;\u00a0Antonello Salis<\/em><\/p>\n","protected":false},"excerpt":{"rendered":"Questo nuovo progetto di Riccardo Fassi, con le composizioni di Salis arrangiate per orchestra, mira a presentare un mondo musicale inedito e vibrante in una veste completamente nuova. Le composizioni di Salis sembrano amplificarsi e ampliarsi attraverso un&#8217;interpretazione che attira l&#8217;attenzione del pubblico sulla profondit\u00e0 di un compositore originale e unico. Salis \u00e8 un vero [&hellip;]","protected":false},"featured_media":42285,"template":"","meta":{"_acf_changed":false,"inline_featured_image":false},"production_categories":[],"class_list":["post-42284","productions","type-productions","status-publish","has-post-thumbnail","hentry"],"acf":[],"yoast_head":"<!-- This site is optimized with the Yoast SEO plugin v22.6 - https:\/\/yoast.com\/wordpress\/plugins\/seo\/ -->\n<title>Cum Grano Salis | Auditorium Parco della Musica Ennio Morricone<\/title>\n<meta name=\"robots\" content=\"index, follow, max-snippet:-1, max-image-preview:large, max-video-preview:-1\" \/>\n<link rel=\"canonical\" href=\"https:\/\/www.auditorium.com\/it\/productions\/riccardo-fassi-tankio-band-with-antonello-salis\/\" \/>\n<meta property=\"og:locale\" content=\"it_IT\" \/>\n<meta property=\"og:type\" content=\"article\" \/>\n<meta property=\"og:title\" content=\"Cum Grano Salis | Auditorium Parco della Musica Ennio Morricone\" \/>\n<meta property=\"og:description\" content=\"Questo nuovo progetto di Riccardo Fassi, con le composizioni di Salis arrangiate per orchestra, mira a presentare un mondo musicale inedito e vibrante in una veste completamente nuova. Le composizioni di Salis sembrano amplificarsi e ampliarsi attraverso un&#8217;interpretazione che attira l&#8217;attenzione del pubblico sulla profondit\u00e0 di un compositore originale e unico. Salis \u00e8 un vero [&hellip;]\" \/>\n<meta property=\"og:url\" content=\"https:\/\/www.auditorium.com\/it\/productions\/riccardo-fassi-tankio-band-with-antonello-salis\/\" \/>\n<meta property=\"og:site_name\" content=\"Auditorium Parco della Musica Ennio Morricone\" \/>\n<meta property=\"article:publisher\" content=\"https:\/\/www.facebook.com\/AuditoriumParcodellaMusica\" \/>\n<meta property=\"article:modified_time\" content=\"2025-10-07T09:03:48+00:00\" \/>\n<meta property=\"og:image\" content=\"https:\/\/www.auditorium.com\/wp-content\/uploads\/2025\/10\/2G5A7533-copia-scaled.jpg\" \/>\n\t<meta property=\"og:image:width\" content=\"2560\" \/>\n\t<meta property=\"og:image:height\" content=\"2560\" \/>\n\t<meta property=\"og:image:type\" content=\"image\/jpeg\" \/>\n<meta name=\"twitter:card\" content=\"summary_large_image\" \/>\n<meta name=\"twitter:site\" content=\"@auditoriumpdm\" \/>\n<meta name=\"twitter:label1\" content=\"Tempo di lettura stimato\" \/>\n\t<meta name=\"twitter:data1\" content=\"3 minuti\" \/>\n<script type=\"application\/ld+json\" class=\"yoast-schema-graph\">{\"@context\":\"https:\/\/schema.org\",\"@graph\":[{\"@type\":\"WebPage\",\"@id\":\"https:\/\/www.auditorium.com\/it\/productions\/riccardo-fassi-tankio-band-with-antonello-salis\/\",\"url\":\"https:\/\/www.auditorium.com\/it\/productions\/riccardo-fassi-tankio-band-with-antonello-salis\/\",\"name\":\"Cum Grano Salis | Auditorium Parco della Musica Ennio Morricone\",\"isPartOf\":{\"@id\":\"https:\/\/www.auditorium.com\/it\/#website\"},\"primaryImageOfPage\":{\"@id\":\"https:\/\/www.auditorium.com\/it\/productions\/riccardo-fassi-tankio-band-with-antonello-salis\/#primaryimage\"},\"image\":{\"@id\":\"https:\/\/www.auditorium.com\/it\/productions\/riccardo-fassi-tankio-band-with-antonello-salis\/#primaryimage\"},\"thumbnailUrl\":\"https:\/\/www.auditorium.com\/wp-content\/uploads\/2025\/10\/2G5A7533-copia-scaled.jpg\",\"datePublished\":\"2025-10-07T08:53:20+00:00\",\"dateModified\":\"2025-10-07T09:03:48+00:00\",\"breadcrumb\":{\"@id\":\"https:\/\/www.auditorium.com\/it\/productions\/riccardo-fassi-tankio-band-with-antonello-salis\/#breadcrumb\"},\"inLanguage\":\"it-IT\",\"potentialAction\":[{\"@type\":\"ReadAction\",\"target\":[\"https:\/\/www.auditorium.com\/it\/productions\/riccardo-fassi-tankio-band-with-antonello-salis\/\"]}]},{\"@type\":\"ImageObject\",\"inLanguage\":\"it-IT\",\"@id\":\"https:\/\/www.auditorium.com\/it\/productions\/riccardo-fassi-tankio-band-with-antonello-salis\/#primaryimage\",\"url\":\"https:\/\/www.auditorium.com\/wp-content\/uploads\/2025\/10\/2G5A7533-copia-scaled.jpg\",\"contentUrl\":\"https:\/\/www.auditorium.com\/wp-content\/uploads\/2025\/10\/2G5A7533-copia-scaled.jpg\",\"width\":2560,\"height\":2560},{\"@type\":\"BreadcrumbList\",\"@id\":\"https:\/\/www.auditorium.com\/it\/productions\/riccardo-fassi-tankio-band-with-antonello-salis\/#breadcrumb\",\"itemListElement\":[{\"@type\":\"ListItem\",\"position\":1,\"name\":\"Home\",\"item\":\"https:\/\/www.auditorium.com\/it\/\"},{\"@type\":\"ListItem\",\"position\":2,\"name\":\"Produzioni\",\"item\":\"https:\/\/www.auditorium.com\/it\/productions\/\"},{\"@type\":\"ListItem\",\"position\":3,\"name\":\"Cum Grano Salis\"}]},{\"@type\":\"WebSite\",\"@id\":\"https:\/\/www.auditorium.com\/it\/#website\",\"url\":\"https:\/\/www.auditorium.com\/it\/\",\"name\":\"Auditorium Parco della Musica Ennio Morricone\",\"description\":\"Progettato da Renzo Piano, l&#039;Auditorium rappresenta una sofisticata architettura musicale e uno straordinario intervento di riqualificazione urbana.\",\"publisher\":{\"@id\":\"https:\/\/www.auditorium.com\/it\/#organization\"},\"potentialAction\":[{\"@type\":\"SearchAction\",\"target\":{\"@type\":\"EntryPoint\",\"urlTemplate\":\"https:\/\/www.auditorium.com\/it\/?s={search_term_string}\"},\"query-input\":\"required name=search_term_string\"}],\"inLanguage\":\"it-IT\"},{\"@type\":\"Organization\",\"@id\":\"https:\/\/www.auditorium.com\/it\/#organization\",\"name\":\"Auditorium Parco della Musica Ennio Morricone\",\"url\":\"https:\/\/www.auditorium.com\/it\/\",\"logo\":{\"@type\":\"ImageObject\",\"inLanguage\":\"it-IT\",\"@id\":\"https:\/\/www.auditorium.com\/it\/#\/schema\/logo\/image\/\",\"url\":\"https:\/\/www.auditorium.com\/wp-content\/uploads\/2022\/12\/logo-auditorium.svg\",\"contentUrl\":\"https:\/\/www.auditorium.com\/wp-content\/uploads\/2022\/12\/logo-auditorium.svg\",\"width\":86,\"height\":79,\"caption\":\"Auditorium Parco della Musica Ennio Morricone\"},\"image\":{\"@id\":\"https:\/\/www.auditorium.com\/it\/#\/schema\/logo\/image\/\"},\"sameAs\":[\"https:\/\/www.facebook.com\/AuditoriumParcodellaMusica\",\"https:\/\/x.com\/auditoriumpdm\",\"https:\/\/www.instagram.com\/auditoriumparcodellamusica\/\"]}]}<\/script>\n<!-- \/ Yoast SEO plugin. -->","yoast_head_json":{"title":"Cum Grano Salis | Auditorium Parco della Musica Ennio Morricone","robots":{"index":"index","follow":"follow","max-snippet":"max-snippet:-1","max-image-preview":"max-image-preview:large","max-video-preview":"max-video-preview:-1"},"canonical":"https:\/\/www.auditorium.com\/it\/productions\/riccardo-fassi-tankio-band-with-antonello-salis\/","og_locale":"it_IT","og_type":"article","og_title":"Cum Grano Salis | Auditorium Parco della Musica Ennio Morricone","og_description":"Questo nuovo progetto di Riccardo Fassi, con le composizioni di Salis arrangiate per orchestra, mira a presentare un mondo musicale inedito e vibrante in una veste completamente nuova. Le composizioni di Salis sembrano amplificarsi e ampliarsi attraverso un&#8217;interpretazione che attira l&#8217;attenzione del pubblico sulla profondit\u00e0 di un compositore originale e unico. Salis \u00e8 un vero [&hellip;]","og_url":"https:\/\/www.auditorium.com\/it\/productions\/riccardo-fassi-tankio-band-with-antonello-salis\/","og_site_name":"Auditorium Parco della Musica Ennio Morricone","article_publisher":"https:\/\/www.facebook.com\/AuditoriumParcodellaMusica","article_modified_time":"2025-10-07T09:03:48+00:00","og_image":[{"width":2560,"height":2560,"url":"https:\/\/www.auditorium.com\/wp-content\/uploads\/2025\/10\/2G5A7533-copia-scaled.jpg","type":"image\/jpeg"}],"twitter_card":"summary_large_image","twitter_site":"@auditoriumpdm","twitter_misc":{"Tempo di lettura stimato":"3 minuti"},"schema":{"@context":"https:\/\/schema.org","@graph":[{"@type":"WebPage","@id":"https:\/\/www.auditorium.com\/it\/productions\/riccardo-fassi-tankio-band-with-antonello-salis\/","url":"https:\/\/www.auditorium.com\/it\/productions\/riccardo-fassi-tankio-band-with-antonello-salis\/","name":"Cum Grano Salis | Auditorium Parco della Musica Ennio Morricone","isPartOf":{"@id":"https:\/\/www.auditorium.com\/it\/#website"},"primaryImageOfPage":{"@id":"https:\/\/www.auditorium.com\/it\/productions\/riccardo-fassi-tankio-band-with-antonello-salis\/#primaryimage"},"image":{"@id":"https:\/\/www.auditorium.com\/it\/productions\/riccardo-fassi-tankio-band-with-antonello-salis\/#primaryimage"},"thumbnailUrl":"https:\/\/www.auditorium.com\/wp-content\/uploads\/2025\/10\/2G5A7533-copia-scaled.jpg","datePublished":"2025-10-07T08:53:20+00:00","dateModified":"2025-10-07T09:03:48+00:00","breadcrumb":{"@id":"https:\/\/www.auditorium.com\/it\/productions\/riccardo-fassi-tankio-band-with-antonello-salis\/#breadcrumb"},"inLanguage":"it-IT","potentialAction":[{"@type":"ReadAction","target":["https:\/\/www.auditorium.com\/it\/productions\/riccardo-fassi-tankio-band-with-antonello-salis\/"]}]},{"@type":"ImageObject","inLanguage":"it-IT","@id":"https:\/\/www.auditorium.com\/it\/productions\/riccardo-fassi-tankio-band-with-antonello-salis\/#primaryimage","url":"https:\/\/www.auditorium.com\/wp-content\/uploads\/2025\/10\/2G5A7533-copia-scaled.jpg","contentUrl":"https:\/\/www.auditorium.com\/wp-content\/uploads\/2025\/10\/2G5A7533-copia-scaled.jpg","width":2560,"height":2560},{"@type":"BreadcrumbList","@id":"https:\/\/www.auditorium.com\/it\/productions\/riccardo-fassi-tankio-band-with-antonello-salis\/#breadcrumb","itemListElement":[{"@type":"ListItem","position":1,"name":"Home","item":"https:\/\/www.auditorium.com\/it\/"},{"@type":"ListItem","position":2,"name":"Produzioni","item":"https:\/\/www.auditorium.com\/it\/productions\/"},{"@type":"ListItem","position":3,"name":"Cum Grano Salis"}]},{"@type":"WebSite","@id":"https:\/\/www.auditorium.com\/it\/#website","url":"https:\/\/www.auditorium.com\/it\/","name":"Auditorium Parco della Musica Ennio Morricone","description":"Progettato da Renzo Piano, l&#039;Auditorium rappresenta una sofisticata architettura musicale e uno straordinario intervento di riqualificazione urbana.","publisher":{"@id":"https:\/\/www.auditorium.com\/it\/#organization"},"potentialAction":[{"@type":"SearchAction","target":{"@type":"EntryPoint","urlTemplate":"https:\/\/www.auditorium.com\/it\/?s={search_term_string}"},"query-input":"required name=search_term_string"}],"inLanguage":"it-IT"},{"@type":"Organization","@id":"https:\/\/www.auditorium.com\/it\/#organization","name":"Auditorium Parco della Musica Ennio Morricone","url":"https:\/\/www.auditorium.com\/it\/","logo":{"@type":"ImageObject","inLanguage":"it-IT","@id":"https:\/\/www.auditorium.com\/it\/#\/schema\/logo\/image\/","url":"https:\/\/www.auditorium.com\/wp-content\/uploads\/2022\/12\/logo-auditorium.svg","contentUrl":"https:\/\/www.auditorium.com\/wp-content\/uploads\/2022\/12\/logo-auditorium.svg","width":86,"height":79,"caption":"Auditorium Parco della Musica Ennio Morricone"},"image":{"@id":"https:\/\/www.auditorium.com\/it\/#\/schema\/logo\/image\/"},"sameAs":["https:\/\/www.facebook.com\/AuditoriumParcodellaMusica","https:\/\/x.com\/auditoriumpdm","https:\/\/www.instagram.com\/auditoriumparcodellamusica\/"]}]}},"_links":{"self":[{"href":"https:\/\/www.auditorium.com\/it\/wp-json\/wp\/v2\/productions\/42284","targetHints":{"allow":["GET"]}}],"collection":[{"href":"https:\/\/www.auditorium.com\/it\/wp-json\/wp\/v2\/productions"}],"about":[{"href":"https:\/\/www.auditorium.com\/it\/wp-json\/wp\/v2\/types\/productions"}],"wp:featuredmedia":[{"embeddable":true,"href":"https:\/\/www.auditorium.com\/it\/wp-json\/wp\/v2\/media\/42285"}],"wp:attachment":[{"href":"https:\/\/www.auditorium.com\/it\/wp-json\/wp\/v2\/media?parent=42284"}],"wp:term":[{"taxonomy":"production_categories","embeddable":true,"href":"https:\/\/www.auditorium.com\/it\/wp-json\/wp\/v2\/production_categories?post=42284"}],"curies":[{"name":"wp","href":"https:\/\/api.w.org\/{rel}","templated":true}]}}

<p>Questo nuovo progetto di Riccardo Fassi, con le composizioni di Salis arrangiate per orchestra, mira a presentare un mondo musicale inedito e vibrante in una veste completamente nuova. Le composizioni di Salis sembrano amplificarsi e ampliarsi attraverso un&#8217;interpretazione che attira l&#8217;attenzione del pubblico sulla profondità di un compositore originale e unico. Salis è un vero improvvisatore, che si esibisce spesso da solo, in duo o in piccoli gruppi, quindi ascoltare la sua musica e il suo mondo musicale in questo arrangiamento orchestrale è al tempo stesso insolito e sorprendente.</p>
<p>Con questo lavoro, Riccardo Fassi mira ad approfondire il lungo rapporto di collaborazione che ha avuto con Salis, aggiungendo un nuovo capitolo alle loro numerose esperienze passate. Tra queste, il duo di tastiere, i contributi agli album della Tankio Band Notte, Tankio Band Plays Frank Zappa e Serial Killer, così come il secondo album tributo a Zappa, The Return of the Fat Chicken, e la colonna sonora del film Belleville-Vite in Sospeso di Marco Turco.</p>
<p>Anche Sandro Satta è presente in orchestra. Collabora con Salis da moltissimo tempo e sarà un altro punto importante attorno al quale ruoterà il “racconto sonoro”.</p>
<p>Un viaggio, dunque, attraverso i molteplici paesaggi e colori musicali che Antonello porta dentro di sé, mai espressi prima in un contesto orchestrale. Completano il programma due composizioni di Riccardo Fassi dedicate a Salis: Random Sequencer, concepito come concerto per pianoforte e orchestra, in cui Salis esegue una cadenza solistica al centro del brano, e Gare De Lyon, brano dalle tinte mediterranee che ricorre frequentemente nelle esecuzioni in duo/quartetto di Salis e Fassi.</p>
<p><em>&#8220;Eseguire le composizioni di Salis con un ensemble numeroso è quindi una scoperta e un&#8217;avventura che la Tankio Band affronta con entusiasmo e passione, offrendo al pubblico una nuova esperienza sonora incentrata su uno dei musicisti più amati della scena jazz europea e internazionale.&#8221; &#8211; Riccardo Fassi</em></p>
<p><em>&#8220;Le mie composizioni hanno preso vita e sono cresciute indossando una canottiera, pantaloncini corti, infradito, nude. Il mio amico Riccardo Fassi, sarto d&#8217;eccellenza, ha confezionato un abito su misura per ogni &#8220;traccia&#8221; accessoria.&#8221; &#8211; Antonello Salis</em></p>

Questo nuovo progetto di Riccardo Fassi, con le composizioni di Salis arrangiate per orchestra, mira a presentare un mondo musicale inedito e vibrante in una veste completamente nuova. Le composizioni di Salis sembrano amplificarsi e ampliarsi attraverso un&#8217;interpretazione che attira l&#8217;attenzione del pubblico sulla profondità di un compositore originale e unico. Salis è un vero [&hellip;]

<!-- This site is optimized with the Yoast SEO plugin v22.6 - https://yoast.com/wordpress/plugins/seo/ -->
<title>Cum Grano Salis | Auditorium Parco della Musica Ennio Morricone</title>
<meta name="robots" content="index, follow, max-snippet:-1, max-image-preview:large, max-video-preview:-1" />
<link rel="canonical" href="https://www.auditorium.com/it/productions/riccardo-fassi-tankio-band-with-antonello-salis/" />
<meta property="og:locale" content="it_IT" />
<meta property="og:type" content="article" />
<meta property="og:title" content="Cum Grano Salis | Auditorium Parco della Musica Ennio Morricone" />
<meta property="og:description" content="Questo nuovo progetto di Riccardo Fassi, con le composizioni di Salis arrangiate per orchestra, mira a presentare un mondo musicale inedito e vibrante in una veste completamente nuova. Le composizioni di Salis sembrano amplificarsi e ampliarsi attraverso un&#8217;interpretazione che attira l&#8217;attenzione del pubblico sulla profondità di un compositore originale e unico. Salis è un vero [&hellip;]" />
<meta property="og:url" content="https://www.auditorium.com/it/productions/riccardo-fassi-tankio-band-with-antonello-salis/" />
<meta property="og:site_name" content="Auditorium Parco della Musica Ennio Morricone" />
<meta property="article:publisher" content="https://www.facebook.com/AuditoriumParcodellaMusica" />
<meta property="article:modified_time" content="2025-10-07T09:03:48+00:00" />
<meta property="og:image" content="https://www.auditorium.com/wp-content/uploads/2025/10/2G5A7533-copia-scaled.jpg" />
	<meta property="og:image:width" content="2560" />
	<meta property="og:image:height" content="2560" />
	<meta property="og:image:type" content="image/jpeg" />
<meta name="twitter:card" content="summary_large_image" />
<meta name="twitter:site" content="@auditoriumpdm" />
<meta name="twitter:label1" content="Tempo di lettura stimato" />
	<meta name="twitter:data1" content="3 minuti" />
<script type="application/ld+json" class="yoast-schema-graph">{"@context":"https://schema.org","@graph":[{"@type":"WebPage","@id":"https://www.auditorium.com/it/productions/riccardo-fassi-tankio-band-with-antonello-salis/","url":"https://www.auditorium.com/it/productions/riccardo-fassi-tankio-band-with-antonello-salis/","name":"Cum Grano Salis | Auditorium Parco della Musica Ennio Morricone","isPartOf":{"@id":"https://www.auditorium.com/it/#website"},"primaryImageOfPage":{"@id":"https://www.auditorium.com/it/productions/riccardo-fassi-tankio-band-with-antonello-salis/#primaryimage"},"image":{"@id":"https://www.auditorium.com/it/productions/riccardo-fassi-tankio-band-with-antonello-salis/#primaryimage"},"thumbnailUrl":"https://www.auditorium.com/wp-content/uploads/2025/10/2G5A7533-copia-scaled.jpg","datePublished":"2025-10-07T08:53:20+00:00","dateModified":"2025-10-07T09:03:48+00:00","breadcrumb":{"@id":"https://www.auditorium.com/it/productions/riccardo-fassi-tankio-band-with-antonello-salis/#breadcrumb"},"inLanguage":"it-IT","potentialAction":[{"@type":"ReadAction","target":["https://www.auditorium.com/it/productions/riccardo-fassi-tankio-band-with-antonello-salis/"]}]},{"@type":"ImageObject","inLanguage":"it-IT","@id":"https://www.auditorium.com/it/productions/riccardo-fassi-tankio-band-with-antonello-salis/#primaryimage","url":"https://www.auditorium.com/wp-content/uploads/2025/10/2G5A7533-copia-scaled.jpg","contentUrl":"https://www.auditorium.com/wp-content/uploads/2025/10/2G5A7533-copia-scaled.jpg","width":2560,"height":2560},{"@type":"BreadcrumbList","@id":"https://www.auditorium.com/it/productions/riccardo-fassi-tankio-band-with-antonello-salis/#breadcrumb","itemListElement":[{"@type":"ListItem","position":1,"name":"Home","item":"https://www.auditorium.com/it/"},{"@type":"ListItem","position":2,"name":"Produzioni","item":"https://www.auditorium.com/it/productions/"},{"@type":"ListItem","position":3,"name":"Cum Grano Salis"}]},{"@type":"WebSite","@id":"https://www.auditorium.com/it/#website","url":"https://www.auditorium.com/it/","name":"Auditorium Parco della Musica Ennio Morricone","description":"Progettato da Renzo Piano, l&#039;Auditorium rappresenta una sofisticata architettura musicale e uno straordinario intervento di riqualificazione urbana.","publisher":{"@id":"https://www.auditorium.com/it/#organization"},"potentialAction":[{"@type":"SearchAction","target":{"@type":"EntryPoint","urlTemplate":"https://www.auditorium.com/it/?s={search_term_string}"},"query-input":"required name=search_term_string"}],"inLanguage":"it-IT"},{"@type":"Organization","@id":"https://www.auditorium.com/it/#organization","name":"Auditorium Parco della Musica Ennio Morricone","url":"https://www.auditorium.com/it/","logo":{"@type":"ImageObject","inLanguage":"it-IT","@id":"https://www.auditorium.com/it/#/schema/logo/image/","url":"https://www.auditorium.com/wp-content/uploads/2022/12/logo-auditorium.svg","contentUrl":"https://www.auditorium.com/wp-content/uploads/2022/12/logo-auditorium.svg","width":86,"height":79,"caption":"Auditorium Parco della Musica Ennio Morricone"},"image":{"@id":"https://www.auditorium.com/it/#/schema/logo/image/"},"sameAs":["https://www.facebook.com/AuditoriumParcodellaMusica","https://x.com/auditoriumpdm","https://www.instagram.com/auditoriumparcodellamusica/"]}]}</script>
<!-- / Yoast SEO plugin. -->
