{"id":3875,"date":"2020-03-10T12:18:41","date_gmt":"2020-03-10T11:18:41","guid":{"rendered":"https:\/\/www.auditorium.com\/?post_type=productions&#038;p=3875"},"modified":"2023-03-09T14:04:33","modified_gmt":"2023-03-09T13:04:33","slug":"x-suite-for-malcolm","status":"publish","type":"productions","link":"https:\/\/www.auditorium.com\/it\/productions\/x-suite-for-malcolm\/","title":{"rendered":"X (Suite For Malcolm)"},"content":{"rendered":"<p>\u201cX (Suite For Malcolm)\u201d, prodotto dalla Parco della Musica Records \u00e8 un lavoro di <strong>Francesco Bearzatti<\/strong> scritto per il suo <strong>Tinissima Quartet<\/strong>. Pluripremiato nel 2010 come disco dell&#8217;anno Musica jazz, miglior album Italia e miglior grafica album al Jazz It Award sezione lettori, \u00e8 un concept album dedicato al leader afroamericano <strong>Malcom X.\u00a0<\/strong>Un caleidoscopio di idee e di accenti, che muta continuamente dalle atmosfere pi\u00f9 liriche e raccolte alle sonorit\u00e0 pi\u00f9 rock, dance, hip hop, composto e arrangiato per esaltare le possibilit\u00e0 espressive di quattro fra i musicisti jazz pi\u00f9 ispirati e versatili del panorama internazionale. \u201cMalcolm X Suite\u201d \u00e8 un tributo all\u2019uomo che con la sua azione e il suo pensiero ha contribuito a imprimere un cambiamento radicale nel rapporto fra cittadini bianchi e di colore negli Stati Uniti. Un tributo al suo messaggio di libert\u00e0 e dignit\u00e0.<\/p>\n","protected":false},"excerpt":{"rendered":"Il pluripremiato lavoro di Bearzatti \u00e8 un concept album dedicato al leader afroamericano Malcom X.","protected":false},"featured_media":4139,"template":"","meta":{"_acf_changed":false,"inline_featured_image":false},"production_categories":[99],"class_list":["post-3875","productions","type-productions","status-publish","has-post-thumbnail","hentry","production_categories-jazz"],"acf":[],"yoast_head":"<!-- This site is optimized with the Yoast SEO plugin v22.6 - https:\/\/yoast.com\/wordpress\/plugins\/seo\/ -->\n<title>X (Suite For Malcolm) | Auditorium Parco della Musica Ennio Morricone<\/title>\n<meta name=\"description\" content=\"Il pluripremiato lavoro di Francesco Bearzatti scritto per il suo Tinissima Quartet, \u00e8 stato disco dell&#039;anno Musica jazz.\" \/>\n<meta name=\"robots\" content=\"index, follow, max-snippet:-1, max-image-preview:large, max-video-preview:-1\" \/>\n<link rel=\"canonical\" href=\"https:\/\/www.auditorium.com\/it\/productions\/x-suite-for-malcolm\/\" \/>\n<meta property=\"og:locale\" content=\"it_IT\" \/>\n<meta property=\"og:type\" content=\"article\" \/>\n<meta property=\"og:title\" content=\"X (Suite For Malcolm) | Auditorium Parco della Musica Ennio Morricone\" \/>\n<meta property=\"og:description\" content=\"Il pluripremiato lavoro di Francesco Bearzatti scritto per il suo Tinissima Quartet, \u00e8 stato disco dell&#039;anno Musica jazz.\" \/>\n<meta property=\"og:url\" content=\"https:\/\/www.auditorium.com\/it\/productions\/x-suite-for-malcolm\/\" \/>\n<meta property=\"og:site_name\" content=\"Auditorium Parco della Musica Ennio Morricone\" \/>\n<meta property=\"article:publisher\" content=\"https:\/\/www.facebook.com\/AuditoriumParcodellaMusica\" \/>\n<meta property=\"article:modified_time\" content=\"2023-03-09T13:04:33+00:00\" \/>\n<meta property=\"og:image\" content=\"https:\/\/www.auditorium.com\/wp-content\/uploads\/2023\/03\/\u200bX-Suite-for-Malcolm.jpg\" \/>\n\t<meta property=\"og:image:width\" content=\"1517\" \/>\n\t<meta property=\"og:image:height\" content=\"850\" \/>\n\t<meta property=\"og:image:type\" content=\"image\/jpeg\" \/>\n<meta name=\"twitter:card\" content=\"summary_large_image\" \/>\n<meta name=\"twitter:site\" content=\"@auditoriumpdm\" \/>\n<meta name=\"twitter:label1\" content=\"Tempo di lettura stimato\" \/>\n\t<meta name=\"twitter:data1\" content=\"1 minuto\" \/>\n<script type=\"application\/ld+json\" class=\"yoast-schema-graph\">{\"@context\":\"https:\/\/schema.org\",\"@graph\":[{\"@type\":\"WebPage\",\"@id\":\"https:\/\/www.auditorium.com\/it\/productions\/x-suite-for-malcolm\/\",\"url\":\"https:\/\/www.auditorium.com\/it\/productions\/x-suite-for-malcolm\/\",\"name\":\"X (Suite For Malcolm) | Auditorium Parco della Musica Ennio Morricone\",\"isPartOf\":{\"@id\":\"https:\/\/www.auditorium.com\/it\/#website\"},\"primaryImageOfPage\":{\"@id\":\"https:\/\/www.auditorium.com\/it\/productions\/x-suite-for-malcolm\/#primaryimage\"},\"image\":{\"@id\":\"https:\/\/www.auditorium.com\/it\/productions\/x-suite-for-malcolm\/#primaryimage\"},\"thumbnailUrl\":\"https:\/\/www.auditorium.com\/wp-content\/uploads\/2023\/03\/\u200bX-Suite-for-Malcolm.jpg\",\"datePublished\":\"2020-03-10T11:18:41+00:00\",\"dateModified\":\"2023-03-09T13:04:33+00:00\",\"description\":\"Il pluripremiato lavoro di Francesco Bearzatti scritto per il suo Tinissima Quartet, \u00e8 stato disco dell'anno Musica jazz.\",\"breadcrumb\":{\"@id\":\"https:\/\/www.auditorium.com\/it\/productions\/x-suite-for-malcolm\/#breadcrumb\"},\"inLanguage\":\"it-IT\",\"potentialAction\":[{\"@type\":\"ReadAction\",\"target\":[\"https:\/\/www.auditorium.com\/it\/productions\/x-suite-for-malcolm\/\"]}]},{\"@type\":\"ImageObject\",\"inLanguage\":\"it-IT\",\"@id\":\"https:\/\/www.auditorium.com\/it\/productions\/x-suite-for-malcolm\/#primaryimage\",\"url\":\"https:\/\/www.auditorium.com\/wp-content\/uploads\/2023\/03\/\u200bX-Suite-for-Malcolm.jpg\",\"contentUrl\":\"https:\/\/www.auditorium.com\/wp-content\/uploads\/2023\/03\/\u200bX-Suite-for-Malcolm.jpg\",\"width\":1517,\"height\":850},{\"@type\":\"BreadcrumbList\",\"@id\":\"https:\/\/www.auditorium.com\/it\/productions\/x-suite-for-malcolm\/#breadcrumb\",\"itemListElement\":[{\"@type\":\"ListItem\",\"position\":1,\"name\":\"Home\",\"item\":\"https:\/\/www.auditorium.com\/it\/\"},{\"@type\":\"ListItem\",\"position\":2,\"name\":\"Produzioni\",\"item\":\"https:\/\/www.auditorium.com\/it\/productions\/\"},{\"@type\":\"ListItem\",\"position\":3,\"name\":\"X (Suite For Malcolm)\"}]},{\"@type\":\"WebSite\",\"@id\":\"https:\/\/www.auditorium.com\/it\/#website\",\"url\":\"https:\/\/www.auditorium.com\/it\/\",\"name\":\"Auditorium Parco della Musica Ennio Morricone\",\"description\":\"Progettato da Renzo Piano, l&#039;Auditorium rappresenta una sofisticata architettura musicale e uno straordinario intervento di riqualificazione urbana.\",\"publisher\":{\"@id\":\"https:\/\/www.auditorium.com\/it\/#organization\"},\"potentialAction\":[{\"@type\":\"SearchAction\",\"target\":{\"@type\":\"EntryPoint\",\"urlTemplate\":\"https:\/\/www.auditorium.com\/it\/?s={search_term_string}\"},\"query-input\":\"required name=search_term_string\"}],\"inLanguage\":\"it-IT\"},{\"@type\":\"Organization\",\"@id\":\"https:\/\/www.auditorium.com\/it\/#organization\",\"name\":\"Auditorium Parco della Musica Ennio Morricone\",\"url\":\"https:\/\/www.auditorium.com\/it\/\",\"logo\":{\"@type\":\"ImageObject\",\"inLanguage\":\"it-IT\",\"@id\":\"https:\/\/www.auditorium.com\/it\/#\/schema\/logo\/image\/\",\"url\":\"https:\/\/www.auditorium.com\/wp-content\/uploads\/2022\/12\/logo-auditorium.svg\",\"contentUrl\":\"https:\/\/www.auditorium.com\/wp-content\/uploads\/2022\/12\/logo-auditorium.svg\",\"width\":86,\"height\":79,\"caption\":\"Auditorium Parco della Musica Ennio Morricone\"},\"image\":{\"@id\":\"https:\/\/www.auditorium.com\/it\/#\/schema\/logo\/image\/\"},\"sameAs\":[\"https:\/\/www.facebook.com\/AuditoriumParcodellaMusica\",\"https:\/\/x.com\/auditoriumpdm\",\"https:\/\/www.instagram.com\/auditoriumparcodellamusica\/\"]}]}<\/script>\n<!-- \/ Yoast SEO plugin. -->","yoast_head_json":{"title":"X (Suite For Malcolm) | Auditorium Parco della Musica Ennio Morricone","description":"Il pluripremiato lavoro di Francesco Bearzatti scritto per il suo Tinissima Quartet, \u00e8 stato disco dell'anno Musica jazz.","robots":{"index":"index","follow":"follow","max-snippet":"max-snippet:-1","max-image-preview":"max-image-preview:large","max-video-preview":"max-video-preview:-1"},"canonical":"https:\/\/www.auditorium.com\/it\/productions\/x-suite-for-malcolm\/","og_locale":"it_IT","og_type":"article","og_title":"X (Suite For Malcolm) | Auditorium Parco della Musica Ennio Morricone","og_description":"Il pluripremiato lavoro di Francesco Bearzatti scritto per il suo Tinissima Quartet, \u00e8 stato disco dell'anno Musica jazz.","og_url":"https:\/\/www.auditorium.com\/it\/productions\/x-suite-for-malcolm\/","og_site_name":"Auditorium Parco della Musica Ennio Morricone","article_publisher":"https:\/\/www.facebook.com\/AuditoriumParcodellaMusica","article_modified_time":"2023-03-09T13:04:33+00:00","og_image":[{"width":1517,"height":850,"url":"https:\/\/www.auditorium.com\/wp-content\/uploads\/2023\/03\/\u200bX-Suite-for-Malcolm.jpg","type":"image\/jpeg"}],"twitter_card":"summary_large_image","twitter_site":"@auditoriumpdm","twitter_misc":{"Tempo di lettura stimato":"1 minuto"},"schema":{"@context":"https:\/\/schema.org","@graph":[{"@type":"WebPage","@id":"https:\/\/www.auditorium.com\/it\/productions\/x-suite-for-malcolm\/","url":"https:\/\/www.auditorium.com\/it\/productions\/x-suite-for-malcolm\/","name":"X (Suite For Malcolm) | Auditorium Parco della Musica Ennio Morricone","isPartOf":{"@id":"https:\/\/www.auditorium.com\/it\/#website"},"primaryImageOfPage":{"@id":"https:\/\/www.auditorium.com\/it\/productions\/x-suite-for-malcolm\/#primaryimage"},"image":{"@id":"https:\/\/www.auditorium.com\/it\/productions\/x-suite-for-malcolm\/#primaryimage"},"thumbnailUrl":"https:\/\/www.auditorium.com\/wp-content\/uploads\/2023\/03\/\u200bX-Suite-for-Malcolm.jpg","datePublished":"2020-03-10T11:18:41+00:00","dateModified":"2023-03-09T13:04:33+00:00","description":"Il pluripremiato lavoro di Francesco Bearzatti scritto per il suo Tinissima Quartet, \u00e8 stato disco dell'anno Musica jazz.","breadcrumb":{"@id":"https:\/\/www.auditorium.com\/it\/productions\/x-suite-for-malcolm\/#breadcrumb"},"inLanguage":"it-IT","potentialAction":[{"@type":"ReadAction","target":["https:\/\/www.auditorium.com\/it\/productions\/x-suite-for-malcolm\/"]}]},{"@type":"ImageObject","inLanguage":"it-IT","@id":"https:\/\/www.auditorium.com\/it\/productions\/x-suite-for-malcolm\/#primaryimage","url":"https:\/\/www.auditorium.com\/wp-content\/uploads\/2023\/03\/\u200bX-Suite-for-Malcolm.jpg","contentUrl":"https:\/\/www.auditorium.com\/wp-content\/uploads\/2023\/03\/\u200bX-Suite-for-Malcolm.jpg","width":1517,"height":850},{"@type":"BreadcrumbList","@id":"https:\/\/www.auditorium.com\/it\/productions\/x-suite-for-malcolm\/#breadcrumb","itemListElement":[{"@type":"ListItem","position":1,"name":"Home","item":"https:\/\/www.auditorium.com\/it\/"},{"@type":"ListItem","position":2,"name":"Produzioni","item":"https:\/\/www.auditorium.com\/it\/productions\/"},{"@type":"ListItem","position":3,"name":"X (Suite For Malcolm)"}]},{"@type":"WebSite","@id":"https:\/\/www.auditorium.com\/it\/#website","url":"https:\/\/www.auditorium.com\/it\/","name":"Auditorium Parco della Musica Ennio Morricone","description":"Progettato da Renzo Piano, l&#039;Auditorium rappresenta una sofisticata architettura musicale e uno straordinario intervento di riqualificazione urbana.","publisher":{"@id":"https:\/\/www.auditorium.com\/it\/#organization"},"potentialAction":[{"@type":"SearchAction","target":{"@type":"EntryPoint","urlTemplate":"https:\/\/www.auditorium.com\/it\/?s={search_term_string}"},"query-input":"required name=search_term_string"}],"inLanguage":"it-IT"},{"@type":"Organization","@id":"https:\/\/www.auditorium.com\/it\/#organization","name":"Auditorium Parco della Musica Ennio Morricone","url":"https:\/\/www.auditorium.com\/it\/","logo":{"@type":"ImageObject","inLanguage":"it-IT","@id":"https:\/\/www.auditorium.com\/it\/#\/schema\/logo\/image\/","url":"https:\/\/www.auditorium.com\/wp-content\/uploads\/2022\/12\/logo-auditorium.svg","contentUrl":"https:\/\/www.auditorium.com\/wp-content\/uploads\/2022\/12\/logo-auditorium.svg","width":86,"height":79,"caption":"Auditorium Parco della Musica Ennio Morricone"},"image":{"@id":"https:\/\/www.auditorium.com\/it\/#\/schema\/logo\/image\/"},"sameAs":["https:\/\/www.facebook.com\/AuditoriumParcodellaMusica","https:\/\/x.com\/auditoriumpdm","https:\/\/www.instagram.com\/auditoriumparcodellamusica\/"]}]}},"_links":{"self":[{"href":"https:\/\/www.auditorium.com\/it\/wp-json\/wp\/v2\/productions\/3875","targetHints":{"allow":["GET"]}}],"collection":[{"href":"https:\/\/www.auditorium.com\/it\/wp-json\/wp\/v2\/productions"}],"about":[{"href":"https:\/\/www.auditorium.com\/it\/wp-json\/wp\/v2\/types\/productions"}],"wp:featuredmedia":[{"embeddable":true,"href":"https:\/\/www.auditorium.com\/it\/wp-json\/wp\/v2\/media\/4139"}],"wp:attachment":[{"href":"https:\/\/www.auditorium.com\/it\/wp-json\/wp\/v2\/media?parent=3875"}],"wp:term":[{"taxonomy":"production_categories","embeddable":true,"href":"https:\/\/www.auditorium.com\/it\/wp-json\/wp\/v2\/production_categories?post=3875"}],"curies":[{"name":"wp","href":"https:\/\/api.w.org\/{rel}","templated":true}]}}

<p>“X (Suite For Malcolm)”, prodotto dalla Parco della Musica Records è un lavoro di <strong>Francesco Bearzatti</strong> scritto per il suo <strong>Tinissima Quartet</strong>. Pluripremiato nel 2010 come disco dell&#8217;anno Musica jazz, miglior album Italia e miglior grafica album al Jazz It Award sezione lettori, è un concept album dedicato al leader afroamericano <strong>Malcom X. </strong>Un caleidoscopio di idee e di accenti, che muta continuamente dalle atmosfere più liriche e raccolte alle sonorità più rock, dance, hip hop, composto e arrangiato per esaltare le possibilità espressive di quattro fra i musicisti jazz più ispirati e versatili del panorama internazionale. “Malcolm X Suite” è un tributo all’uomo che con la sua azione e il suo pensiero ha contribuito a imprimere un cambiamento radicale nel rapporto fra cittadini bianchi e di colore negli Stati Uniti. Un tributo al suo messaggio di libertà e dignità.</p>

Il pluripremiato lavoro di Bearzatti è un concept album dedicato al leader afroamericano Malcom X.

<!-- This site is optimized with the Yoast SEO plugin v22.6 - https://yoast.com/wordpress/plugins/seo/ -->
<title>X (Suite For Malcolm) | Auditorium Parco della Musica Ennio Morricone</title>
<meta name="description" content="Il pluripremiato lavoro di Francesco Bearzatti scritto per il suo Tinissima Quartet, è stato disco dell&#039;anno Musica jazz." />
<meta name="robots" content="index, follow, max-snippet:-1, max-image-preview:large, max-video-preview:-1" />
<link rel="canonical" href="https://www.auditorium.com/it/productions/x-suite-for-malcolm/" />
<meta property="og:locale" content="it_IT" />
<meta property="og:type" content="article" />
<meta property="og:title" content="X (Suite For Malcolm) | Auditorium Parco della Musica Ennio Morricone" />
<meta property="og:description" content="Il pluripremiato lavoro di Francesco Bearzatti scritto per il suo Tinissima Quartet, è stato disco dell&#039;anno Musica jazz." />
<meta property="og:url" content="https://www.auditorium.com/it/productions/x-suite-for-malcolm/" />
<meta property="og:site_name" content="Auditorium Parco della Musica Ennio Morricone" />
<meta property="article:publisher" content="https://www.facebook.com/AuditoriumParcodellaMusica" />
<meta property="article:modified_time" content="2023-03-09T13:04:33+00:00" />
<meta property="og:image" content="https://www.auditorium.com/wp-content/uploads/2023/03/​X-Suite-for-Malcolm.jpg" />
	<meta property="og:image:width" content="1517" />
	<meta property="og:image:height" content="850" />
	<meta property="og:image:type" content="image/jpeg" />
<meta name="twitter:card" content="summary_large_image" />
<meta name="twitter:site" content="@auditoriumpdm" />
<meta name="twitter:label1" content="Tempo di lettura stimato" />
	<meta name="twitter:data1" content="1 minuto" />
<script type="application/ld+json" class="yoast-schema-graph">{"@context":"https://schema.org","@graph":[{"@type":"WebPage","@id":"https://www.auditorium.com/it/productions/x-suite-for-malcolm/","url":"https://www.auditorium.com/it/productions/x-suite-for-malcolm/","name":"X (Suite For Malcolm) | Auditorium Parco della Musica Ennio Morricone","isPartOf":{"@id":"https://www.auditorium.com/it/#website"},"primaryImageOfPage":{"@id":"https://www.auditorium.com/it/productions/x-suite-for-malcolm/#primaryimage"},"image":{"@id":"https://www.auditorium.com/it/productions/x-suite-for-malcolm/#primaryimage"},"thumbnailUrl":"https://www.auditorium.com/wp-content/uploads/2023/03/​X-Suite-for-Malcolm.jpg","datePublished":"2020-03-10T11:18:41+00:00","dateModified":"2023-03-09T13:04:33+00:00","description":"Il pluripremiato lavoro di Francesco Bearzatti scritto per il suo Tinissima Quartet, è stato disco dell'anno Musica jazz.","breadcrumb":{"@id":"https://www.auditorium.com/it/productions/x-suite-for-malcolm/#breadcrumb"},"inLanguage":"it-IT","potentialAction":[{"@type":"ReadAction","target":["https://www.auditorium.com/it/productions/x-suite-for-malcolm/"]}]},{"@type":"ImageObject","inLanguage":"it-IT","@id":"https://www.auditorium.com/it/productions/x-suite-for-malcolm/#primaryimage","url":"https://www.auditorium.com/wp-content/uploads/2023/03/​X-Suite-for-Malcolm.jpg","contentUrl":"https://www.auditorium.com/wp-content/uploads/2023/03/​X-Suite-for-Malcolm.jpg","width":1517,"height":850},{"@type":"BreadcrumbList","@id":"https://www.auditorium.com/it/productions/x-suite-for-malcolm/#breadcrumb","itemListElement":[{"@type":"ListItem","position":1,"name":"Home","item":"https://www.auditorium.com/it/"},{"@type":"ListItem","position":2,"name":"Produzioni","item":"https://www.auditorium.com/it/productions/"},{"@type":"ListItem","position":3,"name":"X (Suite For Malcolm)"}]},{"@type":"WebSite","@id":"https://www.auditorium.com/it/#website","url":"https://www.auditorium.com/it/","name":"Auditorium Parco della Musica Ennio Morricone","description":"Progettato da Renzo Piano, l&#039;Auditorium rappresenta una sofisticata architettura musicale e uno straordinario intervento di riqualificazione urbana.","publisher":{"@id":"https://www.auditorium.com/it/#organization"},"potentialAction":[{"@type":"SearchAction","target":{"@type":"EntryPoint","urlTemplate":"https://www.auditorium.com/it/?s={search_term_string}"},"query-input":"required name=search_term_string"}],"inLanguage":"it-IT"},{"@type":"Organization","@id":"https://www.auditorium.com/it/#organization","name":"Auditorium Parco della Musica Ennio Morricone","url":"https://www.auditorium.com/it/","logo":{"@type":"ImageObject","inLanguage":"it-IT","@id":"https://www.auditorium.com/it/#/schema/logo/image/","url":"https://www.auditorium.com/wp-content/uploads/2022/12/logo-auditorium.svg","contentUrl":"https://www.auditorium.com/wp-content/uploads/2022/12/logo-auditorium.svg","width":86,"height":79,"caption":"Auditorium Parco della Musica Ennio Morricone"},"image":{"@id":"https://www.auditorium.com/it/#/schema/logo/image/"},"sameAs":["https://www.facebook.com/AuditoriumParcodellaMusica","https://x.com/auditoriumpdm","https://www.instagram.com/auditoriumparcodellamusica/"]}]}</script>
<!-- / Yoast SEO plugin. -->

Il pluripremiato lavoro di Francesco Bearzatti scritto per il suo Tinissima Quartet, è stato disco dell'anno Musica jazz.
