{"id":3741,"date":"2021-03-25T14:26:16","date_gmt":"2021-03-25T13:26:16","guid":{"rendered":"https:\/\/www.auditorium.com\/?post_type=productions&#038;p=3741"},"modified":"2023-03-13T12:00:37","modified_gmt":"2023-03-13T11:00:37","slug":"intertwined-roots","status":"publish","type":"productions","link":"https:\/\/www.auditorium.com\/it\/productions\/intertwined-roots\/","title":{"rendered":"Intertwined Roots"},"content":{"rendered":"<p>Esce per PDM Records \u201cIntertwined Roots\u201d, registrato presso Artesuono di<strong> Stefano Amerio<\/strong>, l\u2019album dei<strong> NRG Bridges<\/strong>, il trio nato dalla collaborazione tra <strong>Gianluigi Trovesi<\/strong> ed i <strong>NovoTono<\/strong>, il duo dei fratelli <strong>Adalberto<\/strong> ed <strong>Andrea Ferrari<\/strong>: tre artisti, tre generazioni, strumenti comuni il clarinetto e per il sax ad animare un interplay tanto fitto quanto profondo.<\/p>\n<p>\u201cIntertwined Roots\u201d \u00e8 un vero e proprio racconto, dal taglio quasi cinematografico, all\u2019ascolto del quale l\u2019ascoltatore \u00e8 invitato a tracciare il percorso di una storia tutta personale, lasciando libero spazio a suggestioni ed immagini, guidate dai suoni ricchi di energie contenuti all\u2019interno di questa raccolta. Ed \u00e8 cos\u00ec che i titoli nascono dalla volont\u00e0 di rappresentare dei veri e propri titoli di storie, che, come in un libro di racconti, aiutano a viaggiare con la propria fantasia.<\/p>\n<p>Radici intrecciate \u00e8 l\u2019esatto concetto che pu\u00f2 esprimere il lavoro del trio <strong>NRG Bridge<\/strong>s, molte sono infatti le esperienze comuni ai tre musicisti, come la loro formazione clarinettistica classica o il lavoro di ricerca in continuo divenire di sempre nuovi e diversi mondi musicali. Queste comuni radici vissute da generazioni diverse, si uniscono per diventare un percorso unico, come radici differenti che si uniscono per dare vita ad un solo albero, arricchito in tutte le sue parti dalla linfa vitale di un terreno ricco di diversit\u00e0.<\/p>\n","protected":false},"excerpt":{"rendered":"Tre artisti e tre generazioni, ad animare un interplay tanto fitto quanto profondo.","protected":false},"featured_media":3476,"template":"","meta":{"_acf_changed":false,"inline_featured_image":false},"production_categories":[99],"class_list":["post-3741","productions","type-productions","status-publish","has-post-thumbnail","hentry","production_categories-jazz"],"acf":[],"yoast_head":"<!-- This site is optimized with the Yoast SEO plugin v22.6 - https:\/\/yoast.com\/wordpress\/plugins\/seo\/ -->\n<title>Intertwined Roots | Auditorium Parco della Musica Ennio Morricone<\/title>\n<meta name=\"description\" content=\"Tre artisti e tre generazioni, ad animare un interplay tanto fitto quanto profondo.\" \/>\n<meta name=\"robots\" content=\"index, follow, max-snippet:-1, max-image-preview:large, max-video-preview:-1\" \/>\n<link rel=\"canonical\" href=\"https:\/\/www.auditorium.com\/it\/productions\/intertwined-roots\/\" \/>\n<meta property=\"og:locale\" content=\"it_IT\" \/>\n<meta property=\"og:type\" content=\"article\" \/>\n<meta property=\"og:title\" content=\"Intertwined Roots | Auditorium Parco della Musica Ennio Morricone\" \/>\n<meta property=\"og:description\" content=\"Tre artisti e tre generazioni, ad animare un interplay tanto fitto quanto profondo.\" \/>\n<meta property=\"og:url\" content=\"https:\/\/www.auditorium.com\/it\/productions\/intertwined-roots\/\" \/>\n<meta property=\"og:site_name\" content=\"Auditorium Parco della Musica Ennio Morricone\" \/>\n<meta property=\"article:publisher\" content=\"https:\/\/www.facebook.com\/AuditoriumParcodellaMusica\" \/>\n<meta property=\"article:modified_time\" content=\"2023-03-13T11:00:37+00:00\" \/>\n<meta property=\"og:image\" content=\"https:\/\/www.auditorium.com\/wp-content\/uploads\/2023\/02\/NRG-BRIDGES-FERRARI-TROVESI-FERRARI-.jpg\" \/>\n\t<meta property=\"og:image:width\" content=\"1517\" \/>\n\t<meta property=\"og:image:height\" content=\"850\" \/>\n\t<meta property=\"og:image:type\" content=\"image\/jpeg\" \/>\n<meta name=\"twitter:card\" content=\"summary_large_image\" \/>\n<meta name=\"twitter:site\" content=\"@auditoriumpdm\" \/>\n<meta name=\"twitter:label1\" content=\"Tempo di lettura stimato\" \/>\n\t<meta name=\"twitter:data1\" content=\"2 minuti\" \/>\n<script type=\"application\/ld+json\" class=\"yoast-schema-graph\">{\"@context\":\"https:\/\/schema.org\",\"@graph\":[{\"@type\":\"WebPage\",\"@id\":\"https:\/\/www.auditorium.com\/it\/productions\/intertwined-roots\/\",\"url\":\"https:\/\/www.auditorium.com\/it\/productions\/intertwined-roots\/\",\"name\":\"Intertwined Roots | Auditorium Parco della Musica Ennio Morricone\",\"isPartOf\":{\"@id\":\"https:\/\/www.auditorium.com\/it\/#website\"},\"primaryImageOfPage\":{\"@id\":\"https:\/\/www.auditorium.com\/it\/productions\/intertwined-roots\/#primaryimage\"},\"image\":{\"@id\":\"https:\/\/www.auditorium.com\/it\/productions\/intertwined-roots\/#primaryimage\"},\"thumbnailUrl\":\"https:\/\/www.auditorium.com\/wp-content\/uploads\/2023\/02\/NRG-BRIDGES-FERRARI-TROVESI-FERRARI-.jpg\",\"datePublished\":\"2021-03-25T13:26:16+00:00\",\"dateModified\":\"2023-03-13T11:00:37+00:00\",\"description\":\"Tre artisti e tre generazioni, ad animare un interplay tanto fitto quanto profondo.\",\"breadcrumb\":{\"@id\":\"https:\/\/www.auditorium.com\/it\/productions\/intertwined-roots\/#breadcrumb\"},\"inLanguage\":\"it-IT\",\"potentialAction\":[{\"@type\":\"ReadAction\",\"target\":[\"https:\/\/www.auditorium.com\/it\/productions\/intertwined-roots\/\"]}]},{\"@type\":\"ImageObject\",\"inLanguage\":\"it-IT\",\"@id\":\"https:\/\/www.auditorium.com\/it\/productions\/intertwined-roots\/#primaryimage\",\"url\":\"https:\/\/www.auditorium.com\/wp-content\/uploads\/2023\/02\/NRG-BRIDGES-FERRARI-TROVESI-FERRARI-.jpg\",\"contentUrl\":\"https:\/\/www.auditorium.com\/wp-content\/uploads\/2023\/02\/NRG-BRIDGES-FERRARI-TROVESI-FERRARI-.jpg\",\"width\":1517,\"height\":850,\"caption\":\"NRG-BRIDGES-FERRARI-TROVESI-FERRARI\"},{\"@type\":\"BreadcrumbList\",\"@id\":\"https:\/\/www.auditorium.com\/it\/productions\/intertwined-roots\/#breadcrumb\",\"itemListElement\":[{\"@type\":\"ListItem\",\"position\":1,\"name\":\"Home\",\"item\":\"https:\/\/www.auditorium.com\/it\/\"},{\"@type\":\"ListItem\",\"position\":2,\"name\":\"Produzioni\",\"item\":\"https:\/\/www.auditorium.com\/it\/productions\/\"},{\"@type\":\"ListItem\",\"position\":3,\"name\":\"Intertwined Roots\"}]},{\"@type\":\"WebSite\",\"@id\":\"https:\/\/www.auditorium.com\/it\/#website\",\"url\":\"https:\/\/www.auditorium.com\/it\/\",\"name\":\"Auditorium Parco della Musica Ennio Morricone\",\"description\":\"Progettato da Renzo Piano, l&#039;Auditorium rappresenta una sofisticata architettura musicale e uno straordinario intervento di riqualificazione urbana.\",\"publisher\":{\"@id\":\"https:\/\/www.auditorium.com\/it\/#organization\"},\"potentialAction\":[{\"@type\":\"SearchAction\",\"target\":{\"@type\":\"EntryPoint\",\"urlTemplate\":\"https:\/\/www.auditorium.com\/it\/?s={search_term_string}\"},\"query-input\":\"required name=search_term_string\"}],\"inLanguage\":\"it-IT\"},{\"@type\":\"Organization\",\"@id\":\"https:\/\/www.auditorium.com\/it\/#organization\",\"name\":\"Auditorium Parco della Musica Ennio Morricone\",\"url\":\"https:\/\/www.auditorium.com\/it\/\",\"logo\":{\"@type\":\"ImageObject\",\"inLanguage\":\"it-IT\",\"@id\":\"https:\/\/www.auditorium.com\/it\/#\/schema\/logo\/image\/\",\"url\":\"https:\/\/www.auditorium.com\/wp-content\/uploads\/2022\/12\/logo-auditorium.svg\",\"contentUrl\":\"https:\/\/www.auditorium.com\/wp-content\/uploads\/2022\/12\/logo-auditorium.svg\",\"width\":86,\"height\":79,\"caption\":\"Auditorium Parco della Musica Ennio Morricone\"},\"image\":{\"@id\":\"https:\/\/www.auditorium.com\/it\/#\/schema\/logo\/image\/\"},\"sameAs\":[\"https:\/\/www.facebook.com\/AuditoriumParcodellaMusica\",\"https:\/\/x.com\/auditoriumpdm\",\"https:\/\/www.instagram.com\/auditoriumparcodellamusica\/\"]}]}<\/script>\n<!-- \/ Yoast SEO plugin. -->","yoast_head_json":{"title":"Intertwined Roots | Auditorium Parco della Musica Ennio Morricone","description":"Tre artisti e tre generazioni, ad animare un interplay tanto fitto quanto profondo.","robots":{"index":"index","follow":"follow","max-snippet":"max-snippet:-1","max-image-preview":"max-image-preview:large","max-video-preview":"max-video-preview:-1"},"canonical":"https:\/\/www.auditorium.com\/it\/productions\/intertwined-roots\/","og_locale":"it_IT","og_type":"article","og_title":"Intertwined Roots | Auditorium Parco della Musica Ennio Morricone","og_description":"Tre artisti e tre generazioni, ad animare un interplay tanto fitto quanto profondo.","og_url":"https:\/\/www.auditorium.com\/it\/productions\/intertwined-roots\/","og_site_name":"Auditorium Parco della Musica Ennio Morricone","article_publisher":"https:\/\/www.facebook.com\/AuditoriumParcodellaMusica","article_modified_time":"2023-03-13T11:00:37+00:00","og_image":[{"width":1517,"height":850,"url":"https:\/\/www.auditorium.com\/wp-content\/uploads\/2023\/02\/NRG-BRIDGES-FERRARI-TROVESI-FERRARI-.jpg","type":"image\/jpeg"}],"twitter_card":"summary_large_image","twitter_site":"@auditoriumpdm","twitter_misc":{"Tempo di lettura stimato":"2 minuti"},"schema":{"@context":"https:\/\/schema.org","@graph":[{"@type":"WebPage","@id":"https:\/\/www.auditorium.com\/it\/productions\/intertwined-roots\/","url":"https:\/\/www.auditorium.com\/it\/productions\/intertwined-roots\/","name":"Intertwined Roots | Auditorium Parco della Musica Ennio Morricone","isPartOf":{"@id":"https:\/\/www.auditorium.com\/it\/#website"},"primaryImageOfPage":{"@id":"https:\/\/www.auditorium.com\/it\/productions\/intertwined-roots\/#primaryimage"},"image":{"@id":"https:\/\/www.auditorium.com\/it\/productions\/intertwined-roots\/#primaryimage"},"thumbnailUrl":"https:\/\/www.auditorium.com\/wp-content\/uploads\/2023\/02\/NRG-BRIDGES-FERRARI-TROVESI-FERRARI-.jpg","datePublished":"2021-03-25T13:26:16+00:00","dateModified":"2023-03-13T11:00:37+00:00","description":"Tre artisti e tre generazioni, ad animare un interplay tanto fitto quanto profondo.","breadcrumb":{"@id":"https:\/\/www.auditorium.com\/it\/productions\/intertwined-roots\/#breadcrumb"},"inLanguage":"it-IT","potentialAction":[{"@type":"ReadAction","target":["https:\/\/www.auditorium.com\/it\/productions\/intertwined-roots\/"]}]},{"@type":"ImageObject","inLanguage":"it-IT","@id":"https:\/\/www.auditorium.com\/it\/productions\/intertwined-roots\/#primaryimage","url":"https:\/\/www.auditorium.com\/wp-content\/uploads\/2023\/02\/NRG-BRIDGES-FERRARI-TROVESI-FERRARI-.jpg","contentUrl":"https:\/\/www.auditorium.com\/wp-content\/uploads\/2023\/02\/NRG-BRIDGES-FERRARI-TROVESI-FERRARI-.jpg","width":1517,"height":850,"caption":"NRG-BRIDGES-FERRARI-TROVESI-FERRARI"},{"@type":"BreadcrumbList","@id":"https:\/\/www.auditorium.com\/it\/productions\/intertwined-roots\/#breadcrumb","itemListElement":[{"@type":"ListItem","position":1,"name":"Home","item":"https:\/\/www.auditorium.com\/it\/"},{"@type":"ListItem","position":2,"name":"Produzioni","item":"https:\/\/www.auditorium.com\/it\/productions\/"},{"@type":"ListItem","position":3,"name":"Intertwined Roots"}]},{"@type":"WebSite","@id":"https:\/\/www.auditorium.com\/it\/#website","url":"https:\/\/www.auditorium.com\/it\/","name":"Auditorium Parco della Musica Ennio Morricone","description":"Progettato da Renzo Piano, l&#039;Auditorium rappresenta una sofisticata architettura musicale e uno straordinario intervento di riqualificazione urbana.","publisher":{"@id":"https:\/\/www.auditorium.com\/it\/#organization"},"potentialAction":[{"@type":"SearchAction","target":{"@type":"EntryPoint","urlTemplate":"https:\/\/www.auditorium.com\/it\/?s={search_term_string}"},"query-input":"required name=search_term_string"}],"inLanguage":"it-IT"},{"@type":"Organization","@id":"https:\/\/www.auditorium.com\/it\/#organization","name":"Auditorium Parco della Musica Ennio Morricone","url":"https:\/\/www.auditorium.com\/it\/","logo":{"@type":"ImageObject","inLanguage":"it-IT","@id":"https:\/\/www.auditorium.com\/it\/#\/schema\/logo\/image\/","url":"https:\/\/www.auditorium.com\/wp-content\/uploads\/2022\/12\/logo-auditorium.svg","contentUrl":"https:\/\/www.auditorium.com\/wp-content\/uploads\/2022\/12\/logo-auditorium.svg","width":86,"height":79,"caption":"Auditorium Parco della Musica Ennio Morricone"},"image":{"@id":"https:\/\/www.auditorium.com\/it\/#\/schema\/logo\/image\/"},"sameAs":["https:\/\/www.facebook.com\/AuditoriumParcodellaMusica","https:\/\/x.com\/auditoriumpdm","https:\/\/www.instagram.com\/auditoriumparcodellamusica\/"]}]}},"_links":{"self":[{"href":"https:\/\/www.auditorium.com\/it\/wp-json\/wp\/v2\/productions\/3741","targetHints":{"allow":["GET"]}}],"collection":[{"href":"https:\/\/www.auditorium.com\/it\/wp-json\/wp\/v2\/productions"}],"about":[{"href":"https:\/\/www.auditorium.com\/it\/wp-json\/wp\/v2\/types\/productions"}],"wp:featuredmedia":[{"embeddable":true,"href":"https:\/\/www.auditorium.com\/it\/wp-json\/wp\/v2\/media\/3476"}],"wp:attachment":[{"href":"https:\/\/www.auditorium.com\/it\/wp-json\/wp\/v2\/media?parent=3741"}],"wp:term":[{"taxonomy":"production_categories","embeddable":true,"href":"https:\/\/www.auditorium.com\/it\/wp-json\/wp\/v2\/production_categories?post=3741"}],"curies":[{"name":"wp","href":"https:\/\/api.w.org\/{rel}","templated":true}]}}

<p>Esce per PDM Records “Intertwined Roots”, registrato presso Artesuono di<strong> Stefano Amerio</strong>, l’album dei<strong> NRG Bridges</strong>, il trio nato dalla collaborazione tra <strong>Gianluigi Trovesi</strong> ed i <strong>NovoTono</strong>, il duo dei fratelli <strong>Adalberto</strong> ed <strong>Andrea Ferrari</strong>: tre artisti, tre generazioni, strumenti comuni il clarinetto e per il sax ad animare un interplay tanto fitto quanto profondo.</p>
<p>“Intertwined Roots” è un vero e proprio racconto, dal taglio quasi cinematografico, all’ascolto del quale l’ascoltatore è invitato a tracciare il percorso di una storia tutta personale, lasciando libero spazio a suggestioni ed immagini, guidate dai suoni ricchi di energie contenuti all’interno di questa raccolta. Ed è così che i titoli nascono dalla volontà di rappresentare dei veri e propri titoli di storie, che, come in un libro di racconti, aiutano a viaggiare con la propria fantasia.</p>
<p>Radici intrecciate è l’esatto concetto che può esprimere il lavoro del trio <strong>NRG Bridge</strong>s, molte sono infatti le esperienze comuni ai tre musicisti, come la loro formazione clarinettistica classica o il lavoro di ricerca in continuo divenire di sempre nuovi e diversi mondi musicali. Queste comuni radici vissute da generazioni diverse, si uniscono per diventare un percorso unico, come radici differenti che si uniscono per dare vita ad un solo albero, arricchito in tutte le sue parti dalla linfa vitale di un terreno ricco di diversità.</p>
