{"id":3643,"date":"2021-01-01T12:01:31","date_gmt":"2021-01-01T11:01:31","guid":{"rendered":"https:\/\/www.auditorium.com\/?post_type=productions&#038;p=3643"},"modified":"2023-03-10T15:59:40","modified_gmt":"2023-03-10T14:59:40","slug":"a-light-day","status":"publish","type":"productions","link":"https:\/\/www.auditorium.com\/it\/productions\/a-light-day\/","title":{"rendered":"A Light Day"},"content":{"rendered":"<p>Dopo il doppio album dell\u2019ottetto capitanato da <strong>Franco D\u2019Andrea<\/strong>, la Parco della Musica Records pubblica un album in solo del pianista meranese.\u00a0Un ritorno atteso che riserva molte sorprese. Il solo \u00e8 il momento di massima introspezione per un musicista: \u00e8 il confronto con lo strumento, con i suoi limiti, con le strategie per superarli, ma \u00e8 soprattutto il confronto con se stessi.\u00a0Nel 1980 <strong>Franco D\u2019Andrea<\/strong> incise due album in piano solo, \u201cDialogues With Super Ego\u201d ed \u201cEs\u201d, che segnarono l\u2019inizio di una nuova fase creativa che dura ininterrottamente fino a oggi. Alla ricerca sul materiale, sul suono e sulla combinazione degli elementi, gi\u00e0 avviata negli anni precedenti, si affianca un fatto del tutto nuovo: un\u2019esplorazione interiore senza precedenti.<\/p>\n<p>Ascoltare quei due dischi \u00e8 mettersi all\u2019ascolto di un lungo flusso di coscienza che scorre ininterrotto e turbinante. Nel corso degli anni l\u2019esplorazione del mondo interiore e la ricerca e la sperimentazione sui parametri musicali hanno finito per coincidere: il pianoforte si \u00e8 popolato di colori e di ritmi, ha assunto una dimensione orchestrale, ha recuperato prassi esecutive del primo jazz cos\u00ec come del periodo free; l\u2019interiorit\u00e0 del piano solo \u00e8 confluita nella musica delle formazioni allargate, che respirano come un solo organismo, mentre l\u2019eterofonia di queste ultime \u00e8 stata assorbita dal solo. Ascoltare oggi il piano solo di <strong>Franco D\u2019Andrea<\/strong> non \u00e8 pi\u00f9 soltanto ascoltare quella dimensione interiore, quel solitario flusso di coscienza dei primi importanti dischi in solo. <strong>Franco<\/strong> non \u00e8 pi\u00f9 solo. La sua musica in solo \u00e8 magicamente collettiva. Evoca un dialogo costante tra i mondi sonori che abitano il profondo dell\u2019artista: la coscienza individuale si confonde con la coscienza collettiva.<\/p>\n<p>Con oltre 160 dischi incisi in Italia e all&#8217;estero e 20 premi Top Jazz vinti nella sua carriera, di cui 11 nella categoria \u201cMusicista italiano dell\u2019anno\u201d, <strong>Franco D\u2019Andrea<\/strong> \u00e8 considerato uno dei migliori pianisti contemporanei e rappresenta l\u2019eccellenza che il jazz italiano ha saputo partorire negli ultimi 50 anni. Un\u2019unicit\u00e0 la sua, testimoniata da pi\u00f9 di duecento brani composti, autorevoli riconoscimenti accademici, centinaia di collaborazioni con musicisti di tutto il mondo, masterclass tenute in diverse scuole e accademie. <strong>Franco D\u2019Andrea<\/strong> ha tracciato con i suoi dischi, i suoi concerti e la sua attivit\u00e0 didattica un percorso tutto personale nel jazz, portando avanti una ricerca profonda nell\u2019ambito della musica afroamericana, dando vita a progetti ambiziosi che vanno dal solo ai grandi ensemble, sempre mantenendo una cifra estetica e poetica estremamente originale.<\/p>\n","protected":false},"excerpt":{"rendered":"Dopo anni di produzioni d&#8217;ensamble, Franco D&#8217;Andrea torna a pubblicare un album per piano solo. La sua musica in solo \u00e8 per\u00f2 magicamente collettiva.","protected":false},"featured_media":3566,"template":"","meta":{"_acf_changed":false,"inline_featured_image":false},"production_categories":[99],"class_list":["post-3643","productions","type-productions","status-publish","has-post-thumbnail","hentry","production_categories-jazz"],"acf":[],"yoast_head":"<!-- This site is optimized with the Yoast SEO plugin v22.6 - https:\/\/yoast.com\/wordpress\/plugins\/seo\/ -->\n<title>A Light Day | Auditorium Parco della Musica Ennio Morricone<\/title>\n<meta name=\"description\" content=\"Il grande pianista jazz meranese torna a pubblicare un album solista, ma in cui la musica si fa magicamente collettiva. Scopri di pi\u00f9.\" \/>\n<meta name=\"robots\" content=\"index, follow, max-snippet:-1, max-image-preview:large, max-video-preview:-1\" \/>\n<link rel=\"canonical\" href=\"https:\/\/www.auditorium.com\/it\/productions\/a-light-day\/\" \/>\n<meta property=\"og:locale\" content=\"it_IT\" \/>\n<meta property=\"og:type\" content=\"article\" \/>\n<meta property=\"og:title\" content=\"A Light Day | Auditorium Parco della Musica Ennio Morricone\" \/>\n<meta property=\"og:description\" content=\"Il grande pianista jazz meranese torna a pubblicare un album solista, ma in cui la musica si fa magicamente collettiva. Scopri di pi\u00f9.\" \/>\n<meta property=\"og:url\" content=\"https:\/\/www.auditorium.com\/it\/productions\/a-light-day\/\" \/>\n<meta property=\"og:site_name\" content=\"Auditorium Parco della Musica Ennio Morricone\" \/>\n<meta property=\"article:publisher\" content=\"https:\/\/www.facebook.com\/AuditoriumParcodellaMusica\" \/>\n<meta property=\"article:modified_time\" content=\"2023-03-10T14:59:40+00:00\" \/>\n<meta property=\"og:image\" content=\"https:\/\/www.auditorium.com\/wp-content\/uploads\/2023\/02\/FRANCO-DANDREA_A-light-day.jpg\" \/>\n\t<meta property=\"og:image:width\" content=\"1517\" \/>\n\t<meta property=\"og:image:height\" content=\"850\" \/>\n\t<meta property=\"og:image:type\" content=\"image\/jpeg\" \/>\n<meta name=\"twitter:card\" content=\"summary_large_image\" \/>\n<meta name=\"twitter:site\" content=\"@auditoriumpdm\" \/>\n<meta name=\"twitter:label1\" content=\"Tempo di lettura stimato\" \/>\n\t<meta name=\"twitter:data1\" content=\"3 minuti\" \/>\n<script type=\"application\/ld+json\" class=\"yoast-schema-graph\">{\"@context\":\"https:\/\/schema.org\",\"@graph\":[{\"@type\":\"WebPage\",\"@id\":\"https:\/\/www.auditorium.com\/it\/productions\/a-light-day\/\",\"url\":\"https:\/\/www.auditorium.com\/it\/productions\/a-light-day\/\",\"name\":\"A Light Day | Auditorium Parco della Musica Ennio Morricone\",\"isPartOf\":{\"@id\":\"https:\/\/www.auditorium.com\/it\/#website\"},\"primaryImageOfPage\":{\"@id\":\"https:\/\/www.auditorium.com\/it\/productions\/a-light-day\/#primaryimage\"},\"image\":{\"@id\":\"https:\/\/www.auditorium.com\/it\/productions\/a-light-day\/#primaryimage\"},\"thumbnailUrl\":\"https:\/\/www.auditorium.com\/wp-content\/uploads\/2023\/02\/FRANCO-DANDREA_A-light-day.jpg\",\"datePublished\":\"2021-01-01T11:01:31+00:00\",\"dateModified\":\"2023-03-10T14:59:40+00:00\",\"description\":\"Il grande pianista jazz meranese torna a pubblicare un album solista, ma in cui la musica si fa magicamente collettiva. Scopri di pi\u00f9.\",\"breadcrumb\":{\"@id\":\"https:\/\/www.auditorium.com\/it\/productions\/a-light-day\/#breadcrumb\"},\"inLanguage\":\"it-IT\",\"potentialAction\":[{\"@type\":\"ReadAction\",\"target\":[\"https:\/\/www.auditorium.com\/it\/productions\/a-light-day\/\"]}]},{\"@type\":\"ImageObject\",\"inLanguage\":\"it-IT\",\"@id\":\"https:\/\/www.auditorium.com\/it\/productions\/a-light-day\/#primaryimage\",\"url\":\"https:\/\/www.auditorium.com\/wp-content\/uploads\/2023\/02\/FRANCO-DANDREA_A-light-day.jpg\",\"contentUrl\":\"https:\/\/www.auditorium.com\/wp-content\/uploads\/2023\/02\/FRANCO-DANDREA_A-light-day.jpg\",\"width\":1517,\"height\":850,\"caption\":\"FRANCO-DANDREA_A-light-day\"},{\"@type\":\"BreadcrumbList\",\"@id\":\"https:\/\/www.auditorium.com\/it\/productions\/a-light-day\/#breadcrumb\",\"itemListElement\":[{\"@type\":\"ListItem\",\"position\":1,\"name\":\"Home\",\"item\":\"https:\/\/www.auditorium.com\/it\/\"},{\"@type\":\"ListItem\",\"position\":2,\"name\":\"Produzioni\",\"item\":\"https:\/\/www.auditorium.com\/it\/productions\/\"},{\"@type\":\"ListItem\",\"position\":3,\"name\":\"A Light Day\"}]},{\"@type\":\"WebSite\",\"@id\":\"https:\/\/www.auditorium.com\/it\/#website\",\"url\":\"https:\/\/www.auditorium.com\/it\/\",\"name\":\"Auditorium Parco della Musica Ennio Morricone\",\"description\":\"Progettato da Renzo Piano, l&#039;Auditorium rappresenta una sofisticata architettura musicale e uno straordinario intervento di riqualificazione urbana.\",\"publisher\":{\"@id\":\"https:\/\/www.auditorium.com\/it\/#organization\"},\"potentialAction\":[{\"@type\":\"SearchAction\",\"target\":{\"@type\":\"EntryPoint\",\"urlTemplate\":\"https:\/\/www.auditorium.com\/it\/?s={search_term_string}\"},\"query-input\":\"required name=search_term_string\"}],\"inLanguage\":\"it-IT\"},{\"@type\":\"Organization\",\"@id\":\"https:\/\/www.auditorium.com\/it\/#organization\",\"name\":\"Auditorium Parco della Musica Ennio Morricone\",\"url\":\"https:\/\/www.auditorium.com\/it\/\",\"logo\":{\"@type\":\"ImageObject\",\"inLanguage\":\"it-IT\",\"@id\":\"https:\/\/www.auditorium.com\/it\/#\/schema\/logo\/image\/\",\"url\":\"https:\/\/www.auditorium.com\/wp-content\/uploads\/2022\/12\/logo-auditorium.svg\",\"contentUrl\":\"https:\/\/www.auditorium.com\/wp-content\/uploads\/2022\/12\/logo-auditorium.svg\",\"width\":86,\"height\":79,\"caption\":\"Auditorium Parco della Musica Ennio Morricone\"},\"image\":{\"@id\":\"https:\/\/www.auditorium.com\/it\/#\/schema\/logo\/image\/\"},\"sameAs\":[\"https:\/\/www.facebook.com\/AuditoriumParcodellaMusica\",\"https:\/\/x.com\/auditoriumpdm\",\"https:\/\/www.instagram.com\/auditoriumparcodellamusica\/\"]}]}<\/script>\n<!-- \/ Yoast SEO plugin. -->","yoast_head_json":{"title":"A Light Day | Auditorium Parco della Musica Ennio Morricone","description":"Il grande pianista jazz meranese torna a pubblicare un album solista, ma in cui la musica si fa magicamente collettiva. Scopri di pi\u00f9.","robots":{"index":"index","follow":"follow","max-snippet":"max-snippet:-1","max-image-preview":"max-image-preview:large","max-video-preview":"max-video-preview:-1"},"canonical":"https:\/\/www.auditorium.com\/it\/productions\/a-light-day\/","og_locale":"it_IT","og_type":"article","og_title":"A Light Day | Auditorium Parco della Musica Ennio Morricone","og_description":"Il grande pianista jazz meranese torna a pubblicare un album solista, ma in cui la musica si fa magicamente collettiva. Scopri di pi\u00f9.","og_url":"https:\/\/www.auditorium.com\/it\/productions\/a-light-day\/","og_site_name":"Auditorium Parco della Musica Ennio Morricone","article_publisher":"https:\/\/www.facebook.com\/AuditoriumParcodellaMusica","article_modified_time":"2023-03-10T14:59:40+00:00","og_image":[{"width":1517,"height":850,"url":"https:\/\/www.auditorium.com\/wp-content\/uploads\/2023\/02\/FRANCO-DANDREA_A-light-day.jpg","type":"image\/jpeg"}],"twitter_card":"summary_large_image","twitter_site":"@auditoriumpdm","twitter_misc":{"Tempo di lettura stimato":"3 minuti"},"schema":{"@context":"https:\/\/schema.org","@graph":[{"@type":"WebPage","@id":"https:\/\/www.auditorium.com\/it\/productions\/a-light-day\/","url":"https:\/\/www.auditorium.com\/it\/productions\/a-light-day\/","name":"A Light Day | Auditorium Parco della Musica Ennio Morricone","isPartOf":{"@id":"https:\/\/www.auditorium.com\/it\/#website"},"primaryImageOfPage":{"@id":"https:\/\/www.auditorium.com\/it\/productions\/a-light-day\/#primaryimage"},"image":{"@id":"https:\/\/www.auditorium.com\/it\/productions\/a-light-day\/#primaryimage"},"thumbnailUrl":"https:\/\/www.auditorium.com\/wp-content\/uploads\/2023\/02\/FRANCO-DANDREA_A-light-day.jpg","datePublished":"2021-01-01T11:01:31+00:00","dateModified":"2023-03-10T14:59:40+00:00","description":"Il grande pianista jazz meranese torna a pubblicare un album solista, ma in cui la musica si fa magicamente collettiva. Scopri di pi\u00f9.","breadcrumb":{"@id":"https:\/\/www.auditorium.com\/it\/productions\/a-light-day\/#breadcrumb"},"inLanguage":"it-IT","potentialAction":[{"@type":"ReadAction","target":["https:\/\/www.auditorium.com\/it\/productions\/a-light-day\/"]}]},{"@type":"ImageObject","inLanguage":"it-IT","@id":"https:\/\/www.auditorium.com\/it\/productions\/a-light-day\/#primaryimage","url":"https:\/\/www.auditorium.com\/wp-content\/uploads\/2023\/02\/FRANCO-DANDREA_A-light-day.jpg","contentUrl":"https:\/\/www.auditorium.com\/wp-content\/uploads\/2023\/02\/FRANCO-DANDREA_A-light-day.jpg","width":1517,"height":850,"caption":"FRANCO-DANDREA_A-light-day"},{"@type":"BreadcrumbList","@id":"https:\/\/www.auditorium.com\/it\/productions\/a-light-day\/#breadcrumb","itemListElement":[{"@type":"ListItem","position":1,"name":"Home","item":"https:\/\/www.auditorium.com\/it\/"},{"@type":"ListItem","position":2,"name":"Produzioni","item":"https:\/\/www.auditorium.com\/it\/productions\/"},{"@type":"ListItem","position":3,"name":"A Light Day"}]},{"@type":"WebSite","@id":"https:\/\/www.auditorium.com\/it\/#website","url":"https:\/\/www.auditorium.com\/it\/","name":"Auditorium Parco della Musica Ennio Morricone","description":"Progettato da Renzo Piano, l&#039;Auditorium rappresenta una sofisticata architettura musicale e uno straordinario intervento di riqualificazione urbana.","publisher":{"@id":"https:\/\/www.auditorium.com\/it\/#organization"},"potentialAction":[{"@type":"SearchAction","target":{"@type":"EntryPoint","urlTemplate":"https:\/\/www.auditorium.com\/it\/?s={search_term_string}"},"query-input":"required name=search_term_string"}],"inLanguage":"it-IT"},{"@type":"Organization","@id":"https:\/\/www.auditorium.com\/it\/#organization","name":"Auditorium Parco della Musica Ennio Morricone","url":"https:\/\/www.auditorium.com\/it\/","logo":{"@type":"ImageObject","inLanguage":"it-IT","@id":"https:\/\/www.auditorium.com\/it\/#\/schema\/logo\/image\/","url":"https:\/\/www.auditorium.com\/wp-content\/uploads\/2022\/12\/logo-auditorium.svg","contentUrl":"https:\/\/www.auditorium.com\/wp-content\/uploads\/2022\/12\/logo-auditorium.svg","width":86,"height":79,"caption":"Auditorium Parco della Musica Ennio Morricone"},"image":{"@id":"https:\/\/www.auditorium.com\/it\/#\/schema\/logo\/image\/"},"sameAs":["https:\/\/www.facebook.com\/AuditoriumParcodellaMusica","https:\/\/x.com\/auditoriumpdm","https:\/\/www.instagram.com\/auditoriumparcodellamusica\/"]}]}},"_links":{"self":[{"href":"https:\/\/www.auditorium.com\/it\/wp-json\/wp\/v2\/productions\/3643","targetHints":{"allow":["GET"]}}],"collection":[{"href":"https:\/\/www.auditorium.com\/it\/wp-json\/wp\/v2\/productions"}],"about":[{"href":"https:\/\/www.auditorium.com\/it\/wp-json\/wp\/v2\/types\/productions"}],"wp:featuredmedia":[{"embeddable":true,"href":"https:\/\/www.auditorium.com\/it\/wp-json\/wp\/v2\/media\/3566"}],"wp:attachment":[{"href":"https:\/\/www.auditorium.com\/it\/wp-json\/wp\/v2\/media?parent=3643"}],"wp:term":[{"taxonomy":"production_categories","embeddable":true,"href":"https:\/\/www.auditorium.com\/it\/wp-json\/wp\/v2\/production_categories?post=3643"}],"curies":[{"name":"wp","href":"https:\/\/api.w.org\/{rel}","templated":true}]}}

<p>Dopo il doppio album dell’ottetto capitanato da <strong>Franco D’Andrea</strong>, la Parco della Musica Records pubblica un album in solo del pianista meranese. Un ritorno atteso che riserva molte sorprese. Il solo è il momento di massima introspezione per un musicista: è il confronto con lo strumento, con i suoi limiti, con le strategie per superarli, ma è soprattutto il confronto con se stessi. Nel 1980 <strong>Franco D’Andrea</strong> incise due album in piano solo, “Dialogues With Super Ego” ed “Es”, che segnarono l’inizio di una nuova fase creativa che dura ininterrottamente fino a oggi. Alla ricerca sul materiale, sul suono e sulla combinazione degli elementi, già avviata negli anni precedenti, si affianca un fatto del tutto nuovo: un’esplorazione interiore senza precedenti.</p>
<p>Ascoltare quei due dischi è mettersi all’ascolto di un lungo flusso di coscienza che scorre ininterrotto e turbinante. Nel corso degli anni l’esplorazione del mondo interiore e la ricerca e la sperimentazione sui parametri musicali hanno finito per coincidere: il pianoforte si è popolato di colori e di ritmi, ha assunto una dimensione orchestrale, ha recuperato prassi esecutive del primo jazz così come del periodo free; l’interiorità del piano solo è confluita nella musica delle formazioni allargate, che respirano come un solo organismo, mentre l’eterofonia di queste ultime è stata assorbita dal solo. Ascoltare oggi il piano solo di <strong>Franco D’Andrea</strong> non è più soltanto ascoltare quella dimensione interiore, quel solitario flusso di coscienza dei primi importanti dischi in solo. <strong>Franco</strong> non è più solo. La sua musica in solo è magicamente collettiva. Evoca un dialogo costante tra i mondi sonori che abitano il profondo dell’artista: la coscienza individuale si confonde con la coscienza collettiva.</p>
<p>Con oltre 160 dischi incisi in Italia e all&#8217;estero e 20 premi Top Jazz vinti nella sua carriera, di cui 11 nella categoria “Musicista italiano dell’anno”, <strong>Franco D’Andrea</strong> è considerato uno dei migliori pianisti contemporanei e rappresenta l’eccellenza che il jazz italiano ha saputo partorire negli ultimi 50 anni. Un’unicità la sua, testimoniata da più di duecento brani composti, autorevoli riconoscimenti accademici, centinaia di collaborazioni con musicisti di tutto il mondo, masterclass tenute in diverse scuole e accademie. <strong>Franco D’Andrea</strong> ha tracciato con i suoi dischi, i suoi concerti e la sua attività didattica un percorso tutto personale nel jazz, portando avanti una ricerca profonda nell’ambito della musica afroamericana, dando vita a progetti ambiziosi che vanno dal solo ai grandi ensemble, sempre mantenendo una cifra estetica e poetica estremamente originale.</p>

Dopo anni di produzioni d&#8217;ensamble, Franco D&#8217;Andrea torna a pubblicare un album per piano solo. La sua musica in solo è però magicamente collettiva.

<!-- This site is optimized with the Yoast SEO plugin v22.6 - https://yoast.com/wordpress/plugins/seo/ -->
<title>A Light Day | Auditorium Parco della Musica Ennio Morricone</title>
<meta name="description" content="Il grande pianista jazz meranese torna a pubblicare un album solista, ma in cui la musica si fa magicamente collettiva. Scopri di più." />
<meta name="robots" content="index, follow, max-snippet:-1, max-image-preview:large, max-video-preview:-1" />
<link rel="canonical" href="https://www.auditorium.com/it/productions/a-light-day/" />
<meta property="og:locale" content="it_IT" />
<meta property="og:type" content="article" />
<meta property="og:title" content="A Light Day | Auditorium Parco della Musica Ennio Morricone" />
<meta property="og:description" content="Il grande pianista jazz meranese torna a pubblicare un album solista, ma in cui la musica si fa magicamente collettiva. Scopri di più." />
<meta property="og:url" content="https://www.auditorium.com/it/productions/a-light-day/" />
<meta property="og:site_name" content="Auditorium Parco della Musica Ennio Morricone" />
<meta property="article:publisher" content="https://www.facebook.com/AuditoriumParcodellaMusica" />
<meta property="article:modified_time" content="2023-03-10T14:59:40+00:00" />
<meta property="og:image" content="https://www.auditorium.com/wp-content/uploads/2023/02/FRANCO-DANDREA_A-light-day.jpg" />
	<meta property="og:image:width" content="1517" />
	<meta property="og:image:height" content="850" />
	<meta property="og:image:type" content="image/jpeg" />
<meta name="twitter:card" content="summary_large_image" />
<meta name="twitter:site" content="@auditoriumpdm" />
<meta name="twitter:label1" content="Tempo di lettura stimato" />
	<meta name="twitter:data1" content="3 minuti" />
<script type="application/ld+json" class="yoast-schema-graph">{"@context":"https://schema.org","@graph":[{"@type":"WebPage","@id":"https://www.auditorium.com/it/productions/a-light-day/","url":"https://www.auditorium.com/it/productions/a-light-day/","name":"A Light Day | Auditorium Parco della Musica Ennio Morricone","isPartOf":{"@id":"https://www.auditorium.com/it/#website"},"primaryImageOfPage":{"@id":"https://www.auditorium.com/it/productions/a-light-day/#primaryimage"},"image":{"@id":"https://www.auditorium.com/it/productions/a-light-day/#primaryimage"},"thumbnailUrl":"https://www.auditorium.com/wp-content/uploads/2023/02/FRANCO-DANDREA_A-light-day.jpg","datePublished":"2021-01-01T11:01:31+00:00","dateModified":"2023-03-10T14:59:40+00:00","description":"Il grande pianista jazz meranese torna a pubblicare un album solista, ma in cui la musica si fa magicamente collettiva. Scopri di più.","breadcrumb":{"@id":"https://www.auditorium.com/it/productions/a-light-day/#breadcrumb"},"inLanguage":"it-IT","potentialAction":[{"@type":"ReadAction","target":["https://www.auditorium.com/it/productions/a-light-day/"]}]},{"@type":"ImageObject","inLanguage":"it-IT","@id":"https://www.auditorium.com/it/productions/a-light-day/#primaryimage","url":"https://www.auditorium.com/wp-content/uploads/2023/02/FRANCO-DANDREA_A-light-day.jpg","contentUrl":"https://www.auditorium.com/wp-content/uploads/2023/02/FRANCO-DANDREA_A-light-day.jpg","width":1517,"height":850,"caption":"FRANCO-DANDREA_A-light-day"},{"@type":"BreadcrumbList","@id":"https://www.auditorium.com/it/productions/a-light-day/#breadcrumb","itemListElement":[{"@type":"ListItem","position":1,"name":"Home","item":"https://www.auditorium.com/it/"},{"@type":"ListItem","position":2,"name":"Produzioni","item":"https://www.auditorium.com/it/productions/"},{"@type":"ListItem","position":3,"name":"A Light Day"}]},{"@type":"WebSite","@id":"https://www.auditorium.com/it/#website","url":"https://www.auditorium.com/it/","name":"Auditorium Parco della Musica Ennio Morricone","description":"Progettato da Renzo Piano, l&#039;Auditorium rappresenta una sofisticata architettura musicale e uno straordinario intervento di riqualificazione urbana.","publisher":{"@id":"https://www.auditorium.com/it/#organization"},"potentialAction":[{"@type":"SearchAction","target":{"@type":"EntryPoint","urlTemplate":"https://www.auditorium.com/it/?s={search_term_string}"},"query-input":"required name=search_term_string"}],"inLanguage":"it-IT"},{"@type":"Organization","@id":"https://www.auditorium.com/it/#organization","name":"Auditorium Parco della Musica Ennio Morricone","url":"https://www.auditorium.com/it/","logo":{"@type":"ImageObject","inLanguage":"it-IT","@id":"https://www.auditorium.com/it/#/schema/logo/image/","url":"https://www.auditorium.com/wp-content/uploads/2022/12/logo-auditorium.svg","contentUrl":"https://www.auditorium.com/wp-content/uploads/2022/12/logo-auditorium.svg","width":86,"height":79,"caption":"Auditorium Parco della Musica Ennio Morricone"},"image":{"@id":"https://www.auditorium.com/it/#/schema/logo/image/"},"sameAs":["https://www.facebook.com/AuditoriumParcodellaMusica","https://x.com/auditoriumpdm","https://www.instagram.com/auditoriumparcodellamusica/"]}]}</script>
<!-- / Yoast SEO plugin. -->

Il grande pianista jazz meranese torna a pubblicare un album solista, ma in cui la musica si fa magicamente collettiva. Scopri di più.
