{"id":3627,"date":"2020-04-03T10:43:36","date_gmt":"2020-04-03T09:43:36","guid":{"rendered":"https:\/\/www.auditorium.com\/?post_type=productions&#038;p=3627"},"modified":"2023-03-09T14:32:35","modified_gmt":"2023-03-09T13:32:35","slug":"quiet-journey","status":"publish","type":"productions","link":"https:\/\/www.auditorium.com\/it\/productions\/quiet-journey\/","title":{"rendered":"Quiet Journey"},"content":{"rendered":"<p>La Parco della Musica Records presenta \u201cQuiet Journey\u201d, un progetto acustico in cui il chitarrista <strong>Antonio Jasevoli<\/strong> esegue musica scritta e arrangiata per un organico d\u2019impronta cameristica con <strong>Paolo Damiani, Fulvio Maras <\/strong>e <strong>Gianluigi Trovesi<\/strong>. Il progetto, difficilmente confinabile nel concetto di musica jazz contemporanea, mette al centro la chitarra classica e il suo timbro universale a cui si lega uno sconfinato mondo di colori e sentimenti.\u00a0\u00abCon la chitarra classica si pu\u00f2 suonare tutto; possiede la grande qualit\u00e0 di non avere colorazioni particolari, al contrario di quella elettrica e acustica che hanno una voce pi\u00f9 specifica\u00bb, confida <strong>Antonio<\/strong>.<\/p>\n<p>In ambito etno-classico questa alchimia dei quattro trova il terreno adatto su cui germogliare, e il concetto di rituale, di spirituale e di folclorico che vengono evocati nelle note e nelle trame si sviluppano a meraviglia. Composizioni e arrangiamenti originali \u2013 con zone di improvvisazioni strutturate e ombre totalmente libere \u2013 vivificano l\u2019esperienza fortemente basata sulla ricerca di un suono pi\u00f9 essenziale possibile, per evidenziare la natura recondita di questo. La grande maturit\u00e0 del leader \u00e8 ancora una volta giustificata dalla scelta dei compagni di viaggio, tutti solisti di assoluto valore, noti per essere caposcuola nei rispettivi strumenti.<\/p>\n","protected":false},"excerpt":{"rendered":"Il progetto, difficilmente confinabile nel concetto di musica jazz contemporanea, mette al centro la chitarra classica e il suo timbro universale a cui si lega uno sconfinato mondo di colori e sentimenti.","protected":false},"featured_media":3532,"template":"","meta":{"_acf_changed":false,"inline_featured_image":false},"production_categories":[99],"class_list":["post-3627","productions","type-productions","status-publish","has-post-thumbnail","hentry","production_categories-jazz"],"acf":[],"yoast_head":"<!-- This site is optimized with the Yoast SEO plugin v22.6 - https:\/\/yoast.com\/wordpress\/plugins\/seo\/ -->\n<title>Quiet Journey | Auditorium Parco della Musica Ennio Morricone<\/title>\n<meta name=\"description\" content=\"Un progetto difficilmente confinabile nel concetto di musica jazz contemporanea, che mette al centro la chitarra classica e il suo timbro universale.\" \/>\n<meta name=\"robots\" content=\"index, follow, max-snippet:-1, max-image-preview:large, max-video-preview:-1\" \/>\n<link rel=\"canonical\" href=\"https:\/\/www.auditorium.com\/it\/productions\/quiet-journey\/\" \/>\n<meta property=\"og:locale\" content=\"it_IT\" \/>\n<meta property=\"og:type\" content=\"article\" \/>\n<meta property=\"og:title\" content=\"Quiet Journey | Auditorium Parco della Musica Ennio Morricone\" \/>\n<meta property=\"og:description\" content=\"Un progetto difficilmente confinabile nel concetto di musica jazz contemporanea, che mette al centro la chitarra classica e il suo timbro universale.\" \/>\n<meta property=\"og:url\" content=\"https:\/\/www.auditorium.com\/it\/productions\/quiet-journey\/\" \/>\n<meta property=\"og:site_name\" content=\"Auditorium Parco della Musica Ennio Morricone\" \/>\n<meta property=\"article:publisher\" content=\"https:\/\/www.facebook.com\/AuditoriumParcodellaMusica\" \/>\n<meta property=\"article:modified_time\" content=\"2023-03-09T13:32:35+00:00\" \/>\n<meta property=\"og:image\" content=\"https:\/\/www.auditorium.com\/wp-content\/uploads\/2023\/02\/Antonio-Jasevoli-Chamber-Project-with-Paolo-Damiani-_-Fulvio-Maras-feat.-Gianluigi-Trovesi_Quintet-Journey.jpg\" \/>\n\t<meta property=\"og:image:width\" content=\"1517\" \/>\n\t<meta property=\"og:image:height\" content=\"850\" \/>\n\t<meta property=\"og:image:type\" content=\"image\/jpeg\" \/>\n<meta name=\"twitter:card\" content=\"summary_large_image\" \/>\n<meta name=\"twitter:site\" content=\"@auditoriumpdm\" \/>\n<meta name=\"twitter:label1\" content=\"Tempo di lettura stimato\" \/>\n\t<meta name=\"twitter:data1\" content=\"2 minuti\" \/>\n<script type=\"application\/ld+json\" class=\"yoast-schema-graph\">{\"@context\":\"https:\/\/schema.org\",\"@graph\":[{\"@type\":\"WebPage\",\"@id\":\"https:\/\/www.auditorium.com\/it\/productions\/quiet-journey\/\",\"url\":\"https:\/\/www.auditorium.com\/it\/productions\/quiet-journey\/\",\"name\":\"Quiet Journey | Auditorium Parco della Musica Ennio Morricone\",\"isPartOf\":{\"@id\":\"https:\/\/www.auditorium.com\/it\/#website\"},\"primaryImageOfPage\":{\"@id\":\"https:\/\/www.auditorium.com\/it\/productions\/quiet-journey\/#primaryimage\"},\"image\":{\"@id\":\"https:\/\/www.auditorium.com\/it\/productions\/quiet-journey\/#primaryimage\"},\"thumbnailUrl\":\"https:\/\/www.auditorium.com\/wp-content\/uploads\/2023\/02\/Antonio-Jasevoli-Chamber-Project-with-Paolo-Damiani-_-Fulvio-Maras-feat.-Gianluigi-Trovesi_Quintet-Journey.jpg\",\"datePublished\":\"2020-04-03T09:43:36+00:00\",\"dateModified\":\"2023-03-09T13:32:35+00:00\",\"description\":\"Un progetto difficilmente confinabile nel concetto di musica jazz contemporanea, che mette al centro la chitarra classica e il suo timbro universale.\",\"breadcrumb\":{\"@id\":\"https:\/\/www.auditorium.com\/it\/productions\/quiet-journey\/#breadcrumb\"},\"inLanguage\":\"it-IT\",\"potentialAction\":[{\"@type\":\"ReadAction\",\"target\":[\"https:\/\/www.auditorium.com\/it\/productions\/quiet-journey\/\"]}]},{\"@type\":\"ImageObject\",\"inLanguage\":\"it-IT\",\"@id\":\"https:\/\/www.auditorium.com\/it\/productions\/quiet-journey\/#primaryimage\",\"url\":\"https:\/\/www.auditorium.com\/wp-content\/uploads\/2023\/02\/Antonio-Jasevoli-Chamber-Project-with-Paolo-Damiani-_-Fulvio-Maras-feat.-Gianluigi-Trovesi_Quintet-Journey.jpg\",\"contentUrl\":\"https:\/\/www.auditorium.com\/wp-content\/uploads\/2023\/02\/Antonio-Jasevoli-Chamber-Project-with-Paolo-Damiani-_-Fulvio-Maras-feat.-Gianluigi-Trovesi_Quintet-Journey.jpg\",\"width\":1517,\"height\":850,\"caption\":\"Antonio-Jasevoli-Chamber-Project-with-Paolo-Damiani-_-Fulvio-Maras-feat.-Gianluigi-Trovesi_Quinte-Journey\"},{\"@type\":\"BreadcrumbList\",\"@id\":\"https:\/\/www.auditorium.com\/it\/productions\/quiet-journey\/#breadcrumb\",\"itemListElement\":[{\"@type\":\"ListItem\",\"position\":1,\"name\":\"Home\",\"item\":\"https:\/\/www.auditorium.com\/it\/\"},{\"@type\":\"ListItem\",\"position\":2,\"name\":\"Produzioni\",\"item\":\"https:\/\/www.auditorium.com\/it\/productions\/\"},{\"@type\":\"ListItem\",\"position\":3,\"name\":\"Quiet Journey\"}]},{\"@type\":\"WebSite\",\"@id\":\"https:\/\/www.auditorium.com\/it\/#website\",\"url\":\"https:\/\/www.auditorium.com\/it\/\",\"name\":\"Auditorium Parco della Musica Ennio Morricone\",\"description\":\"Progettato da Renzo Piano, l&#039;Auditorium rappresenta una sofisticata architettura musicale e uno straordinario intervento di riqualificazione urbana.\",\"publisher\":{\"@id\":\"https:\/\/www.auditorium.com\/it\/#organization\"},\"potentialAction\":[{\"@type\":\"SearchAction\",\"target\":{\"@type\":\"EntryPoint\",\"urlTemplate\":\"https:\/\/www.auditorium.com\/it\/?s={search_term_string}\"},\"query-input\":\"required name=search_term_string\"}],\"inLanguage\":\"it-IT\"},{\"@type\":\"Organization\",\"@id\":\"https:\/\/www.auditorium.com\/it\/#organization\",\"name\":\"Auditorium Parco della Musica Ennio Morricone\",\"url\":\"https:\/\/www.auditorium.com\/it\/\",\"logo\":{\"@type\":\"ImageObject\",\"inLanguage\":\"it-IT\",\"@id\":\"https:\/\/www.auditorium.com\/it\/#\/schema\/logo\/image\/\",\"url\":\"https:\/\/www.auditorium.com\/wp-content\/uploads\/2022\/12\/logo-auditorium.svg\",\"contentUrl\":\"https:\/\/www.auditorium.com\/wp-content\/uploads\/2022\/12\/logo-auditorium.svg\",\"width\":86,\"height\":79,\"caption\":\"Auditorium Parco della Musica Ennio Morricone\"},\"image\":{\"@id\":\"https:\/\/www.auditorium.com\/it\/#\/schema\/logo\/image\/\"},\"sameAs\":[\"https:\/\/www.facebook.com\/AuditoriumParcodellaMusica\",\"https:\/\/x.com\/auditoriumpdm\",\"https:\/\/www.instagram.com\/auditoriumparcodellamusica\/\"]}]}<\/script>\n<!-- \/ Yoast SEO plugin. -->","yoast_head_json":{"title":"Quiet Journey | Auditorium Parco della Musica Ennio Morricone","description":"Un progetto difficilmente confinabile nel concetto di musica jazz contemporanea, che mette al centro la chitarra classica e il suo timbro universale.","robots":{"index":"index","follow":"follow","max-snippet":"max-snippet:-1","max-image-preview":"max-image-preview:large","max-video-preview":"max-video-preview:-1"},"canonical":"https:\/\/www.auditorium.com\/it\/productions\/quiet-journey\/","og_locale":"it_IT","og_type":"article","og_title":"Quiet Journey | Auditorium Parco della Musica Ennio Morricone","og_description":"Un progetto difficilmente confinabile nel concetto di musica jazz contemporanea, che mette al centro la chitarra classica e il suo timbro universale.","og_url":"https:\/\/www.auditorium.com\/it\/productions\/quiet-journey\/","og_site_name":"Auditorium Parco della Musica Ennio Morricone","article_publisher":"https:\/\/www.facebook.com\/AuditoriumParcodellaMusica","article_modified_time":"2023-03-09T13:32:35+00:00","og_image":[{"width":1517,"height":850,"url":"https:\/\/www.auditorium.com\/wp-content\/uploads\/2023\/02\/Antonio-Jasevoli-Chamber-Project-with-Paolo-Damiani-_-Fulvio-Maras-feat.-Gianluigi-Trovesi_Quintet-Journey.jpg","type":"image\/jpeg"}],"twitter_card":"summary_large_image","twitter_site":"@auditoriumpdm","twitter_misc":{"Tempo di lettura stimato":"2 minuti"},"schema":{"@context":"https:\/\/schema.org","@graph":[{"@type":"WebPage","@id":"https:\/\/www.auditorium.com\/it\/productions\/quiet-journey\/","url":"https:\/\/www.auditorium.com\/it\/productions\/quiet-journey\/","name":"Quiet Journey | Auditorium Parco della Musica Ennio Morricone","isPartOf":{"@id":"https:\/\/www.auditorium.com\/it\/#website"},"primaryImageOfPage":{"@id":"https:\/\/www.auditorium.com\/it\/productions\/quiet-journey\/#primaryimage"},"image":{"@id":"https:\/\/www.auditorium.com\/it\/productions\/quiet-journey\/#primaryimage"},"thumbnailUrl":"https:\/\/www.auditorium.com\/wp-content\/uploads\/2023\/02\/Antonio-Jasevoli-Chamber-Project-with-Paolo-Damiani-_-Fulvio-Maras-feat.-Gianluigi-Trovesi_Quintet-Journey.jpg","datePublished":"2020-04-03T09:43:36+00:00","dateModified":"2023-03-09T13:32:35+00:00","description":"Un progetto difficilmente confinabile nel concetto di musica jazz contemporanea, che mette al centro la chitarra classica e il suo timbro universale.","breadcrumb":{"@id":"https:\/\/www.auditorium.com\/it\/productions\/quiet-journey\/#breadcrumb"},"inLanguage":"it-IT","potentialAction":[{"@type":"ReadAction","target":["https:\/\/www.auditorium.com\/it\/productions\/quiet-journey\/"]}]},{"@type":"ImageObject","inLanguage":"it-IT","@id":"https:\/\/www.auditorium.com\/it\/productions\/quiet-journey\/#primaryimage","url":"https:\/\/www.auditorium.com\/wp-content\/uploads\/2023\/02\/Antonio-Jasevoli-Chamber-Project-with-Paolo-Damiani-_-Fulvio-Maras-feat.-Gianluigi-Trovesi_Quintet-Journey.jpg","contentUrl":"https:\/\/www.auditorium.com\/wp-content\/uploads\/2023\/02\/Antonio-Jasevoli-Chamber-Project-with-Paolo-Damiani-_-Fulvio-Maras-feat.-Gianluigi-Trovesi_Quintet-Journey.jpg","width":1517,"height":850,"caption":"Antonio-Jasevoli-Chamber-Project-with-Paolo-Damiani-_-Fulvio-Maras-feat.-Gianluigi-Trovesi_Quinte-Journey"},{"@type":"BreadcrumbList","@id":"https:\/\/www.auditorium.com\/it\/productions\/quiet-journey\/#breadcrumb","itemListElement":[{"@type":"ListItem","position":1,"name":"Home","item":"https:\/\/www.auditorium.com\/it\/"},{"@type":"ListItem","position":2,"name":"Produzioni","item":"https:\/\/www.auditorium.com\/it\/productions\/"},{"@type":"ListItem","position":3,"name":"Quiet Journey"}]},{"@type":"WebSite","@id":"https:\/\/www.auditorium.com\/it\/#website","url":"https:\/\/www.auditorium.com\/it\/","name":"Auditorium Parco della Musica Ennio Morricone","description":"Progettato da Renzo Piano, l&#039;Auditorium rappresenta una sofisticata architettura musicale e uno straordinario intervento di riqualificazione urbana.","publisher":{"@id":"https:\/\/www.auditorium.com\/it\/#organization"},"potentialAction":[{"@type":"SearchAction","target":{"@type":"EntryPoint","urlTemplate":"https:\/\/www.auditorium.com\/it\/?s={search_term_string}"},"query-input":"required name=search_term_string"}],"inLanguage":"it-IT"},{"@type":"Organization","@id":"https:\/\/www.auditorium.com\/it\/#organization","name":"Auditorium Parco della Musica Ennio Morricone","url":"https:\/\/www.auditorium.com\/it\/","logo":{"@type":"ImageObject","inLanguage":"it-IT","@id":"https:\/\/www.auditorium.com\/it\/#\/schema\/logo\/image\/","url":"https:\/\/www.auditorium.com\/wp-content\/uploads\/2022\/12\/logo-auditorium.svg","contentUrl":"https:\/\/www.auditorium.com\/wp-content\/uploads\/2022\/12\/logo-auditorium.svg","width":86,"height":79,"caption":"Auditorium Parco della Musica Ennio Morricone"},"image":{"@id":"https:\/\/www.auditorium.com\/it\/#\/schema\/logo\/image\/"},"sameAs":["https:\/\/www.facebook.com\/AuditoriumParcodellaMusica","https:\/\/x.com\/auditoriumpdm","https:\/\/www.instagram.com\/auditoriumparcodellamusica\/"]}]}},"_links":{"self":[{"href":"https:\/\/www.auditorium.com\/it\/wp-json\/wp\/v2\/productions\/3627","targetHints":{"allow":["GET"]}}],"collection":[{"href":"https:\/\/www.auditorium.com\/it\/wp-json\/wp\/v2\/productions"}],"about":[{"href":"https:\/\/www.auditorium.com\/it\/wp-json\/wp\/v2\/types\/productions"}],"wp:featuredmedia":[{"embeddable":true,"href":"https:\/\/www.auditorium.com\/it\/wp-json\/wp\/v2\/media\/3532"}],"wp:attachment":[{"href":"https:\/\/www.auditorium.com\/it\/wp-json\/wp\/v2\/media?parent=3627"}],"wp:term":[{"taxonomy":"production_categories","embeddable":true,"href":"https:\/\/www.auditorium.com\/it\/wp-json\/wp\/v2\/production_categories?post=3627"}],"curies":[{"name":"wp","href":"https:\/\/api.w.org\/{rel}","templated":true}]}}

<p>La Parco della Musica Records presenta “Quiet Journey”, un progetto acustico in cui il chitarrista <strong>Antonio Jasevoli</strong> esegue musica scritta e arrangiata per un organico d’impronta cameristica con <strong>Paolo Damiani, Fulvio Maras </strong>e <strong>Gianluigi Trovesi</strong>. Il progetto, difficilmente confinabile nel concetto di musica jazz contemporanea, mette al centro la chitarra classica e il suo timbro universale a cui si lega uno sconfinato mondo di colori e sentimenti. «Con la chitarra classica si può suonare tutto; possiede la grande qualità di non avere colorazioni particolari, al contrario di quella elettrica e acustica che hanno una voce più specifica», confida <strong>Antonio</strong>.</p>
<p>In ambito etno-classico questa alchimia dei quattro trova il terreno adatto su cui germogliare, e il concetto di rituale, di spirituale e di folclorico che vengono evocati nelle note e nelle trame si sviluppano a meraviglia. Composizioni e arrangiamenti originali – con zone di improvvisazioni strutturate e ombre totalmente libere – vivificano l’esperienza fortemente basata sulla ricerca di un suono più essenziale possibile, per evidenziare la natura recondita di questo. La grande maturità del leader è ancora una volta giustificata dalla scelta dei compagni di viaggio, tutti solisti di assoluto valore, noti per essere caposcuola nei rispettivi strumenti.</p>
