{"id":2331,"date":"2023-01-19T10:50:37","date_gmt":"2023-01-19T09:50:37","guid":{"rendered":"https:\/\/www.auditorium.com\/?page_id=2331"},"modified":"2023-01-19T10:50:37","modified_gmt":"2023-01-19T09:50:37","slug":"chi-siamo","status":"publish","type":"page","link":"https:\/\/www.auditorium.com\/it\/chi-siamo\/","title":{"rendered":"Chi siamo"},"content":{"rendered":"<p><b>Dalla data di inaugurazione, 21 dicembre 2002, l&#8217;Auditorium si distingue nel panorama culturale italiano per qualit\u00e0 dell&#8217;offerta e quantit\u00e0 di pubblico coinvolto. La capacit\u00e0 di autofinanziamento della struttura, intitolata nel 2020 al maestro Ennio Morricone, supera il 60%.<\/b><\/p>\n<p>&nbsp;<\/p>\n<p><span style=\"font-weight: 400;\">Il complesso \u00e8 gestito da <strong>Fondazione Musica per Roma<\/strong>, realt\u00e0 nata il 19 luglio 2004 come nuova ragione sociale dell\u2019originaria Societ\u00e0 per azioni istituita nel 1999. Si tratta della prima grande trasformazione di una Spa in fondazione, consentita dalla riforma del nuovo diritto societario. I soci fondatori sono il Comune di Roma, che ha dato in concessione d&#8217;uso per 99 anni l&#8217;immobile Auditorium alla Fondazione., la Camera di Commercio di Roma e la Regione Lazio.\u00a0<\/span><\/p>\n<p>&nbsp;<\/p>\n<p><span style=\"font-weight: 400;\">L\u2019Auditorium gestito dalla Fondazione \u00e8 sede di una delle pi\u00f9 antiche istituzioni musicali al mondo \u2013 l\u2019<strong>Accademia Nazionale di Santa Cecilia<\/strong> \u2013 di cui ospita i concerti di musica sinfonica e cameristica, affiancandoli alla programmazione musicale pi\u00f9 varia (jazz, pop, rock, world) e ad una densa offerta di prime cinematografiche, rappresentazioni teatrali, mostre d&#8217;arte e appuntamenti letterari.<\/span><\/p>\n","protected":false},"excerpt":{"rendered":"Dalla data di inaugurazione, 21 dicembre 2002, l&#8217;Auditorium si distingue nel panorama culturale italiano per qualit\u00e0 dell&#8217;offerta e quantit\u00e0 di pubblico coinvolto. La capacit\u00e0 di autofinanziamento della struttura, intitolata nel 2020 al maestro Ennio Morricone, supera il 60%. &nbsp; Il complesso \u00e8 gestito da Fondazione Musica per Roma, realt\u00e0 nata il 19 luglio 2004 come [&hellip;]","protected":false},"author":24,"featured_media":1066,"parent":0,"menu_order":0,"comment_status":"closed","ping_status":"closed","template":"page-template-boxed-title.php","meta":{"_acf_changed":false,"inline_featured_image":false,"footnotes":""},"class_list":["post-2331","page","type-page","status-publish","has-post-thumbnail","hentry"],"acf":[],"yoast_head":"<!-- This site is optimized with the Yoast SEO plugin v22.6 - https:\/\/yoast.com\/wordpress\/plugins\/seo\/ -->\n<title>Scopri chi siamo | Auditorium Parco della Musica Ennio Morricone<\/title>\n<meta name=\"description\" content=\"Dal 2022, l&#039;Auditorium Parco della Musica si distingue nel panorama culturale italiano per qualit\u00e0 dell&#039;offerta e quantit\u00e0 di pubblico coinvolto\" \/>\n<meta name=\"robots\" content=\"index, follow, max-snippet:-1, max-image-preview:large, max-video-preview:-1\" \/>\n<link rel=\"canonical\" href=\"https:\/\/www.auditorium.com\/it\/chi-siamo\/\" \/>\n<meta property=\"og:locale\" content=\"it_IT\" \/>\n<meta property=\"og:type\" content=\"article\" \/>\n<meta property=\"og:title\" content=\"Scopri chi siamo | Auditorium Parco della Musica Ennio Morricone\" \/>\n<meta property=\"og:description\" content=\"Dal 2022, l&#039;Auditorium Parco della Musica si distingue nel panorama culturale italiano per qualit\u00e0 dell&#039;offerta e quantit\u00e0 di pubblico coinvolto\" \/>\n<meta property=\"og:url\" content=\"https:\/\/www.auditorium.com\/it\/chi-siamo\/\" \/>\n<meta property=\"og:site_name\" content=\"Auditorium Parco della Musica Ennio Morricone\" \/>\n<meta property=\"article:publisher\" content=\"https:\/\/www.facebook.com\/AuditoriumParcodellaMusica\" \/>\n<meta property=\"og:image\" content=\"https:\/\/www.auditorium.com\/wp-content\/uploads\/2022\/12\/auditorium-parco-della-musica-roma.jpeg\" \/>\n\t<meta property=\"og:image:width\" content=\"2048\" \/>\n\t<meta property=\"og:image:height\" content=\"1152\" \/>\n\t<meta property=\"og:image:type\" content=\"image\/jpeg\" \/>\n<meta name=\"twitter:card\" content=\"summary_large_image\" \/>\n<meta name=\"twitter:site\" content=\"@auditoriumpdm\" \/>\n<meta name=\"twitter:label1\" content=\"Tempo di lettura stimato\" \/>\n\t<meta name=\"twitter:data1\" content=\"1 minuto\" \/>\n<script type=\"application\/ld+json\" class=\"yoast-schema-graph\">{\"@context\":\"https:\/\/schema.org\",\"@graph\":[{\"@type\":\"WebPage\",\"@id\":\"https:\/\/www.auditorium.com\/it\/chi-siamo\/\",\"url\":\"https:\/\/www.auditorium.com\/it\/chi-siamo\/\",\"name\":\"Scopri chi siamo | Auditorium Parco della Musica Ennio Morricone\",\"isPartOf\":{\"@id\":\"https:\/\/www.auditorium.com\/it\/#website\"},\"primaryImageOfPage\":{\"@id\":\"https:\/\/www.auditorium.com\/it\/chi-siamo\/#primaryimage\"},\"image\":{\"@id\":\"https:\/\/www.auditorium.com\/it\/chi-siamo\/#primaryimage\"},\"thumbnailUrl\":\"https:\/\/www.auditorium.com\/wp-content\/uploads\/2022\/12\/auditorium-parco-della-musica-roma.jpeg\",\"datePublished\":\"2023-01-19T09:50:37+00:00\",\"dateModified\":\"2023-01-19T09:50:37+00:00\",\"description\":\"Dal 2022, l'Auditorium Parco della Musica si distingue nel panorama culturale italiano per qualit\u00e0 dell'offerta e quantit\u00e0 di pubblico coinvolto\",\"breadcrumb\":{\"@id\":\"https:\/\/www.auditorium.com\/it\/chi-siamo\/#breadcrumb\"},\"inLanguage\":\"it-IT\",\"potentialAction\":[{\"@type\":\"ReadAction\",\"target\":[\"https:\/\/www.auditorium.com\/it\/chi-siamo\/\"]}]},{\"@type\":\"ImageObject\",\"inLanguage\":\"it-IT\",\"@id\":\"https:\/\/www.auditorium.com\/it\/chi-siamo\/#primaryimage\",\"url\":\"https:\/\/www.auditorium.com\/wp-content\/uploads\/2022\/12\/auditorium-parco-della-musica-roma.jpeg\",\"contentUrl\":\"https:\/\/www.auditorium.com\/wp-content\/uploads\/2022\/12\/auditorium-parco-della-musica-roma.jpeg\",\"width\":2048,\"height\":1152,\"caption\":\"Auditorium Parco della Musica Ennio Morricone\"},{\"@type\":\"BreadcrumbList\",\"@id\":\"https:\/\/www.auditorium.com\/it\/chi-siamo\/#breadcrumb\",\"itemListElement\":[{\"@type\":\"ListItem\",\"position\":1,\"name\":\"Home\",\"item\":\"https:\/\/www.auditorium.com\/it\/\"},{\"@type\":\"ListItem\",\"position\":2,\"name\":\"Chi siamo\"}]},{\"@type\":\"WebSite\",\"@id\":\"https:\/\/www.auditorium.com\/it\/#website\",\"url\":\"https:\/\/www.auditorium.com\/it\/\",\"name\":\"Auditorium Parco della Musica Ennio Morricone\",\"description\":\"Progettato da Renzo Piano, l&#039;Auditorium rappresenta una sofisticata architettura musicale e uno straordinario intervento di riqualificazione urbana.\",\"publisher\":{\"@id\":\"https:\/\/www.auditorium.com\/it\/#organization\"},\"potentialAction\":[{\"@type\":\"SearchAction\",\"target\":{\"@type\":\"EntryPoint\",\"urlTemplate\":\"https:\/\/www.auditorium.com\/it\/?s={search_term_string}\"},\"query-input\":\"required name=search_term_string\"}],\"inLanguage\":\"it-IT\"},{\"@type\":\"Organization\",\"@id\":\"https:\/\/www.auditorium.com\/it\/#organization\",\"name\":\"Auditorium Parco della Musica Ennio Morricone\",\"url\":\"https:\/\/www.auditorium.com\/it\/\",\"logo\":{\"@type\":\"ImageObject\",\"inLanguage\":\"it-IT\",\"@id\":\"https:\/\/www.auditorium.com\/it\/#\/schema\/logo\/image\/\",\"url\":\"https:\/\/www.auditorium.com\/wp-content\/uploads\/2022\/12\/logo-auditorium.svg\",\"contentUrl\":\"https:\/\/www.auditorium.com\/wp-content\/uploads\/2022\/12\/logo-auditorium.svg\",\"width\":86,\"height\":79,\"caption\":\"Auditorium Parco della Musica Ennio Morricone\"},\"image\":{\"@id\":\"https:\/\/www.auditorium.com\/it\/#\/schema\/logo\/image\/\"},\"sameAs\":[\"https:\/\/www.facebook.com\/AuditoriumParcodellaMusica\",\"https:\/\/x.com\/auditoriumpdm\",\"https:\/\/www.instagram.com\/auditoriumparcodellamusica\/\"]}]}<\/script>\n<!-- \/ Yoast SEO plugin. -->","yoast_head_json":{"title":"Scopri chi siamo | Auditorium Parco della Musica Ennio Morricone","description":"Dal 2022, l'Auditorium Parco della Musica si distingue nel panorama culturale italiano per qualit\u00e0 dell'offerta e quantit\u00e0 di pubblico coinvolto","robots":{"index":"index","follow":"follow","max-snippet":"max-snippet:-1","max-image-preview":"max-image-preview:large","max-video-preview":"max-video-preview:-1"},"canonical":"https:\/\/www.auditorium.com\/it\/chi-siamo\/","og_locale":"it_IT","og_type":"article","og_title":"Scopri chi siamo | Auditorium Parco della Musica Ennio Morricone","og_description":"Dal 2022, l'Auditorium Parco della Musica si distingue nel panorama culturale italiano per qualit\u00e0 dell'offerta e quantit\u00e0 di pubblico coinvolto","og_url":"https:\/\/www.auditorium.com\/it\/chi-siamo\/","og_site_name":"Auditorium Parco della Musica Ennio Morricone","article_publisher":"https:\/\/www.facebook.com\/AuditoriumParcodellaMusica","og_image":[{"width":2048,"height":1152,"url":"https:\/\/www.auditorium.com\/wp-content\/uploads\/2022\/12\/auditorium-parco-della-musica-roma.jpeg","type":"image\/jpeg"}],"twitter_card":"summary_large_image","twitter_site":"@auditoriumpdm","twitter_misc":{"Tempo di lettura stimato":"1 minuto"},"schema":{"@context":"https:\/\/schema.org","@graph":[{"@type":"WebPage","@id":"https:\/\/www.auditorium.com\/it\/chi-siamo\/","url":"https:\/\/www.auditorium.com\/it\/chi-siamo\/","name":"Scopri chi siamo | Auditorium Parco della Musica Ennio Morricone","isPartOf":{"@id":"https:\/\/www.auditorium.com\/it\/#website"},"primaryImageOfPage":{"@id":"https:\/\/www.auditorium.com\/it\/chi-siamo\/#primaryimage"},"image":{"@id":"https:\/\/www.auditorium.com\/it\/chi-siamo\/#primaryimage"},"thumbnailUrl":"https:\/\/www.auditorium.com\/wp-content\/uploads\/2022\/12\/auditorium-parco-della-musica-roma.jpeg","datePublished":"2023-01-19T09:50:37+00:00","dateModified":"2023-01-19T09:50:37+00:00","description":"Dal 2022, l'Auditorium Parco della Musica si distingue nel panorama culturale italiano per qualit\u00e0 dell'offerta e quantit\u00e0 di pubblico coinvolto","breadcrumb":{"@id":"https:\/\/www.auditorium.com\/it\/chi-siamo\/#breadcrumb"},"inLanguage":"it-IT","potentialAction":[{"@type":"ReadAction","target":["https:\/\/www.auditorium.com\/it\/chi-siamo\/"]}]},{"@type":"ImageObject","inLanguage":"it-IT","@id":"https:\/\/www.auditorium.com\/it\/chi-siamo\/#primaryimage","url":"https:\/\/www.auditorium.com\/wp-content\/uploads\/2022\/12\/auditorium-parco-della-musica-roma.jpeg","contentUrl":"https:\/\/www.auditorium.com\/wp-content\/uploads\/2022\/12\/auditorium-parco-della-musica-roma.jpeg","width":2048,"height":1152,"caption":"Auditorium Parco della Musica Ennio Morricone"},{"@type":"BreadcrumbList","@id":"https:\/\/www.auditorium.com\/it\/chi-siamo\/#breadcrumb","itemListElement":[{"@type":"ListItem","position":1,"name":"Home","item":"https:\/\/www.auditorium.com\/it\/"},{"@type":"ListItem","position":2,"name":"Chi siamo"}]},{"@type":"WebSite","@id":"https:\/\/www.auditorium.com\/it\/#website","url":"https:\/\/www.auditorium.com\/it\/","name":"Auditorium Parco della Musica Ennio Morricone","description":"Progettato da Renzo Piano, l&#039;Auditorium rappresenta una sofisticata architettura musicale e uno straordinario intervento di riqualificazione urbana.","publisher":{"@id":"https:\/\/www.auditorium.com\/it\/#organization"},"potentialAction":[{"@type":"SearchAction","target":{"@type":"EntryPoint","urlTemplate":"https:\/\/www.auditorium.com\/it\/?s={search_term_string}"},"query-input":"required name=search_term_string"}],"inLanguage":"it-IT"},{"@type":"Organization","@id":"https:\/\/www.auditorium.com\/it\/#organization","name":"Auditorium Parco della Musica Ennio Morricone","url":"https:\/\/www.auditorium.com\/it\/","logo":{"@type":"ImageObject","inLanguage":"it-IT","@id":"https:\/\/www.auditorium.com\/it\/#\/schema\/logo\/image\/","url":"https:\/\/www.auditorium.com\/wp-content\/uploads\/2022\/12\/logo-auditorium.svg","contentUrl":"https:\/\/www.auditorium.com\/wp-content\/uploads\/2022\/12\/logo-auditorium.svg","width":86,"height":79,"caption":"Auditorium Parco della Musica Ennio Morricone"},"image":{"@id":"https:\/\/www.auditorium.com\/it\/#\/schema\/logo\/image\/"},"sameAs":["https:\/\/www.facebook.com\/AuditoriumParcodellaMusica","https:\/\/x.com\/auditoriumpdm","https:\/\/www.instagram.com\/auditoriumparcodellamusica\/"]}]}},"_links":{"self":[{"href":"https:\/\/www.auditorium.com\/it\/wp-json\/wp\/v2\/pages\/2331","targetHints":{"allow":["GET"]}}],"collection":[{"href":"https:\/\/www.auditorium.com\/it\/wp-json\/wp\/v2\/pages"}],"about":[{"href":"https:\/\/www.auditorium.com\/it\/wp-json\/wp\/v2\/types\/page"}],"author":[{"embeddable":true,"href":"https:\/\/www.auditorium.com\/it\/wp-json\/wp\/v2\/users\/24"}],"replies":[{"embeddable":true,"href":"https:\/\/www.auditorium.com\/it\/wp-json\/wp\/v2\/comments?post=2331"}],"version-history":[{"count":1,"href":"https:\/\/www.auditorium.com\/it\/wp-json\/wp\/v2\/pages\/2331\/revisions"}],"predecessor-version":[{"id":2351,"href":"https:\/\/www.auditorium.com\/it\/wp-json\/wp\/v2\/pages\/2331\/revisions\/2351"}],"wp:featuredmedia":[{"embeddable":true,"href":"https:\/\/www.auditorium.com\/it\/wp-json\/wp\/v2\/media\/1066"}],"wp:attachment":[{"href":"https:\/\/www.auditorium.com\/it\/wp-json\/wp\/v2\/media?parent=2331"}],"curies":[{"name":"wp","href":"https:\/\/api.w.org\/{rel}","templated":true}]}}

<p><b>Dalla data di inaugurazione, 21 dicembre 2002, l&#8217;Auditorium si distingue nel panorama culturale italiano per qualità dell&#8217;offerta e quantità di pubblico coinvolto. La capacità di autofinanziamento della struttura, intitolata nel 2020 al maestro Ennio Morricone, supera il 60%.</b></p>
<p>&nbsp;</p>
<p><span style="font-weight: 400;">Il complesso è gestito da <strong>Fondazione Musica per Roma</strong>, realtà nata il 19 luglio 2004 come nuova ragione sociale dell’originaria Società per azioni istituita nel 1999. Si tratta della prima grande trasformazione di una Spa in fondazione, consentita dalla riforma del nuovo diritto societario. I soci fondatori sono il Comune di Roma, che ha dato in concessione d&#8217;uso per 99 anni l&#8217;immobile Auditorium alla Fondazione., la Camera di Commercio di Roma e la Regione Lazio. </span></p>
<p>&nbsp;</p>
<p><span style="font-weight: 400;">L’Auditorium gestito dalla Fondazione è sede di una delle più antiche istituzioni musicali al mondo – l’<strong>Accademia Nazionale di Santa Cecilia</strong> – di cui ospita i concerti di musica sinfonica e cameristica, affiancandoli alla programmazione musicale più varia (jazz, pop, rock, world) e ad una densa offerta di prime cinematografiche, rappresentazioni teatrali, mostre d&#8217;arte e appuntamenti letterari.</span></p>

Dalla data di inaugurazione, 21 dicembre 2002, l&#8217;Auditorium si distingue nel panorama culturale italiano per qualità dell&#8217;offerta e quantità di pubblico coinvolto. La capacità di autofinanziamento della struttura, intitolata nel 2020 al maestro Ennio Morricone, supera il 60%. &nbsp; Il complesso è gestito da Fondazione Musica per Roma, realtà nata il 19 luglio 2004 come [&hellip;]

<!-- This site is optimized with the Yoast SEO plugin v22.6 - https://yoast.com/wordpress/plugins/seo/ -->
<title>Scopri chi siamo | Auditorium Parco della Musica Ennio Morricone</title>
<meta name="description" content="Dal 2022, l&#039;Auditorium Parco della Musica si distingue nel panorama culturale italiano per qualità dell&#039;offerta e quantità di pubblico coinvolto" />
<meta name="robots" content="index, follow, max-snippet:-1, max-image-preview:large, max-video-preview:-1" />
<link rel="canonical" href="https://www.auditorium.com/it/chi-siamo/" />
<meta property="og:locale" content="it_IT" />
<meta property="og:type" content="article" />
<meta property="og:title" content="Scopri chi siamo | Auditorium Parco della Musica Ennio Morricone" />
<meta property="og:description" content="Dal 2022, l&#039;Auditorium Parco della Musica si distingue nel panorama culturale italiano per qualità dell&#039;offerta e quantità di pubblico coinvolto" />
<meta property="og:url" content="https://www.auditorium.com/it/chi-siamo/" />
<meta property="og:site_name" content="Auditorium Parco della Musica Ennio Morricone" />
<meta property="article:publisher" content="https://www.facebook.com/AuditoriumParcodellaMusica" />
<meta property="og:image" content="https://www.auditorium.com/wp-content/uploads/2022/12/auditorium-parco-della-musica-roma.jpeg" />
	<meta property="og:image:width" content="2048" />
	<meta property="og:image:height" content="1152" />
	<meta property="og:image:type" content="image/jpeg" />
<meta name="twitter:card" content="summary_large_image" />
<meta name="twitter:site" content="@auditoriumpdm" />
<meta name="twitter:label1" content="Tempo di lettura stimato" />
	<meta name="twitter:data1" content="1 minuto" />
<script type="application/ld+json" class="yoast-schema-graph">{"@context":"https://schema.org","@graph":[{"@type":"WebPage","@id":"https://www.auditorium.com/it/chi-siamo/","url":"https://www.auditorium.com/it/chi-siamo/","name":"Scopri chi siamo | Auditorium Parco della Musica Ennio Morricone","isPartOf":{"@id":"https://www.auditorium.com/it/#website"},"primaryImageOfPage":{"@id":"https://www.auditorium.com/it/chi-siamo/#primaryimage"},"image":{"@id":"https://www.auditorium.com/it/chi-siamo/#primaryimage"},"thumbnailUrl":"https://www.auditorium.com/wp-content/uploads/2022/12/auditorium-parco-della-musica-roma.jpeg","datePublished":"2023-01-19T09:50:37+00:00","dateModified":"2023-01-19T09:50:37+00:00","description":"Dal 2022, l'Auditorium Parco della Musica si distingue nel panorama culturale italiano per qualità dell'offerta e quantità di pubblico coinvolto","breadcrumb":{"@id":"https://www.auditorium.com/it/chi-siamo/#breadcrumb"},"inLanguage":"it-IT","potentialAction":[{"@type":"ReadAction","target":["https://www.auditorium.com/it/chi-siamo/"]}]},{"@type":"ImageObject","inLanguage":"it-IT","@id":"https://www.auditorium.com/it/chi-siamo/#primaryimage","url":"https://www.auditorium.com/wp-content/uploads/2022/12/auditorium-parco-della-musica-roma.jpeg","contentUrl":"https://www.auditorium.com/wp-content/uploads/2022/12/auditorium-parco-della-musica-roma.jpeg","width":2048,"height":1152,"caption":"Auditorium Parco della Musica Ennio Morricone"},{"@type":"BreadcrumbList","@id":"https://www.auditorium.com/it/chi-siamo/#breadcrumb","itemListElement":[{"@type":"ListItem","position":1,"name":"Home","item":"https://www.auditorium.com/it/"},{"@type":"ListItem","position":2,"name":"Chi siamo"}]},{"@type":"WebSite","@id":"https://www.auditorium.com/it/#website","url":"https://www.auditorium.com/it/","name":"Auditorium Parco della Musica Ennio Morricone","description":"Progettato da Renzo Piano, l&#039;Auditorium rappresenta una sofisticata architettura musicale e uno straordinario intervento di riqualificazione urbana.","publisher":{"@id":"https://www.auditorium.com/it/#organization"},"potentialAction":[{"@type":"SearchAction","target":{"@type":"EntryPoint","urlTemplate":"https://www.auditorium.com/it/?s={search_term_string}"},"query-input":"required name=search_term_string"}],"inLanguage":"it-IT"},{"@type":"Organization","@id":"https://www.auditorium.com/it/#organization","name":"Auditorium Parco della Musica Ennio Morricone","url":"https://www.auditorium.com/it/","logo":{"@type":"ImageObject","inLanguage":"it-IT","@id":"https://www.auditorium.com/it/#/schema/logo/image/","url":"https://www.auditorium.com/wp-content/uploads/2022/12/logo-auditorium.svg","contentUrl":"https://www.auditorium.com/wp-content/uploads/2022/12/logo-auditorium.svg","width":86,"height":79,"caption":"Auditorium Parco della Musica Ennio Morricone"},"image":{"@id":"https://www.auditorium.com/it/#/schema/logo/image/"},"sameAs":["https://www.facebook.com/AuditoriumParcodellaMusica","https://x.com/auditoriumpdm","https://www.instagram.com/auditoriumparcodellamusica/"]}]}</script>
<!-- / Yoast SEO plugin. -->

Dal 2022, l'Auditorium Parco della Musica si distingue nel panorama culturale italiano per qualità dell'offerta e quantità di pubblico coinvolto
