{"id":2689,"date":"2023-02-02T10:13:53","date_gmt":"2023-02-02T09:13:53","guid":{"rendered":"https:\/\/www.auditorium.com\/it\/?post_type=expo&#038;p=2689"},"modified":"2023-02-02T10:13:53","modified_gmt":"2023-02-02T09:13:53","slug":"auditoriumgarage","status":"publish","type":"expo","link":"https:\/\/www.auditorium.com\/it\/expo\/auditoriumgarage\/","title":{"rendered":"AUDITORIUMGARAGE"},"content":{"rendered":"<p>AuditoriumGarage \u00e8 il grande spazio espositivo temporaneo del complesso dell\u2019Auditorium Parco della Musica. \u00c8 articolato in una zona foyer di 100 mq, cui si accede alla zona espositiva di 525 mq e una sala di 130 mq. Aperto nell\u2019aprile 2013 con la grande mostra \u201cLIFE \u2013 I grandi fotografi\u201d, AuditoriumGarage ha conosciuto immediatamente un grande successo come luogo deputato a grandi mostre fotografiche.<\/p>\n<p>Lo spazio, diversamente da tutti gli spazi pubblici dell\u2019Auditorium, dove le trasparenze e il mattone romano interagiscono con la luce del sole, si costruisce attraverso una sequenza di puri piani bianchi, senza interruzioni, pareti mai parallele che scandiscono un percorso di pura luce che guida i visitatori alla fruizione delle opere esposte, in maniera intima ed appartata, nel cuore del complesso dell&#8217;Auditorium Parco della Musica Ennio Morricone.<\/p>\n<p>In posizione intermedia tra l\u2019ingresso principale del Parco Pensile e la Sala Santa Cecilia, la partenza per la scoperta di AuditoriumGarage parte dal proprio foyer, che con la sua forma concava e la calda illuminazione del sistema Perroquet di iGuzzini accoglie il visitatore e offre la possibilit\u00e0 di usufruire delle facilities presenti. Di l\u00ec, un abbassamento di luminosit\u00e0 verso i toni del grigio induce il fruitore a percepire la parte dedicata alla comunicazione della mostra o dell\u2019evento in corso.<\/p>\n<p>A seguire, lo spazio si espande repentinamente in direzione longitudinale nella galleria espositiva. Qui le pareti, prendendo gli allineamenti di varie direzioni, sono chiare superfici che offrono agli occhi del visitatore le fotografie o le opere esposte; piani luminosi perfetti grazie ai corpi illuminanti wall-wash Opton led Erco. Il percorso conduce alla sua meta, una saletta dalle proporzioni pi\u00f9 raccolte che si offre a molteplici funzioni, termine del percorso o punto di svolta per continuare la visita dello spazio.<\/p>\n","protected":false},"excerpt":{"rendered":"AuditoriumGarage \u00e8 il grande spazio espositivo temporaneo del complesso dell\u2019Auditorium Parco della Musica. \u00c8 articolato in una zona foyer di 100 mq, cui si accede alla zona espositiva di 525 mq e una sala di 130 mq. Aperto nell\u2019aprile 2013 con la grande mostra \u201cLIFE \u2013 I grandi fotografi\u201d, AuditoriumGarage ha conosciuto immediatamente un grande [&hellip;]","protected":false},"featured_media":2690,"template":"","meta":{"_acf_changed":false,"inline_featured_image":false},"class_list":["post-2689","expo","type-expo","status-publish","has-post-thumbnail","hentry"],"acf":[],"yoast_head":"<!-- This site is optimized with the Yoast SEO plugin v22.6 - https:\/\/yoast.com\/wordpress\/plugins\/seo\/ -->\n<title>AUDITORIUMGARAGE | Auditorium Parco della Musica Ennio Morricone<\/title>\n<meta name=\"robots\" content=\"index, follow, max-snippet:-1, max-image-preview:large, max-video-preview:-1\" \/>\n<link rel=\"canonical\" href=\"https:\/\/www.auditorium.com\/it\/expo\/auditoriumgarage\/\" \/>\n<meta property=\"og:locale\" content=\"it_IT\" \/>\n<meta property=\"og:type\" content=\"article\" \/>\n<meta property=\"og:title\" content=\"AUDITORIUMGARAGE | Auditorium Parco della Musica Ennio Morricone\" \/>\n<meta property=\"og:description\" content=\"AuditoriumGarage \u00e8 il grande spazio espositivo temporaneo del complesso dell\u2019Auditorium Parco della Musica. \u00c8 articolato in una zona foyer di 100 mq, cui si accede alla zona espositiva di 525 mq e una sala di 130 mq. Aperto nell\u2019aprile 2013 con la grande mostra \u201cLIFE \u2013 I grandi fotografi\u201d, AuditoriumGarage ha conosciuto immediatamente un grande [&hellip;]\" \/>\n<meta property=\"og:url\" content=\"https:\/\/www.auditorium.com\/it\/expo\/auditoriumgarage\/\" \/>\n<meta property=\"og:site_name\" content=\"Auditorium Parco della Musica Ennio Morricone\" \/>\n<meta property=\"article:publisher\" content=\"https:\/\/www.facebook.com\/AuditoriumParcodellaMusica\" \/>\n<meta property=\"og:image\" content=\"https:\/\/www.auditorium.com\/wp-content\/uploads\/2023\/02\/Adrian-Tranquilli.-An-Unguarded-Moment.-Exhibition-view-at-Auditorium-Garage-Auditorium-Parco-della-Musica-Roma-2022-_5-630x420-1.jpg\" \/>\n\t<meta property=\"og:image:width\" content=\"630\" \/>\n\t<meta property=\"og:image:height\" content=\"420\" \/>\n\t<meta property=\"og:image:type\" content=\"image\/jpeg\" \/>\n<meta name=\"twitter:card\" content=\"summary_large_image\" \/>\n<meta name=\"twitter:site\" content=\"@auditoriumpdm\" \/>\n<meta name=\"twitter:label1\" content=\"Tempo di lettura stimato\" \/>\n\t<meta name=\"twitter:data1\" content=\"2 minuti\" \/>\n<script type=\"application\/ld+json\" class=\"yoast-schema-graph\">{\"@context\":\"https:\/\/schema.org\",\"@graph\":[{\"@type\":\"WebPage\",\"@id\":\"https:\/\/www.auditorium.com\/it\/expo\/auditoriumgarage\/\",\"url\":\"https:\/\/www.auditorium.com\/it\/expo\/auditoriumgarage\/\",\"name\":\"AUDITORIUMGARAGE | Auditorium Parco della Musica Ennio Morricone\",\"isPartOf\":{\"@id\":\"https:\/\/www.auditorium.com\/it\/#website\"},\"primaryImageOfPage\":{\"@id\":\"https:\/\/www.auditorium.com\/it\/expo\/auditoriumgarage\/#primaryimage\"},\"image\":{\"@id\":\"https:\/\/www.auditorium.com\/it\/expo\/auditoriumgarage\/#primaryimage\"},\"thumbnailUrl\":\"https:\/\/www.auditorium.com\/wp-content\/uploads\/2023\/02\/Adrian-Tranquilli.-An-Unguarded-Moment.-Exhibition-view-at-Auditorium-Garage-Auditorium-Parco-della-Musica-Roma-2022-_5-630x420-1.jpg\",\"datePublished\":\"2023-02-02T09:13:53+00:00\",\"dateModified\":\"2023-02-02T09:13:53+00:00\",\"breadcrumb\":{\"@id\":\"https:\/\/www.auditorium.com\/it\/expo\/auditoriumgarage\/#breadcrumb\"},\"inLanguage\":\"it-IT\",\"potentialAction\":[{\"@type\":\"ReadAction\",\"target\":[\"https:\/\/www.auditorium.com\/it\/expo\/auditoriumgarage\/\"]}]},{\"@type\":\"ImageObject\",\"inLanguage\":\"it-IT\",\"@id\":\"https:\/\/www.auditorium.com\/it\/expo\/auditoriumgarage\/#primaryimage\",\"url\":\"https:\/\/www.auditorium.com\/wp-content\/uploads\/2023\/02\/Adrian-Tranquilli.-An-Unguarded-Moment.-Exhibition-view-at-Auditorium-Garage-Auditorium-Parco-della-Musica-Roma-2022-_5-630x420-1.jpg\",\"contentUrl\":\"https:\/\/www.auditorium.com\/wp-content\/uploads\/2023\/02\/Adrian-Tranquilli.-An-Unguarded-Moment.-Exhibition-view-at-Auditorium-Garage-Auditorium-Parco-della-Musica-Roma-2022-_5-630x420-1.jpg\",\"width\":630,\"height\":420,\"caption\":\"AUDITORIUMGARAGE\"},{\"@type\":\"BreadcrumbList\",\"@id\":\"https:\/\/www.auditorium.com\/it\/expo\/auditoriumgarage\/#breadcrumb\",\"itemListElement\":[{\"@type\":\"ListItem\",\"position\":1,\"name\":\"Home\",\"item\":\"https:\/\/www.auditorium.com\/it\/\"},{\"@type\":\"ListItem\",\"position\":2,\"name\":\"Spazi Espositivi\",\"item\":\"https:\/\/www.auditorium.com\/it\/expo\/\"},{\"@type\":\"ListItem\",\"position\":3,\"name\":\"AUDITORIUMGARAGE\"}]},{\"@type\":\"WebSite\",\"@id\":\"https:\/\/www.auditorium.com\/it\/#website\",\"url\":\"https:\/\/www.auditorium.com\/it\/\",\"name\":\"Auditorium Parco della Musica Ennio Morricone\",\"description\":\"Progettato da Renzo Piano, l&#039;Auditorium rappresenta una sofisticata architettura musicale e uno straordinario intervento di riqualificazione urbana.\",\"publisher\":{\"@id\":\"https:\/\/www.auditorium.com\/it\/#organization\"},\"potentialAction\":[{\"@type\":\"SearchAction\",\"target\":{\"@type\":\"EntryPoint\",\"urlTemplate\":\"https:\/\/www.auditorium.com\/it\/?s={search_term_string}\"},\"query-input\":\"required name=search_term_string\"}],\"inLanguage\":\"it-IT\"},{\"@type\":\"Organization\",\"@id\":\"https:\/\/www.auditorium.com\/it\/#organization\",\"name\":\"Auditorium Parco della Musica Ennio Morricone\",\"url\":\"https:\/\/www.auditorium.com\/it\/\",\"logo\":{\"@type\":\"ImageObject\",\"inLanguage\":\"it-IT\",\"@id\":\"https:\/\/www.auditorium.com\/it\/#\/schema\/logo\/image\/\",\"url\":\"https:\/\/www.auditorium.com\/wp-content\/uploads\/2022\/12\/logo-auditorium.svg\",\"contentUrl\":\"https:\/\/www.auditorium.com\/wp-content\/uploads\/2022\/12\/logo-auditorium.svg\",\"width\":86,\"height\":79,\"caption\":\"Auditorium Parco della Musica Ennio Morricone\"},\"image\":{\"@id\":\"https:\/\/www.auditorium.com\/it\/#\/schema\/logo\/image\/\"},\"sameAs\":[\"https:\/\/www.facebook.com\/AuditoriumParcodellaMusica\",\"https:\/\/x.com\/auditoriumpdm\",\"https:\/\/www.instagram.com\/auditoriumparcodellamusica\/\"]}]}<\/script>\n<!-- \/ Yoast SEO plugin. -->","yoast_head_json":{"title":"AUDITORIUMGARAGE | Auditorium Parco della Musica Ennio Morricone","robots":{"index":"index","follow":"follow","max-snippet":"max-snippet:-1","max-image-preview":"max-image-preview:large","max-video-preview":"max-video-preview:-1"},"canonical":"https:\/\/www.auditorium.com\/it\/expo\/auditoriumgarage\/","og_locale":"it_IT","og_type":"article","og_title":"AUDITORIUMGARAGE | Auditorium Parco della Musica Ennio Morricone","og_description":"AuditoriumGarage \u00e8 il grande spazio espositivo temporaneo del complesso dell\u2019Auditorium Parco della Musica. \u00c8 articolato in una zona foyer di 100 mq, cui si accede alla zona espositiva di 525 mq e una sala di 130 mq. Aperto nell\u2019aprile 2013 con la grande mostra \u201cLIFE \u2013 I grandi fotografi\u201d, AuditoriumGarage ha conosciuto immediatamente un grande [&hellip;]","og_url":"https:\/\/www.auditorium.com\/it\/expo\/auditoriumgarage\/","og_site_name":"Auditorium Parco della Musica Ennio Morricone","article_publisher":"https:\/\/www.facebook.com\/AuditoriumParcodellaMusica","og_image":[{"width":630,"height":420,"url":"https:\/\/www.auditorium.com\/wp-content\/uploads\/2023\/02\/Adrian-Tranquilli.-An-Unguarded-Moment.-Exhibition-view-at-Auditorium-Garage-Auditorium-Parco-della-Musica-Roma-2022-_5-630x420-1.jpg","type":"image\/jpeg"}],"twitter_card":"summary_large_image","twitter_site":"@auditoriumpdm","twitter_misc":{"Tempo di lettura stimato":"2 minuti"},"schema":{"@context":"https:\/\/schema.org","@graph":[{"@type":"WebPage","@id":"https:\/\/www.auditorium.com\/it\/expo\/auditoriumgarage\/","url":"https:\/\/www.auditorium.com\/it\/expo\/auditoriumgarage\/","name":"AUDITORIUMGARAGE | Auditorium Parco della Musica Ennio Morricone","isPartOf":{"@id":"https:\/\/www.auditorium.com\/it\/#website"},"primaryImageOfPage":{"@id":"https:\/\/www.auditorium.com\/it\/expo\/auditoriumgarage\/#primaryimage"},"image":{"@id":"https:\/\/www.auditorium.com\/it\/expo\/auditoriumgarage\/#primaryimage"},"thumbnailUrl":"https:\/\/www.auditorium.com\/wp-content\/uploads\/2023\/02\/Adrian-Tranquilli.-An-Unguarded-Moment.-Exhibition-view-at-Auditorium-Garage-Auditorium-Parco-della-Musica-Roma-2022-_5-630x420-1.jpg","datePublished":"2023-02-02T09:13:53+00:00","dateModified":"2023-02-02T09:13:53+00:00","breadcrumb":{"@id":"https:\/\/www.auditorium.com\/it\/expo\/auditoriumgarage\/#breadcrumb"},"inLanguage":"it-IT","potentialAction":[{"@type":"ReadAction","target":["https:\/\/www.auditorium.com\/it\/expo\/auditoriumgarage\/"]}]},{"@type":"ImageObject","inLanguage":"it-IT","@id":"https:\/\/www.auditorium.com\/it\/expo\/auditoriumgarage\/#primaryimage","url":"https:\/\/www.auditorium.com\/wp-content\/uploads\/2023\/02\/Adrian-Tranquilli.-An-Unguarded-Moment.-Exhibition-view-at-Auditorium-Garage-Auditorium-Parco-della-Musica-Roma-2022-_5-630x420-1.jpg","contentUrl":"https:\/\/www.auditorium.com\/wp-content\/uploads\/2023\/02\/Adrian-Tranquilli.-An-Unguarded-Moment.-Exhibition-view-at-Auditorium-Garage-Auditorium-Parco-della-Musica-Roma-2022-_5-630x420-1.jpg","width":630,"height":420,"caption":"AUDITORIUMGARAGE"},{"@type":"BreadcrumbList","@id":"https:\/\/www.auditorium.com\/it\/expo\/auditoriumgarage\/#breadcrumb","itemListElement":[{"@type":"ListItem","position":1,"name":"Home","item":"https:\/\/www.auditorium.com\/it\/"},{"@type":"ListItem","position":2,"name":"Spazi Espositivi","item":"https:\/\/www.auditorium.com\/it\/expo\/"},{"@type":"ListItem","position":3,"name":"AUDITORIUMGARAGE"}]},{"@type":"WebSite","@id":"https:\/\/www.auditorium.com\/it\/#website","url":"https:\/\/www.auditorium.com\/it\/","name":"Auditorium Parco della Musica Ennio Morricone","description":"Progettato da Renzo Piano, l&#039;Auditorium rappresenta una sofisticata architettura musicale e uno straordinario intervento di riqualificazione urbana.","publisher":{"@id":"https:\/\/www.auditorium.com\/it\/#organization"},"potentialAction":[{"@type":"SearchAction","target":{"@type":"EntryPoint","urlTemplate":"https:\/\/www.auditorium.com\/it\/?s={search_term_string}"},"query-input":"required name=search_term_string"}],"inLanguage":"it-IT"},{"@type":"Organization","@id":"https:\/\/www.auditorium.com\/it\/#organization","name":"Auditorium Parco della Musica Ennio Morricone","url":"https:\/\/www.auditorium.com\/it\/","logo":{"@type":"ImageObject","inLanguage":"it-IT","@id":"https:\/\/www.auditorium.com\/it\/#\/schema\/logo\/image\/","url":"https:\/\/www.auditorium.com\/wp-content\/uploads\/2022\/12\/logo-auditorium.svg","contentUrl":"https:\/\/www.auditorium.com\/wp-content\/uploads\/2022\/12\/logo-auditorium.svg","width":86,"height":79,"caption":"Auditorium Parco della Musica Ennio Morricone"},"image":{"@id":"https:\/\/www.auditorium.com\/it\/#\/schema\/logo\/image\/"},"sameAs":["https:\/\/www.facebook.com\/AuditoriumParcodellaMusica","https:\/\/x.com\/auditoriumpdm","https:\/\/www.instagram.com\/auditoriumparcodellamusica\/"]}]}},"_links":{"self":[{"href":"https:\/\/www.auditorium.com\/it\/wp-json\/wp\/v2\/expo\/2689","targetHints":{"allow":["GET"]}}],"collection":[{"href":"https:\/\/www.auditorium.com\/it\/wp-json\/wp\/v2\/expo"}],"about":[{"href":"https:\/\/www.auditorium.com\/it\/wp-json\/wp\/v2\/types\/expo"}],"wp:featuredmedia":[{"embeddable":true,"href":"https:\/\/www.auditorium.com\/it\/wp-json\/wp\/v2\/media\/2690"}],"wp:attachment":[{"href":"https:\/\/www.auditorium.com\/it\/wp-json\/wp\/v2\/media?parent=2689"}],"curies":[{"name":"wp","href":"https:\/\/api.w.org\/{rel}","templated":true}]}}

<p>AuditoriumGarage è il grande spazio espositivo temporaneo del complesso dell’Auditorium Parco della Musica. È articolato in una zona foyer di 100 mq, cui si accede alla zona espositiva di 525 mq e una sala di 130 mq. Aperto nell’aprile 2013 con la grande mostra “LIFE – I grandi fotografi”, AuditoriumGarage ha conosciuto immediatamente un grande successo come luogo deputato a grandi mostre fotografiche.</p>
<p>Lo spazio, diversamente da tutti gli spazi pubblici dell’Auditorium, dove le trasparenze e il mattone romano interagiscono con la luce del sole, si costruisce attraverso una sequenza di puri piani bianchi, senza interruzioni, pareti mai parallele che scandiscono un percorso di pura luce che guida i visitatori alla fruizione delle opere esposte, in maniera intima ed appartata, nel cuore del complesso dell&#8217;Auditorium Parco della Musica Ennio Morricone.</p>
<p>In posizione intermedia tra l’ingresso principale del Parco Pensile e la Sala Santa Cecilia, la partenza per la scoperta di AuditoriumGarage parte dal proprio foyer, che con la sua forma concava e la calda illuminazione del sistema Perroquet di iGuzzini accoglie il visitatore e offre la possibilità di usufruire delle facilities presenti. Di lì, un abbassamento di luminosità verso i toni del grigio induce il fruitore a percepire la parte dedicata alla comunicazione della mostra o dell’evento in corso.</p>
<p>A seguire, lo spazio si espande repentinamente in direzione longitudinale nella galleria espositiva. Qui le pareti, prendendo gli allineamenti di varie direzioni, sono chiare superfici che offrono agli occhi del visitatore le fotografie o le opere esposte; piani luminosi perfetti grazie ai corpi illuminanti wall-wash Opton led Erco. Il percorso conduce alla sua meta, una saletta dalle proporzioni più raccolte che si offre a molteplici funzioni, termine del percorso o punto di svolta per continuare la visita dello spazio.</p>

AuditoriumGarage è il grande spazio espositivo temporaneo del complesso dell’Auditorium Parco della Musica. È articolato in una zona foyer di 100 mq, cui si accede alla zona espositiva di 525 mq e una sala di 130 mq. Aperto nell’aprile 2013 con la grande mostra “LIFE – I grandi fotografi”, AuditoriumGarage ha conosciuto immediatamente un grande [&hellip;]

<!-- This site is optimized with the Yoast SEO plugin v22.6 - https://yoast.com/wordpress/plugins/seo/ -->
<title>AUDITORIUMGARAGE | Auditorium Parco della Musica Ennio Morricone</title>
<meta name="robots" content="index, follow, max-snippet:-1, max-image-preview:large, max-video-preview:-1" />
<link rel="canonical" href="https://www.auditorium.com/it/expo/auditoriumgarage/" />
<meta property="og:locale" content="it_IT" />
<meta property="og:type" content="article" />
<meta property="og:title" content="AUDITORIUMGARAGE | Auditorium Parco della Musica Ennio Morricone" />
<meta property="og:description" content="AuditoriumGarage è il grande spazio espositivo temporaneo del complesso dell’Auditorium Parco della Musica. È articolato in una zona foyer di 100 mq, cui si accede alla zona espositiva di 525 mq e una sala di 130 mq. Aperto nell’aprile 2013 con la grande mostra “LIFE – I grandi fotografi”, AuditoriumGarage ha conosciuto immediatamente un grande [&hellip;]" />
<meta property="og:url" content="https://www.auditorium.com/it/expo/auditoriumgarage/" />
<meta property="og:site_name" content="Auditorium Parco della Musica Ennio Morricone" />
<meta property="article:publisher" content="https://www.facebook.com/AuditoriumParcodellaMusica" />
<meta property="og:image" content="https://www.auditorium.com/wp-content/uploads/2023/02/Adrian-Tranquilli.-An-Unguarded-Moment.-Exhibition-view-at-Auditorium-Garage-Auditorium-Parco-della-Musica-Roma-2022-_5-630x420-1.jpg" />
	<meta property="og:image:width" content="630" />
	<meta property="og:image:height" content="420" />
	<meta property="og:image:type" content="image/jpeg" />
<meta name="twitter:card" content="summary_large_image" />
<meta name="twitter:site" content="@auditoriumpdm" />
<meta name="twitter:label1" content="Tempo di lettura stimato" />
	<meta name="twitter:data1" content="2 minuti" />
<script type="application/ld+json" class="yoast-schema-graph">{"@context":"https://schema.org","@graph":[{"@type":"WebPage","@id":"https://www.auditorium.com/it/expo/auditoriumgarage/","url":"https://www.auditorium.com/it/expo/auditoriumgarage/","name":"AUDITORIUMGARAGE | Auditorium Parco della Musica Ennio Morricone","isPartOf":{"@id":"https://www.auditorium.com/it/#website"},"primaryImageOfPage":{"@id":"https://www.auditorium.com/it/expo/auditoriumgarage/#primaryimage"},"image":{"@id":"https://www.auditorium.com/it/expo/auditoriumgarage/#primaryimage"},"thumbnailUrl":"https://www.auditorium.com/wp-content/uploads/2023/02/Adrian-Tranquilli.-An-Unguarded-Moment.-Exhibition-view-at-Auditorium-Garage-Auditorium-Parco-della-Musica-Roma-2022-_5-630x420-1.jpg","datePublished":"2023-02-02T09:13:53+00:00","dateModified":"2023-02-02T09:13:53+00:00","breadcrumb":{"@id":"https://www.auditorium.com/it/expo/auditoriumgarage/#breadcrumb"},"inLanguage":"it-IT","potentialAction":[{"@type":"ReadAction","target":["https://www.auditorium.com/it/expo/auditoriumgarage/"]}]},{"@type":"ImageObject","inLanguage":"it-IT","@id":"https://www.auditorium.com/it/expo/auditoriumgarage/#primaryimage","url":"https://www.auditorium.com/wp-content/uploads/2023/02/Adrian-Tranquilli.-An-Unguarded-Moment.-Exhibition-view-at-Auditorium-Garage-Auditorium-Parco-della-Musica-Roma-2022-_5-630x420-1.jpg","contentUrl":"https://www.auditorium.com/wp-content/uploads/2023/02/Adrian-Tranquilli.-An-Unguarded-Moment.-Exhibition-view-at-Auditorium-Garage-Auditorium-Parco-della-Musica-Roma-2022-_5-630x420-1.jpg","width":630,"height":420,"caption":"AUDITORIUMGARAGE"},{"@type":"BreadcrumbList","@id":"https://www.auditorium.com/it/expo/auditoriumgarage/#breadcrumb","itemListElement":[{"@type":"ListItem","position":1,"name":"Home","item":"https://www.auditorium.com/it/"},{"@type":"ListItem","position":2,"name":"Spazi Espositivi","item":"https://www.auditorium.com/it/expo/"},{"@type":"ListItem","position":3,"name":"AUDITORIUMGARAGE"}]},{"@type":"WebSite","@id":"https://www.auditorium.com/it/#website","url":"https://www.auditorium.com/it/","name":"Auditorium Parco della Musica Ennio Morricone","description":"Progettato da Renzo Piano, l&#039;Auditorium rappresenta una sofisticata architettura musicale e uno straordinario intervento di riqualificazione urbana.","publisher":{"@id":"https://www.auditorium.com/it/#organization"},"potentialAction":[{"@type":"SearchAction","target":{"@type":"EntryPoint","urlTemplate":"https://www.auditorium.com/it/?s={search_term_string}"},"query-input":"required name=search_term_string"}],"inLanguage":"it-IT"},{"@type":"Organization","@id":"https://www.auditorium.com/it/#organization","name":"Auditorium Parco della Musica Ennio Morricone","url":"https://www.auditorium.com/it/","logo":{"@type":"ImageObject","inLanguage":"it-IT","@id":"https://www.auditorium.com/it/#/schema/logo/image/","url":"https://www.auditorium.com/wp-content/uploads/2022/12/logo-auditorium.svg","contentUrl":"https://www.auditorium.com/wp-content/uploads/2022/12/logo-auditorium.svg","width":86,"height":79,"caption":"Auditorium Parco della Musica Ennio Morricone"},"image":{"@id":"https://www.auditorium.com/it/#/schema/logo/image/"},"sameAs":["https://www.facebook.com/AuditoriumParcodellaMusica","https://x.com/auditoriumpdm","https://www.instagram.com/auditoriumparcodellamusica/"]}]}</script>
<!-- / Yoast SEO plugin. -->
