{"id":45165,"date":"2026-03-13T09:49:30","date_gmt":"2026-03-13T08:49:30","guid":{"rendered":"https:\/\/www.auditorium.com\/?post_type=event&#038;p=45165"},"modified":"2026-03-13T10:02:58","modified_gmt":"2026-03-13T09:02:58","slug":"sal-da-vinci","status":"publish","type":"event","link":"https:\/\/www.auditorium.com\/it\/event\/sal-da-vinci\/","title":{"rendered":"Sal Da Vinci"},"content":{"rendered":"<p>Dopo la vittoria al <strong>Festival di Sanremo 2026<\/strong> con il brano <em>Per sempre s\u00ec<\/em>, <strong>Sal Da Vinci <\/strong>inaugura una nuova stagione dal vivo con il <strong>tour estivo 2026<\/strong>, una tourn\u00e9e che dal 18 luglio attraverser\u00e0 l\u2019Italia toccando festival e arene tra i pi\u00f9 prestigiosi della stagione.<\/p>\n<p>Il <strong>tour estivo 2026<\/strong> sar\u00e0 ospitato anche presso la cavea dell&#8217;Auditorium Parco della Musica Ennio Morricone e offrir\u00e0 al pubblico uno spettacolo pensato per valorizzare pienamente la dimensione live di Sal Da Vinci: un racconto musicale che intreccia i brani pi\u00f9 amati della sua carriera con le canzoni che stanno segnando questo nuovo capitolo artistico. Uno show capace di restituire tutta la forza emotiva e interpretativa che da sempre caratterizza la sua presenza scenica.<\/p>\n<p>La vittoria al Festival di Sanremo ha rappresentato una tappa di grande rilievo nel percorso artistico di Sal Da Vinci, confermando la sua capacit\u00e0 di unire intensit\u00e0 interpretativa, tradizione melodica e una sensibilit\u00e0 musicale contemporanea. <em>Per sempre s\u00ec<\/em>, il brano che ha conquistato pubblico e critica sul palco dell\u2019Ariston, porter\u00e0 inoltre l\u2019artista a rappresentare l\u2019Italia al prossimo <strong>Eurovision Song Contest 2026<\/strong>, in programma a Vienna.<\/p>\n<p><strong>Biglietti in vendita da venerd\u00ec 13 marzo alle ore 14.00<\/strong><\/p>\n","protected":false},"excerpt":{"rendered":"Dopo la vittoria al Festival di Sanremo 2026 con il brano Per sempre s\u00ec, Sal Da Vinci inaugura una nuova stagione dal vivo con il tour estivo 2026, una tourn\u00e9e che dal 18 luglio attraverser\u00e0 l\u2019Italia toccando festival e arene tra i pi\u00f9 prestigiosi della stagione. Il tour estivo 2026 sar\u00e0 ospitato anche presso la [&hellip;]","protected":false},"featured_media":45166,"template":"","meta":{"_acf_changed":false,"inline_featured_image":false},"event_categories":[85],"event_genre":[],"event_themes":[],"event_format":[74],"event_consigliati":[],"class_list":["post-45165","event","type-event","status-publish","has-post-thumbnail","hentry","event_categories-pop-rock","event_format-festival"],"acf":[],"yoast_head":"<!-- This site is optimized with the Yoast SEO plugin v22.6 - https:\/\/yoast.com\/wordpress\/plugins\/seo\/ -->\n<title>Sal Da Vinci | Auditorium Parco della Musica Ennio Morricone<\/title>\n<meta name=\"robots\" content=\"index, follow, max-snippet:-1, max-image-preview:large, max-video-preview:-1\" \/>\n<link rel=\"canonical\" href=\"https:\/\/www.auditorium.com\/it\/event\/sal-da-vinci\/\" \/>\n<meta property=\"og:locale\" content=\"it_IT\" \/>\n<meta property=\"og:type\" content=\"article\" \/>\n<meta property=\"og:title\" content=\"Sal Da Vinci | Auditorium Parco della Musica Ennio Morricone\" \/>\n<meta property=\"og:description\" content=\"Dopo la vittoria al Festival di Sanremo 2026 con il brano Per sempre s\u00ec, Sal Da Vinci inaugura una nuova stagione dal vivo con il tour estivo 2026, una tourn\u00e9e che dal 18 luglio attraverser\u00e0 l\u2019Italia toccando festival e arene tra i pi\u00f9 prestigiosi della stagione. Il tour estivo 2026 sar\u00e0 ospitato anche presso la [&hellip;]\" \/>\n<meta property=\"og:url\" content=\"https:\/\/www.auditorium.com\/it\/event\/sal-da-vinci\/\" \/>\n<meta property=\"og:site_name\" content=\"Auditorium Parco della Musica Ennio Morricone\" \/>\n<meta property=\"article:publisher\" content=\"https:\/\/www.facebook.com\/AuditoriumParcodellaMusica\" \/>\n<meta property=\"article:modified_time\" content=\"2026-03-13T09:02:58+00:00\" \/>\n<meta property=\"og:image\" content=\"https:\/\/www.auditorium.com\/wp-content\/uploads\/2026\/03\/DSC_4842.jpeg\" \/>\n\t<meta property=\"og:image:width\" content=\"1997\" \/>\n\t<meta property=\"og:image:height\" content=\"1333\" \/>\n\t<meta property=\"og:image:type\" content=\"image\/jpeg\" \/>\n<meta name=\"twitter:card\" content=\"summary_large_image\" \/>\n<meta name=\"twitter:site\" content=\"@auditoriumpdm\" \/>\n<meta name=\"twitter:label1\" content=\"Tempo di lettura stimato\" \/>\n\t<meta name=\"twitter:data1\" content=\"2 minuti\" \/>\n<script type=\"application\/ld+json\" class=\"yoast-schema-graph\">{\"@context\":\"https:\/\/schema.org\",\"@graph\":[{\"@type\":\"WebPage\",\"@id\":\"https:\/\/www.auditorium.com\/it\/event\/sal-da-vinci\/\",\"url\":\"https:\/\/www.auditorium.com\/it\/event\/sal-da-vinci\/\",\"name\":\"Sal Da Vinci | Auditorium Parco della Musica Ennio Morricone\",\"isPartOf\":{\"@id\":\"https:\/\/www.auditorium.com\/it\/#website\"},\"primaryImageOfPage\":{\"@id\":\"https:\/\/www.auditorium.com\/it\/event\/sal-da-vinci\/#primaryimage\"},\"image\":{\"@id\":\"https:\/\/www.auditorium.com\/it\/event\/sal-da-vinci\/#primaryimage\"},\"thumbnailUrl\":\"https:\/\/www.auditorium.com\/wp-content\/uploads\/2026\/03\/DSC_4842.jpeg\",\"datePublished\":\"2026-03-13T08:49:30+00:00\",\"dateModified\":\"2026-03-13T09:02:58+00:00\",\"breadcrumb\":{\"@id\":\"https:\/\/www.auditorium.com\/it\/event\/sal-da-vinci\/#breadcrumb\"},\"inLanguage\":\"it-IT\",\"potentialAction\":[{\"@type\":\"ReadAction\",\"target\":[\"https:\/\/www.auditorium.com\/it\/event\/sal-da-vinci\/\"]}]},{\"@type\":\"ImageObject\",\"inLanguage\":\"it-IT\",\"@id\":\"https:\/\/www.auditorium.com\/it\/event\/sal-da-vinci\/#primaryimage\",\"url\":\"https:\/\/www.auditorium.com\/wp-content\/uploads\/2026\/03\/DSC_4842.jpeg\",\"contentUrl\":\"https:\/\/www.auditorium.com\/wp-content\/uploads\/2026\/03\/DSC_4842.jpeg\",\"width\":1997,\"height\":1333},{\"@type\":\"BreadcrumbList\",\"@id\":\"https:\/\/www.auditorium.com\/it\/event\/sal-da-vinci\/#breadcrumb\",\"itemListElement\":[{\"@type\":\"ListItem\",\"position\":1,\"name\":\"Home\",\"item\":\"https:\/\/www.auditorium.com\/it\/\"},{\"@type\":\"ListItem\",\"position\":2,\"name\":\"Sal Da Vinci\"}]},{\"@type\":\"WebSite\",\"@id\":\"https:\/\/www.auditorium.com\/it\/#website\",\"url\":\"https:\/\/www.auditorium.com\/it\/\",\"name\":\"Auditorium Parco della Musica Ennio Morricone\",\"description\":\"Progettato da Renzo Piano, l&#039;Auditorium rappresenta una sofisticata architettura musicale e uno straordinario intervento di riqualificazione urbana.\",\"publisher\":{\"@id\":\"https:\/\/www.auditorium.com\/it\/#organization\"},\"potentialAction\":[{\"@type\":\"SearchAction\",\"target\":{\"@type\":\"EntryPoint\",\"urlTemplate\":\"https:\/\/www.auditorium.com\/it\/?s={search_term_string}\"},\"query-input\":\"required name=search_term_string\"}],\"inLanguage\":\"it-IT\"},{\"@type\":\"Organization\",\"@id\":\"https:\/\/www.auditorium.com\/it\/#organization\",\"name\":\"Auditorium Parco della Musica Ennio Morricone\",\"url\":\"https:\/\/www.auditorium.com\/it\/\",\"logo\":{\"@type\":\"ImageObject\",\"inLanguage\":\"it-IT\",\"@id\":\"https:\/\/www.auditorium.com\/it\/#\/schema\/logo\/image\/\",\"url\":\"https:\/\/www.auditorium.com\/wp-content\/uploads\/2022\/12\/logo-auditorium.svg\",\"contentUrl\":\"https:\/\/www.auditorium.com\/wp-content\/uploads\/2022\/12\/logo-auditorium.svg\",\"width\":86,\"height\":79,\"caption\":\"Auditorium Parco della Musica Ennio Morricone\"},\"image\":{\"@id\":\"https:\/\/www.auditorium.com\/it\/#\/schema\/logo\/image\/\"},\"sameAs\":[\"https:\/\/www.facebook.com\/AuditoriumParcodellaMusica\",\"https:\/\/x.com\/auditoriumpdm\",\"https:\/\/www.instagram.com\/auditoriumparcodellamusica\/\"]}]}<\/script>\n<!-- \/ Yoast SEO plugin. -->","yoast_head_json":{"title":"Sal Da Vinci | Auditorium Parco della Musica Ennio Morricone","robots":{"index":"index","follow":"follow","max-snippet":"max-snippet:-1","max-image-preview":"max-image-preview:large","max-video-preview":"max-video-preview:-1"},"canonical":"https:\/\/www.auditorium.com\/it\/event\/sal-da-vinci\/","og_locale":"it_IT","og_type":"article","og_title":"Sal Da Vinci | Auditorium Parco della Musica Ennio Morricone","og_description":"Dopo la vittoria al Festival di Sanremo 2026 con il brano Per sempre s\u00ec, Sal Da Vinci inaugura una nuova stagione dal vivo con il tour estivo 2026, una tourn\u00e9e che dal 18 luglio attraverser\u00e0 l\u2019Italia toccando festival e arene tra i pi\u00f9 prestigiosi della stagione. Il tour estivo 2026 sar\u00e0 ospitato anche presso la [&hellip;]","og_url":"https:\/\/www.auditorium.com\/it\/event\/sal-da-vinci\/","og_site_name":"Auditorium Parco della Musica Ennio Morricone","article_publisher":"https:\/\/www.facebook.com\/AuditoriumParcodellaMusica","article_modified_time":"2026-03-13T09:02:58+00:00","og_image":[{"width":1997,"height":1333,"url":"https:\/\/www.auditorium.com\/wp-content\/uploads\/2026\/03\/DSC_4842.jpeg","type":"image\/jpeg"}],"twitter_card":"summary_large_image","twitter_site":"@auditoriumpdm","twitter_misc":{"Tempo di lettura stimato":"2 minuti"},"schema":{"@context":"https:\/\/schema.org","@graph":[{"@type":"WebPage","@id":"https:\/\/www.auditorium.com\/it\/event\/sal-da-vinci\/","url":"https:\/\/www.auditorium.com\/it\/event\/sal-da-vinci\/","name":"Sal Da Vinci | Auditorium Parco della Musica Ennio Morricone","isPartOf":{"@id":"https:\/\/www.auditorium.com\/it\/#website"},"primaryImageOfPage":{"@id":"https:\/\/www.auditorium.com\/it\/event\/sal-da-vinci\/#primaryimage"},"image":{"@id":"https:\/\/www.auditorium.com\/it\/event\/sal-da-vinci\/#primaryimage"},"thumbnailUrl":"https:\/\/www.auditorium.com\/wp-content\/uploads\/2026\/03\/DSC_4842.jpeg","datePublished":"2026-03-13T08:49:30+00:00","dateModified":"2026-03-13T09:02:58+00:00","breadcrumb":{"@id":"https:\/\/www.auditorium.com\/it\/event\/sal-da-vinci\/#breadcrumb"},"inLanguage":"it-IT","potentialAction":[{"@type":"ReadAction","target":["https:\/\/www.auditorium.com\/it\/event\/sal-da-vinci\/"]}]},{"@type":"ImageObject","inLanguage":"it-IT","@id":"https:\/\/www.auditorium.com\/it\/event\/sal-da-vinci\/#primaryimage","url":"https:\/\/www.auditorium.com\/wp-content\/uploads\/2026\/03\/DSC_4842.jpeg","contentUrl":"https:\/\/www.auditorium.com\/wp-content\/uploads\/2026\/03\/DSC_4842.jpeg","width":1997,"height":1333},{"@type":"BreadcrumbList","@id":"https:\/\/www.auditorium.com\/it\/event\/sal-da-vinci\/#breadcrumb","itemListElement":[{"@type":"ListItem","position":1,"name":"Home","item":"https:\/\/www.auditorium.com\/it\/"},{"@type":"ListItem","position":2,"name":"Sal Da Vinci"}]},{"@type":"WebSite","@id":"https:\/\/www.auditorium.com\/it\/#website","url":"https:\/\/www.auditorium.com\/it\/","name":"Auditorium Parco della Musica Ennio Morricone","description":"Progettato da Renzo Piano, l&#039;Auditorium rappresenta una sofisticata architettura musicale e uno straordinario intervento di riqualificazione urbana.","publisher":{"@id":"https:\/\/www.auditorium.com\/it\/#organization"},"potentialAction":[{"@type":"SearchAction","target":{"@type":"EntryPoint","urlTemplate":"https:\/\/www.auditorium.com\/it\/?s={search_term_string}"},"query-input":"required name=search_term_string"}],"inLanguage":"it-IT"},{"@type":"Organization","@id":"https:\/\/www.auditorium.com\/it\/#organization","name":"Auditorium Parco della Musica Ennio Morricone","url":"https:\/\/www.auditorium.com\/it\/","logo":{"@type":"ImageObject","inLanguage":"it-IT","@id":"https:\/\/www.auditorium.com\/it\/#\/schema\/logo\/image\/","url":"https:\/\/www.auditorium.com\/wp-content\/uploads\/2022\/12\/logo-auditorium.svg","contentUrl":"https:\/\/www.auditorium.com\/wp-content\/uploads\/2022\/12\/logo-auditorium.svg","width":86,"height":79,"caption":"Auditorium Parco della Musica Ennio Morricone"},"image":{"@id":"https:\/\/www.auditorium.com\/it\/#\/schema\/logo\/image\/"},"sameAs":["https:\/\/www.facebook.com\/AuditoriumParcodellaMusica","https:\/\/x.com\/auditoriumpdm","https:\/\/www.instagram.com\/auditoriumparcodellamusica\/"]}]}},"_links":{"self":[{"href":"https:\/\/www.auditorium.com\/it\/wp-json\/wp\/v2\/event\/45165","targetHints":{"allow":["GET"]}}],"collection":[{"href":"https:\/\/www.auditorium.com\/it\/wp-json\/wp\/v2\/event"}],"about":[{"href":"https:\/\/www.auditorium.com\/it\/wp-json\/wp\/v2\/types\/event"}],"wp:featuredmedia":[{"embeddable":true,"href":"https:\/\/www.auditorium.com\/it\/wp-json\/wp\/v2\/media\/45166"}],"wp:attachment":[{"href":"https:\/\/www.auditorium.com\/it\/wp-json\/wp\/v2\/media?parent=45165"}],"wp:term":[{"taxonomy":"event_categories","embeddable":true,"href":"https:\/\/www.auditorium.com\/it\/wp-json\/wp\/v2\/event_categories?post=45165"},{"taxonomy":"event_genre","embeddable":true,"href":"https:\/\/www.auditorium.com\/it\/wp-json\/wp\/v2\/event_genre?post=45165"},{"taxonomy":"event_themes","embeddable":true,"href":"https:\/\/www.auditorium.com\/it\/wp-json\/wp\/v2\/event_themes?post=45165"},{"taxonomy":"event_format","embeddable":true,"href":"https:\/\/www.auditorium.com\/it\/wp-json\/wp\/v2\/event_format?post=45165"},{"taxonomy":"event_consigliati","embeddable":true,"href":"https:\/\/www.auditorium.com\/it\/wp-json\/wp\/v2\/event_consigliati?post=45165"}],"curies":[{"name":"wp","href":"https:\/\/api.w.org\/{rel}","templated":true}]}}

<p>Dopo la vittoria al <strong>Festival di Sanremo 2026</strong> con il brano <em>Per sempre sì</em>, <strong>Sal Da Vinci </strong>inaugura una nuova stagione dal vivo con il <strong>tour estivo 2026</strong>, una tournée che dal 18 luglio attraverserà l’Italia toccando festival e arene tra i più prestigiosi della stagione.</p>
<p>Il <strong>tour estivo 2026</strong> sarà ospitato anche presso la cavea dell&#8217;Auditorium Parco della Musica Ennio Morricone e offrirà al pubblico uno spettacolo pensato per valorizzare pienamente la dimensione live di Sal Da Vinci: un racconto musicale che intreccia i brani più amati della sua carriera con le canzoni che stanno segnando questo nuovo capitolo artistico. Uno show capace di restituire tutta la forza emotiva e interpretativa che da sempre caratterizza la sua presenza scenica.</p>
<p>La vittoria al Festival di Sanremo ha rappresentato una tappa di grande rilievo nel percorso artistico di Sal Da Vinci, confermando la sua capacità di unire intensità interpretativa, tradizione melodica e una sensibilità musicale contemporanea. <em>Per sempre sì</em>, il brano che ha conquistato pubblico e critica sul palco dell’Ariston, porterà inoltre l’artista a rappresentare l’Italia al prossimo <strong>Eurovision Song Contest 2026</strong>, in programma a Vienna.</p>
<p><strong>Biglietti in vendita da venerdì 13 marzo alle ore 14.00</strong></p>

Dopo la vittoria al Festival di Sanremo 2026 con il brano Per sempre sì, Sal Da Vinci inaugura una nuova stagione dal vivo con il tour estivo 2026, una tournée che dal 18 luglio attraverserà l’Italia toccando festival e arene tra i più prestigiosi della stagione. Il tour estivo 2026 sarà ospitato anche presso la [&hellip;]

<!-- This site is optimized with the Yoast SEO plugin v22.6 - https://yoast.com/wordpress/plugins/seo/ -->
<title>Sal Da Vinci | Auditorium Parco della Musica Ennio Morricone</title>
<meta name="robots" content="index, follow, max-snippet:-1, max-image-preview:large, max-video-preview:-1" />
<link rel="canonical" href="https://www.auditorium.com/it/event/sal-da-vinci/" />
<meta property="og:locale" content="it_IT" />
<meta property="og:type" content="article" />
<meta property="og:title" content="Sal Da Vinci | Auditorium Parco della Musica Ennio Morricone" />
<meta property="og:description" content="Dopo la vittoria al Festival di Sanremo 2026 con il brano Per sempre sì, Sal Da Vinci inaugura una nuova stagione dal vivo con il tour estivo 2026, una tournée che dal 18 luglio attraverserà l’Italia toccando festival e arene tra i più prestigiosi della stagione. Il tour estivo 2026 sarà ospitato anche presso la [&hellip;]" />
<meta property="og:url" content="https://www.auditorium.com/it/event/sal-da-vinci/" />
<meta property="og:site_name" content="Auditorium Parco della Musica Ennio Morricone" />
<meta property="article:publisher" content="https://www.facebook.com/AuditoriumParcodellaMusica" />
<meta property="article:modified_time" content="2026-03-13T09:02:58+00:00" />
<meta property="og:image" content="https://www.auditorium.com/wp-content/uploads/2026/03/DSC_4842.jpeg" />
	<meta property="og:image:width" content="1997" />
	<meta property="og:image:height" content="1333" />
	<meta property="og:image:type" content="image/jpeg" />
<meta name="twitter:card" content="summary_large_image" />
<meta name="twitter:site" content="@auditoriumpdm" />
<meta name="twitter:label1" content="Tempo di lettura stimato" />
	<meta name="twitter:data1" content="2 minuti" />
<script type="application/ld+json" class="yoast-schema-graph">{"@context":"https://schema.org","@graph":[{"@type":"WebPage","@id":"https://www.auditorium.com/it/event/sal-da-vinci/","url":"https://www.auditorium.com/it/event/sal-da-vinci/","name":"Sal Da Vinci | Auditorium Parco della Musica Ennio Morricone","isPartOf":{"@id":"https://www.auditorium.com/it/#website"},"primaryImageOfPage":{"@id":"https://www.auditorium.com/it/event/sal-da-vinci/#primaryimage"},"image":{"@id":"https://www.auditorium.com/it/event/sal-da-vinci/#primaryimage"},"thumbnailUrl":"https://www.auditorium.com/wp-content/uploads/2026/03/DSC_4842.jpeg","datePublished":"2026-03-13T08:49:30+00:00","dateModified":"2026-03-13T09:02:58+00:00","breadcrumb":{"@id":"https://www.auditorium.com/it/event/sal-da-vinci/#breadcrumb"},"inLanguage":"it-IT","potentialAction":[{"@type":"ReadAction","target":["https://www.auditorium.com/it/event/sal-da-vinci/"]}]},{"@type":"ImageObject","inLanguage":"it-IT","@id":"https://www.auditorium.com/it/event/sal-da-vinci/#primaryimage","url":"https://www.auditorium.com/wp-content/uploads/2026/03/DSC_4842.jpeg","contentUrl":"https://www.auditorium.com/wp-content/uploads/2026/03/DSC_4842.jpeg","width":1997,"height":1333},{"@type":"BreadcrumbList","@id":"https://www.auditorium.com/it/event/sal-da-vinci/#breadcrumb","itemListElement":[{"@type":"ListItem","position":1,"name":"Home","item":"https://www.auditorium.com/it/"},{"@type":"ListItem","position":2,"name":"Sal Da Vinci"}]},{"@type":"WebSite","@id":"https://www.auditorium.com/it/#website","url":"https://www.auditorium.com/it/","name":"Auditorium Parco della Musica Ennio Morricone","description":"Progettato da Renzo Piano, l&#039;Auditorium rappresenta una sofisticata architettura musicale e uno straordinario intervento di riqualificazione urbana.","publisher":{"@id":"https://www.auditorium.com/it/#organization"},"potentialAction":[{"@type":"SearchAction","target":{"@type":"EntryPoint","urlTemplate":"https://www.auditorium.com/it/?s={search_term_string}"},"query-input":"required name=search_term_string"}],"inLanguage":"it-IT"},{"@type":"Organization","@id":"https://www.auditorium.com/it/#organization","name":"Auditorium Parco della Musica Ennio Morricone","url":"https://www.auditorium.com/it/","logo":{"@type":"ImageObject","inLanguage":"it-IT","@id":"https://www.auditorium.com/it/#/schema/logo/image/","url":"https://www.auditorium.com/wp-content/uploads/2022/12/logo-auditorium.svg","contentUrl":"https://www.auditorium.com/wp-content/uploads/2022/12/logo-auditorium.svg","width":86,"height":79,"caption":"Auditorium Parco della Musica Ennio Morricone"},"image":{"@id":"https://www.auditorium.com/it/#/schema/logo/image/"},"sameAs":["https://www.facebook.com/AuditoriumParcodellaMusica","https://x.com/auditoriumpdm","https://www.instagram.com/auditoriumparcodellamusica/"]}]}</script>
<!-- / Yoast SEO plugin. -->
