{"id":44122,"date":"2026-01-23T14:08:16","date_gmt":"2026-01-23T13:08:16","guid":{"rendered":"https:\/\/www.auditorium.com\/?post_type=event&#038;p=44122"},"modified":"2026-02-04T08:18:31","modified_gmt":"2026-02-04T07:18:31","slug":"goran-bregovic-the-belly-button-of-the-world","status":"publish","type":"event","link":"https:\/\/www.auditorium.com\/it\/event\/goran-bregovic-the-belly-button-of-the-world\/","title":{"rendered":"GORAN BREGOVI\u0106 The Belly Button of the World"},"content":{"rendered":"<p>\u00c8 in questo concerto evento che Goran Bregovi\u0107 ha riassunto la sua idea di convivenza nel mondo. Lo dice un figlio di Sarajevo, citt\u00e0 prima romana, poi bizantina, per secoli ottomana, diventata austro-ungarica, jugoslava e infine bosniaca, abitata da ebrei, musulmani, cristiani ortodossi e cattolici. Una Gerusalemme d\u2019Europa a poche ore d\u2019auto dal confine italiano, contesa e dilaniata dalle guerre in ogni epoca, che viene raccontata in un concerto per tre violini solisti e orchestra sinfonica. Ogni violino rappresenta le tre anime comunicanti di Sarajevo, attraverso la prassi musicale occidentale, orientale e klezmer.<br \/>\nLa prova vivente e musicale del fatto che ascoltarsi l\u2019un l\u2019altro \u00e8 pi\u00f9 che mai possibile.<\/p>\n<p>\u201cThe Belly Button of The World\u201d \u00e8 un progetto sinfonico scritto per violino solista, coro, band gitana e orchestra sinfonica. Il Violino viene suonato secondo la tradizione classica occidentale, klezmer ed orientale, qui da tre solisti differenti, unendo a livello allegorico le tre religioni che sono, allo stesso tempo, il pi\u00f9 grande tesoro e la pi\u00f9 grande maledizione di Sarajevo.<\/p>\n","protected":false},"excerpt":{"rendered":"\u00c8 in questo concerto evento che Goran Bregovi\u0107 ha riassunto la sua idea di convivenza nel mondo. Lo dice un figlio di Sarajevo, citt\u00e0 prima romana, poi bizantina, per secoli ottomana, diventata austro-ungarica, jugoslava e infine bosniaca, abitata da ebrei, musulmani, cristiani ortodossi e cattolici. Una Gerusalemme d\u2019Europa a poche ore d\u2019auto dal confine italiano, [&hellip;]","protected":false},"featured_media":44123,"template":"","meta":{"_acf_changed":false,"inline_featured_image":false},"event_categories":[85],"event_genre":[66],"event_themes":[],"event_format":[74],"event_consigliati":[],"class_list":["post-44122","event","type-event","status-publish","has-post-thumbnail","hentry","event_categories-pop-rock","event_genre-pop-rock","event_format-festival"],"acf":[],"yoast_head":"<!-- This site is optimized with the Yoast SEO plugin v22.6 - https:\/\/yoast.com\/wordpress\/plugins\/seo\/ -->\n<title>GORAN BREGOVI\u0106 The Belly Button of the World | Auditorium Parco della Musica Ennio Morricone<\/title>\n<meta name=\"robots\" content=\"index, follow, max-snippet:-1, max-image-preview:large, max-video-preview:-1\" \/>\n<link rel=\"canonical\" href=\"https:\/\/www.auditorium.com\/it\/event\/goran-bregovic-the-belly-button-of-the-world\/\" \/>\n<meta property=\"og:locale\" content=\"it_IT\" \/>\n<meta property=\"og:type\" content=\"article\" \/>\n<meta property=\"og:title\" content=\"GORAN BREGOVI\u0106 The Belly Button of the World | Auditorium Parco della Musica Ennio Morricone\" \/>\n<meta property=\"og:description\" content=\"\u00c8 in questo concerto evento che Goran Bregovi\u0107 ha riassunto la sua idea di convivenza nel mondo. Lo dice un figlio di Sarajevo, citt\u00e0 prima romana, poi bizantina, per secoli ottomana, diventata austro-ungarica, jugoslava e infine bosniaca, abitata da ebrei, musulmani, cristiani ortodossi e cattolici. Una Gerusalemme d\u2019Europa a poche ore d\u2019auto dal confine italiano, [&hellip;]\" \/>\n<meta property=\"og:url\" content=\"https:\/\/www.auditorium.com\/it\/event\/goran-bregovic-the-belly-button-of-the-world\/\" \/>\n<meta property=\"og:site_name\" content=\"Auditorium Parco della Musica Ennio Morricone\" \/>\n<meta property=\"article:publisher\" content=\"https:\/\/www.facebook.com\/AuditoriumParcodellaMusica\" \/>\n<meta property=\"article:modified_time\" content=\"2026-02-04T07:18:31+00:00\" \/>\n<meta property=\"og:image\" content=\"https:\/\/www.auditorium.com\/wp-content\/uploads\/2026\/01\/bregovic2009_014.jpg\" \/>\n\t<meta property=\"og:image:width\" content=\"2362\" \/>\n\t<meta property=\"og:image:height\" content=\"1574\" \/>\n\t<meta property=\"og:image:type\" content=\"image\/jpeg\" \/>\n<meta name=\"twitter:card\" content=\"summary_large_image\" \/>\n<meta name=\"twitter:site\" content=\"@auditoriumpdm\" \/>\n<meta name=\"twitter:label1\" content=\"Tempo di lettura stimato\" \/>\n\t<meta name=\"twitter:data1\" content=\"2 minuti\" \/>\n<script type=\"application\/ld+json\" class=\"yoast-schema-graph\">{\"@context\":\"https:\/\/schema.org\",\"@graph\":[{\"@type\":\"WebPage\",\"@id\":\"https:\/\/www.auditorium.com\/it\/event\/goran-bregovic-the-belly-button-of-the-world\/\",\"url\":\"https:\/\/www.auditorium.com\/it\/event\/goran-bregovic-the-belly-button-of-the-world\/\",\"name\":\"GORAN BREGOVI\u0106 The Belly Button of the World | Auditorium Parco della Musica Ennio Morricone\",\"isPartOf\":{\"@id\":\"https:\/\/www.auditorium.com\/it\/#website\"},\"primaryImageOfPage\":{\"@id\":\"https:\/\/www.auditorium.com\/it\/event\/goran-bregovic-the-belly-button-of-the-world\/#primaryimage\"},\"image\":{\"@id\":\"https:\/\/www.auditorium.com\/it\/event\/goran-bregovic-the-belly-button-of-the-world\/#primaryimage\"},\"thumbnailUrl\":\"https:\/\/www.auditorium.com\/wp-content\/uploads\/2026\/01\/bregovic2009_014.jpg\",\"datePublished\":\"2026-01-23T13:08:16+00:00\",\"dateModified\":\"2026-02-04T07:18:31+00:00\",\"breadcrumb\":{\"@id\":\"https:\/\/www.auditorium.com\/it\/event\/goran-bregovic-the-belly-button-of-the-world\/#breadcrumb\"},\"inLanguage\":\"it-IT\",\"potentialAction\":[{\"@type\":\"ReadAction\",\"target\":[\"https:\/\/www.auditorium.com\/it\/event\/goran-bregovic-the-belly-button-of-the-world\/\"]}]},{\"@type\":\"ImageObject\",\"inLanguage\":\"it-IT\",\"@id\":\"https:\/\/www.auditorium.com\/it\/event\/goran-bregovic-the-belly-button-of-the-world\/#primaryimage\",\"url\":\"https:\/\/www.auditorium.com\/wp-content\/uploads\/2026\/01\/bregovic2009_014.jpg\",\"contentUrl\":\"https:\/\/www.auditorium.com\/wp-content\/uploads\/2026\/01\/bregovic2009_014.jpg\",\"width\":2362,\"height\":1574},{\"@type\":\"BreadcrumbList\",\"@id\":\"https:\/\/www.auditorium.com\/it\/event\/goran-bregovic-the-belly-button-of-the-world\/#breadcrumb\",\"itemListElement\":[{\"@type\":\"ListItem\",\"position\":1,\"name\":\"Home\",\"item\":\"https:\/\/www.auditorium.com\/it\/\"},{\"@type\":\"ListItem\",\"position\":2,\"name\":\"GORAN BREGOVI\u0106 The Belly Button of the World\"}]},{\"@type\":\"WebSite\",\"@id\":\"https:\/\/www.auditorium.com\/it\/#website\",\"url\":\"https:\/\/www.auditorium.com\/it\/\",\"name\":\"Auditorium Parco della Musica Ennio Morricone\",\"description\":\"Progettato da Renzo Piano, l&#039;Auditorium rappresenta una sofisticata architettura musicale e uno straordinario intervento di riqualificazione urbana.\",\"publisher\":{\"@id\":\"https:\/\/www.auditorium.com\/it\/#organization\"},\"potentialAction\":[{\"@type\":\"SearchAction\",\"target\":{\"@type\":\"EntryPoint\",\"urlTemplate\":\"https:\/\/www.auditorium.com\/it\/?s={search_term_string}\"},\"query-input\":\"required name=search_term_string\"}],\"inLanguage\":\"it-IT\"},{\"@type\":\"Organization\",\"@id\":\"https:\/\/www.auditorium.com\/it\/#organization\",\"name\":\"Auditorium Parco della Musica Ennio Morricone\",\"url\":\"https:\/\/www.auditorium.com\/it\/\",\"logo\":{\"@type\":\"ImageObject\",\"inLanguage\":\"it-IT\",\"@id\":\"https:\/\/www.auditorium.com\/it\/#\/schema\/logo\/image\/\",\"url\":\"https:\/\/www.auditorium.com\/wp-content\/uploads\/2022\/12\/logo-auditorium.svg\",\"contentUrl\":\"https:\/\/www.auditorium.com\/wp-content\/uploads\/2022\/12\/logo-auditorium.svg\",\"width\":86,\"height\":79,\"caption\":\"Auditorium Parco della Musica Ennio Morricone\"},\"image\":{\"@id\":\"https:\/\/www.auditorium.com\/it\/#\/schema\/logo\/image\/\"},\"sameAs\":[\"https:\/\/www.facebook.com\/AuditoriumParcodellaMusica\",\"https:\/\/x.com\/auditoriumpdm\",\"https:\/\/www.instagram.com\/auditoriumparcodellamusica\/\"]}]}<\/script>\n<!-- \/ Yoast SEO plugin. -->","yoast_head_json":{"title":"GORAN BREGOVI\u0106 The Belly Button of the World | Auditorium Parco della Musica Ennio Morricone","robots":{"index":"index","follow":"follow","max-snippet":"max-snippet:-1","max-image-preview":"max-image-preview:large","max-video-preview":"max-video-preview:-1"},"canonical":"https:\/\/www.auditorium.com\/it\/event\/goran-bregovic-the-belly-button-of-the-world\/","og_locale":"it_IT","og_type":"article","og_title":"GORAN BREGOVI\u0106 The Belly Button of the World | Auditorium Parco della Musica Ennio Morricone","og_description":"\u00c8 in questo concerto evento che Goran Bregovi\u0107 ha riassunto la sua idea di convivenza nel mondo. Lo dice un figlio di Sarajevo, citt\u00e0 prima romana, poi bizantina, per secoli ottomana, diventata austro-ungarica, jugoslava e infine bosniaca, abitata da ebrei, musulmani, cristiani ortodossi e cattolici. Una Gerusalemme d\u2019Europa a poche ore d\u2019auto dal confine italiano, [&hellip;]","og_url":"https:\/\/www.auditorium.com\/it\/event\/goran-bregovic-the-belly-button-of-the-world\/","og_site_name":"Auditorium Parco della Musica Ennio Morricone","article_publisher":"https:\/\/www.facebook.com\/AuditoriumParcodellaMusica","article_modified_time":"2026-02-04T07:18:31+00:00","og_image":[{"width":2362,"height":1574,"url":"https:\/\/www.auditorium.com\/wp-content\/uploads\/2026\/01\/bregovic2009_014.jpg","type":"image\/jpeg"}],"twitter_card":"summary_large_image","twitter_site":"@auditoriumpdm","twitter_misc":{"Tempo di lettura stimato":"2 minuti"},"schema":{"@context":"https:\/\/schema.org","@graph":[{"@type":"WebPage","@id":"https:\/\/www.auditorium.com\/it\/event\/goran-bregovic-the-belly-button-of-the-world\/","url":"https:\/\/www.auditorium.com\/it\/event\/goran-bregovic-the-belly-button-of-the-world\/","name":"GORAN BREGOVI\u0106 The Belly Button of the World | Auditorium Parco della Musica Ennio Morricone","isPartOf":{"@id":"https:\/\/www.auditorium.com\/it\/#website"},"primaryImageOfPage":{"@id":"https:\/\/www.auditorium.com\/it\/event\/goran-bregovic-the-belly-button-of-the-world\/#primaryimage"},"image":{"@id":"https:\/\/www.auditorium.com\/it\/event\/goran-bregovic-the-belly-button-of-the-world\/#primaryimage"},"thumbnailUrl":"https:\/\/www.auditorium.com\/wp-content\/uploads\/2026\/01\/bregovic2009_014.jpg","datePublished":"2026-01-23T13:08:16+00:00","dateModified":"2026-02-04T07:18:31+00:00","breadcrumb":{"@id":"https:\/\/www.auditorium.com\/it\/event\/goran-bregovic-the-belly-button-of-the-world\/#breadcrumb"},"inLanguage":"it-IT","potentialAction":[{"@type":"ReadAction","target":["https:\/\/www.auditorium.com\/it\/event\/goran-bregovic-the-belly-button-of-the-world\/"]}]},{"@type":"ImageObject","inLanguage":"it-IT","@id":"https:\/\/www.auditorium.com\/it\/event\/goran-bregovic-the-belly-button-of-the-world\/#primaryimage","url":"https:\/\/www.auditorium.com\/wp-content\/uploads\/2026\/01\/bregovic2009_014.jpg","contentUrl":"https:\/\/www.auditorium.com\/wp-content\/uploads\/2026\/01\/bregovic2009_014.jpg","width":2362,"height":1574},{"@type":"BreadcrumbList","@id":"https:\/\/www.auditorium.com\/it\/event\/goran-bregovic-the-belly-button-of-the-world\/#breadcrumb","itemListElement":[{"@type":"ListItem","position":1,"name":"Home","item":"https:\/\/www.auditorium.com\/it\/"},{"@type":"ListItem","position":2,"name":"GORAN BREGOVI\u0106 The Belly Button of the World"}]},{"@type":"WebSite","@id":"https:\/\/www.auditorium.com\/it\/#website","url":"https:\/\/www.auditorium.com\/it\/","name":"Auditorium Parco della Musica Ennio Morricone","description":"Progettato da Renzo Piano, l&#039;Auditorium rappresenta una sofisticata architettura musicale e uno straordinario intervento di riqualificazione urbana.","publisher":{"@id":"https:\/\/www.auditorium.com\/it\/#organization"},"potentialAction":[{"@type":"SearchAction","target":{"@type":"EntryPoint","urlTemplate":"https:\/\/www.auditorium.com\/it\/?s={search_term_string}"},"query-input":"required name=search_term_string"}],"inLanguage":"it-IT"},{"@type":"Organization","@id":"https:\/\/www.auditorium.com\/it\/#organization","name":"Auditorium Parco della Musica Ennio Morricone","url":"https:\/\/www.auditorium.com\/it\/","logo":{"@type":"ImageObject","inLanguage":"it-IT","@id":"https:\/\/www.auditorium.com\/it\/#\/schema\/logo\/image\/","url":"https:\/\/www.auditorium.com\/wp-content\/uploads\/2022\/12\/logo-auditorium.svg","contentUrl":"https:\/\/www.auditorium.com\/wp-content\/uploads\/2022\/12\/logo-auditorium.svg","width":86,"height":79,"caption":"Auditorium Parco della Musica Ennio Morricone"},"image":{"@id":"https:\/\/www.auditorium.com\/it\/#\/schema\/logo\/image\/"},"sameAs":["https:\/\/www.facebook.com\/AuditoriumParcodellaMusica","https:\/\/x.com\/auditoriumpdm","https:\/\/www.instagram.com\/auditoriumparcodellamusica\/"]}]}},"_links":{"self":[{"href":"https:\/\/www.auditorium.com\/it\/wp-json\/wp\/v2\/event\/44122","targetHints":{"allow":["GET"]}}],"collection":[{"href":"https:\/\/www.auditorium.com\/it\/wp-json\/wp\/v2\/event"}],"about":[{"href":"https:\/\/www.auditorium.com\/it\/wp-json\/wp\/v2\/types\/event"}],"wp:featuredmedia":[{"embeddable":true,"href":"https:\/\/www.auditorium.com\/it\/wp-json\/wp\/v2\/media\/44123"}],"wp:attachment":[{"href":"https:\/\/www.auditorium.com\/it\/wp-json\/wp\/v2\/media?parent=44122"}],"wp:term":[{"taxonomy":"event_categories","embeddable":true,"href":"https:\/\/www.auditorium.com\/it\/wp-json\/wp\/v2\/event_categories?post=44122"},{"taxonomy":"event_genre","embeddable":true,"href":"https:\/\/www.auditorium.com\/it\/wp-json\/wp\/v2\/event_genre?post=44122"},{"taxonomy":"event_themes","embeddable":true,"href":"https:\/\/www.auditorium.com\/it\/wp-json\/wp\/v2\/event_themes?post=44122"},{"taxonomy":"event_format","embeddable":true,"href":"https:\/\/www.auditorium.com\/it\/wp-json\/wp\/v2\/event_format?post=44122"},{"taxonomy":"event_consigliati","embeddable":true,"href":"https:\/\/www.auditorium.com\/it\/wp-json\/wp\/v2\/event_consigliati?post=44122"}],"curies":[{"name":"wp","href":"https:\/\/api.w.org\/{rel}","templated":true}]}}

GORAN BREGOVIĆ The Belly Button of the World

<p>È in questo concerto evento che Goran Bregović ha riassunto la sua idea di convivenza nel mondo. Lo dice un figlio di Sarajevo, città prima romana, poi bizantina, per secoli ottomana, diventata austro-ungarica, jugoslava e infine bosniaca, abitata da ebrei, musulmani, cristiani ortodossi e cattolici. Una Gerusalemme d’Europa a poche ore d’auto dal confine italiano, contesa e dilaniata dalle guerre in ogni epoca, che viene raccontata in un concerto per tre violini solisti e orchestra sinfonica. Ogni violino rappresenta le tre anime comunicanti di Sarajevo, attraverso la prassi musicale occidentale, orientale e klezmer.<br />
La prova vivente e musicale del fatto che ascoltarsi l’un l’altro è più che mai possibile.</p>
<p>“The Belly Button of The World” è un progetto sinfonico scritto per violino solista, coro, band gitana e orchestra sinfonica. Il Violino viene suonato secondo la tradizione classica occidentale, klezmer ed orientale, qui da tre solisti differenti, unendo a livello allegorico le tre religioni che sono, allo stesso tempo, il più grande tesoro e la più grande maledizione di Sarajevo.</p>

È in questo concerto evento che Goran Bregović ha riassunto la sua idea di convivenza nel mondo. Lo dice un figlio di Sarajevo, città prima romana, poi bizantina, per secoli ottomana, diventata austro-ungarica, jugoslava e infine bosniaca, abitata da ebrei, musulmani, cristiani ortodossi e cattolici. Una Gerusalemme d’Europa a poche ore d’auto dal confine italiano, [&hellip;]

<!-- This site is optimized with the Yoast SEO plugin v22.6 - https://yoast.com/wordpress/plugins/seo/ -->
<title>GORAN BREGOVIĆ The Belly Button of the World | Auditorium Parco della Musica Ennio Morricone</title>
<meta name="robots" content="index, follow, max-snippet:-1, max-image-preview:large, max-video-preview:-1" />
<link rel="canonical" href="https://www.auditorium.com/it/event/goran-bregovic-the-belly-button-of-the-world/" />
<meta property="og:locale" content="it_IT" />
<meta property="og:type" content="article" />
<meta property="og:title" content="GORAN BREGOVIĆ The Belly Button of the World | Auditorium Parco della Musica Ennio Morricone" />
<meta property="og:description" content="È in questo concerto evento che Goran Bregović ha riassunto la sua idea di convivenza nel mondo. Lo dice un figlio di Sarajevo, città prima romana, poi bizantina, per secoli ottomana, diventata austro-ungarica, jugoslava e infine bosniaca, abitata da ebrei, musulmani, cristiani ortodossi e cattolici. Una Gerusalemme d’Europa a poche ore d’auto dal confine italiano, [&hellip;]" />
<meta property="og:url" content="https://www.auditorium.com/it/event/goran-bregovic-the-belly-button-of-the-world/" />
<meta property="og:site_name" content="Auditorium Parco della Musica Ennio Morricone" />
<meta property="article:publisher" content="https://www.facebook.com/AuditoriumParcodellaMusica" />
<meta property="article:modified_time" content="2026-02-04T07:18:31+00:00" />
<meta property="og:image" content="https://www.auditorium.com/wp-content/uploads/2026/01/bregovic2009_014.jpg" />
	<meta property="og:image:width" content="2362" />
	<meta property="og:image:height" content="1574" />
	<meta property="og:image:type" content="image/jpeg" />
<meta name="twitter:card" content="summary_large_image" />
<meta name="twitter:site" content="@auditoriumpdm" />
<meta name="twitter:label1" content="Tempo di lettura stimato" />
	<meta name="twitter:data1" content="2 minuti" />
<script type="application/ld+json" class="yoast-schema-graph">{"@context":"https://schema.org","@graph":[{"@type":"WebPage","@id":"https://www.auditorium.com/it/event/goran-bregovic-the-belly-button-of-the-world/","url":"https://www.auditorium.com/it/event/goran-bregovic-the-belly-button-of-the-world/","name":"GORAN BREGOVIĆ The Belly Button of the World | Auditorium Parco della Musica Ennio Morricone","isPartOf":{"@id":"https://www.auditorium.com/it/#website"},"primaryImageOfPage":{"@id":"https://www.auditorium.com/it/event/goran-bregovic-the-belly-button-of-the-world/#primaryimage"},"image":{"@id":"https://www.auditorium.com/it/event/goran-bregovic-the-belly-button-of-the-world/#primaryimage"},"thumbnailUrl":"https://www.auditorium.com/wp-content/uploads/2026/01/bregovic2009_014.jpg","datePublished":"2026-01-23T13:08:16+00:00","dateModified":"2026-02-04T07:18:31+00:00","breadcrumb":{"@id":"https://www.auditorium.com/it/event/goran-bregovic-the-belly-button-of-the-world/#breadcrumb"},"inLanguage":"it-IT","potentialAction":[{"@type":"ReadAction","target":["https://www.auditorium.com/it/event/goran-bregovic-the-belly-button-of-the-world/"]}]},{"@type":"ImageObject","inLanguage":"it-IT","@id":"https://www.auditorium.com/it/event/goran-bregovic-the-belly-button-of-the-world/#primaryimage","url":"https://www.auditorium.com/wp-content/uploads/2026/01/bregovic2009_014.jpg","contentUrl":"https://www.auditorium.com/wp-content/uploads/2026/01/bregovic2009_014.jpg","width":2362,"height":1574},{"@type":"BreadcrumbList","@id":"https://www.auditorium.com/it/event/goran-bregovic-the-belly-button-of-the-world/#breadcrumb","itemListElement":[{"@type":"ListItem","position":1,"name":"Home","item":"https://www.auditorium.com/it/"},{"@type":"ListItem","position":2,"name":"GORAN BREGOVIĆ The Belly Button of the World"}]},{"@type":"WebSite","@id":"https://www.auditorium.com/it/#website","url":"https://www.auditorium.com/it/","name":"Auditorium Parco della Musica Ennio Morricone","description":"Progettato da Renzo Piano, l&#039;Auditorium rappresenta una sofisticata architettura musicale e uno straordinario intervento di riqualificazione urbana.","publisher":{"@id":"https://www.auditorium.com/it/#organization"},"potentialAction":[{"@type":"SearchAction","target":{"@type":"EntryPoint","urlTemplate":"https://www.auditorium.com/it/?s={search_term_string}"},"query-input":"required name=search_term_string"}],"inLanguage":"it-IT"},{"@type":"Organization","@id":"https://www.auditorium.com/it/#organization","name":"Auditorium Parco della Musica Ennio Morricone","url":"https://www.auditorium.com/it/","logo":{"@type":"ImageObject","inLanguage":"it-IT","@id":"https://www.auditorium.com/it/#/schema/logo/image/","url":"https://www.auditorium.com/wp-content/uploads/2022/12/logo-auditorium.svg","contentUrl":"https://www.auditorium.com/wp-content/uploads/2022/12/logo-auditorium.svg","width":86,"height":79,"caption":"Auditorium Parco della Musica Ennio Morricone"},"image":{"@id":"https://www.auditorium.com/it/#/schema/logo/image/"},"sameAs":["https://www.facebook.com/AuditoriumParcodellaMusica","https://x.com/auditoriumpdm","https://www.instagram.com/auditoriumparcodellamusica/"]}]}</script>
<!-- / Yoast SEO plugin. -->

GORAN BREGOVIĆ The Belly Button of the World | Auditorium Parco della Musica Ennio Morricone
