{"id":43544,"date":"2025-11-25T12:16:02","date_gmt":"2025-11-25T10:16:02","guid":{"rendered":"https:\/\/www.auditorium.com\/?post_type=event&#038;p=43544"},"modified":"2025-12-04T15:10:10","modified_gmt":"2025-12-04T13:10:10","slug":"europe","status":"publish","type":"event","link":"https:\/\/www.auditorium.com\/it\/event\/europe\/","title":{"rendered":"Europe"},"content":{"rendered":"<p style=\"font-weight: 400;\">Gli Europe sono un gruppo musicale hard rock formatosi in Svezia nel 1979. Tra i massimi esponenti storici dell&#8217;hard rock melodico, gli Europe agli esordi varcarono i confini e ottennero il successo del grande pubblico nel 1984 con il secondo album &#8220;Wings of Tomorrow&#8221; e raggiunsero il picco della notoriet\u00e0 a livello mondiale nel 1986 con &#8220;The Final Countdown&#8221;. Dopo la provvisoria pausa che segu\u00ec la fine del tour di &#8220;Prisoners in Paradise&#8221; nel 1992, la band si riun\u00ec a tutti gli effetti nel 2003, dando il via alla seconda fase della propria carriera, incidendo da allora sei album di inediti ed effettuando moltissimi concerti in ogni parte del mondo. Ancora oggi la band guidata dalla voce di Joey Tempest e dalla chitarra di John Norum rimane una delle band preferite dai fan affezionati al rock degli anni Ottanta.<\/p>\n","protected":false},"excerpt":{"rendered":"Gli Europe sono un gruppo musicale hard rock formatosi in Svezia nel 1979. Tra i massimi esponenti storici dell&#8217;hard rock melodico, gli Europe agli esordi varcarono i confini e ottennero il successo del grande pubblico nel 1984 con il secondo album &#8220;Wings of Tomorrow&#8221; e raggiunsero il picco della notoriet\u00e0 a livello mondiale nel 1986 [&hellip;]","protected":false},"featured_media":43545,"template":"","meta":{"_acf_changed":false,"inline_featured_image":false},"event_categories":[],"event_genre":[66],"event_themes":[],"event_format":[74],"event_consigliati":[],"class_list":["post-43544","event","type-event","status-publish","has-post-thumbnail","hentry","event_genre-pop-rock","event_format-festival"],"acf":[],"yoast_head":"<!-- This site is optimized with the Yoast SEO plugin v22.6 - https:\/\/yoast.com\/wordpress\/plugins\/seo\/ -->\n<title>Europe | Auditorium Parco della Musica Ennio Morricone<\/title>\n<meta name=\"robots\" content=\"index, follow, max-snippet:-1, max-image-preview:large, max-video-preview:-1\" \/>\n<link rel=\"canonical\" href=\"https:\/\/www.auditorium.com\/it\/event\/europe\/\" \/>\n<meta property=\"og:locale\" content=\"it_IT\" \/>\n<meta property=\"og:type\" content=\"article\" \/>\n<meta property=\"og:title\" content=\"Europe | Auditorium Parco della Musica Ennio Morricone\" \/>\n<meta property=\"og:description\" content=\"Gli Europe sono un gruppo musicale hard rock formatosi in Svezia nel 1979. Tra i massimi esponenti storici dell&#8217;hard rock melodico, gli Europe agli esordi varcarono i confini e ottennero il successo del grande pubblico nel 1984 con il secondo album &#8220;Wings of Tomorrow&#8221; e raggiunsero il picco della notoriet\u00e0 a livello mondiale nel 1986 [&hellip;]\" \/>\n<meta property=\"og:url\" content=\"https:\/\/www.auditorium.com\/it\/event\/europe\/\" \/>\n<meta property=\"og:site_name\" content=\"Auditorium Parco della Musica Ennio Morricone\" \/>\n<meta property=\"article:publisher\" content=\"https:\/\/www.facebook.com\/AuditoriumParcodellaMusica\" \/>\n<meta property=\"article:modified_time\" content=\"2025-12-04T13:10:10+00:00\" \/>\n<meta property=\"og:image\" content=\"https:\/\/www.auditorium.com\/wp-content\/uploads\/2025\/11\/Europe-Promo-October-2025-2-credit-Andy-Ford-scaled.jpg\" \/>\n\t<meta property=\"og:image:width\" content=\"2560\" \/>\n\t<meta property=\"og:image:height\" content=\"1707\" \/>\n\t<meta property=\"og:image:type\" content=\"image\/jpeg\" \/>\n<meta name=\"twitter:card\" content=\"summary_large_image\" \/>\n<meta name=\"twitter:site\" content=\"@auditoriumpdm\" \/>\n<meta name=\"twitter:label1\" content=\"Tempo di lettura stimato\" \/>\n\t<meta name=\"twitter:data1\" content=\"1 minuto\" \/>\n<script type=\"application\/ld+json\" class=\"yoast-schema-graph\">{\"@context\":\"https:\/\/schema.org\",\"@graph\":[{\"@type\":\"WebPage\",\"@id\":\"https:\/\/www.auditorium.com\/it\/event\/europe\/\",\"url\":\"https:\/\/www.auditorium.com\/it\/event\/europe\/\",\"name\":\"Europe | Auditorium Parco della Musica Ennio Morricone\",\"isPartOf\":{\"@id\":\"https:\/\/www.auditorium.com\/it\/#website\"},\"primaryImageOfPage\":{\"@id\":\"https:\/\/www.auditorium.com\/it\/event\/europe\/#primaryimage\"},\"image\":{\"@id\":\"https:\/\/www.auditorium.com\/it\/event\/europe\/#primaryimage\"},\"thumbnailUrl\":\"https:\/\/www.auditorium.com\/wp-content\/uploads\/2025\/11\/Europe-Promo-October-2025-2-credit-Andy-Ford-scaled.jpg\",\"datePublished\":\"2025-11-25T10:16:02+00:00\",\"dateModified\":\"2025-12-04T13:10:10+00:00\",\"breadcrumb\":{\"@id\":\"https:\/\/www.auditorium.com\/it\/event\/europe\/#breadcrumb\"},\"inLanguage\":\"it-IT\",\"potentialAction\":[{\"@type\":\"ReadAction\",\"target\":[\"https:\/\/www.auditorium.com\/it\/event\/europe\/\"]}]},{\"@type\":\"ImageObject\",\"inLanguage\":\"it-IT\",\"@id\":\"https:\/\/www.auditorium.com\/it\/event\/europe\/#primaryimage\",\"url\":\"https:\/\/www.auditorium.com\/wp-content\/uploads\/2025\/11\/Europe-Promo-October-2025-2-credit-Andy-Ford-scaled.jpg\",\"contentUrl\":\"https:\/\/www.auditorium.com\/wp-content\/uploads\/2025\/11\/Europe-Promo-October-2025-2-credit-Andy-Ford-scaled.jpg\",\"width\":2560,\"height\":1707},{\"@type\":\"BreadcrumbList\",\"@id\":\"https:\/\/www.auditorium.com\/it\/event\/europe\/#breadcrumb\",\"itemListElement\":[{\"@type\":\"ListItem\",\"position\":1,\"name\":\"Home\",\"item\":\"https:\/\/www.auditorium.com\/it\/\"},{\"@type\":\"ListItem\",\"position\":2,\"name\":\"Europe\"}]},{\"@type\":\"WebSite\",\"@id\":\"https:\/\/www.auditorium.com\/it\/#website\",\"url\":\"https:\/\/www.auditorium.com\/it\/\",\"name\":\"Auditorium Parco della Musica Ennio Morricone\",\"description\":\"Progettato da Renzo Piano, l&#039;Auditorium rappresenta una sofisticata architettura musicale e uno straordinario intervento di riqualificazione urbana.\",\"publisher\":{\"@id\":\"https:\/\/www.auditorium.com\/it\/#organization\"},\"potentialAction\":[{\"@type\":\"SearchAction\",\"target\":{\"@type\":\"EntryPoint\",\"urlTemplate\":\"https:\/\/www.auditorium.com\/it\/?s={search_term_string}\"},\"query-input\":\"required name=search_term_string\"}],\"inLanguage\":\"it-IT\"},{\"@type\":\"Organization\",\"@id\":\"https:\/\/www.auditorium.com\/it\/#organization\",\"name\":\"Auditorium Parco della Musica Ennio Morricone\",\"url\":\"https:\/\/www.auditorium.com\/it\/\",\"logo\":{\"@type\":\"ImageObject\",\"inLanguage\":\"it-IT\",\"@id\":\"https:\/\/www.auditorium.com\/it\/#\/schema\/logo\/image\/\",\"url\":\"https:\/\/www.auditorium.com\/wp-content\/uploads\/2022\/12\/logo-auditorium.svg\",\"contentUrl\":\"https:\/\/www.auditorium.com\/wp-content\/uploads\/2022\/12\/logo-auditorium.svg\",\"width\":86,\"height\":79,\"caption\":\"Auditorium Parco della Musica Ennio Morricone\"},\"image\":{\"@id\":\"https:\/\/www.auditorium.com\/it\/#\/schema\/logo\/image\/\"},\"sameAs\":[\"https:\/\/www.facebook.com\/AuditoriumParcodellaMusica\",\"https:\/\/x.com\/auditoriumpdm\",\"https:\/\/www.instagram.com\/auditoriumparcodellamusica\/\"]}]}<\/script>\n<!-- \/ Yoast SEO plugin. -->","yoast_head_json":{"title":"Europe | Auditorium Parco della Musica Ennio Morricone","robots":{"index":"index","follow":"follow","max-snippet":"max-snippet:-1","max-image-preview":"max-image-preview:large","max-video-preview":"max-video-preview:-1"},"canonical":"https:\/\/www.auditorium.com\/it\/event\/europe\/","og_locale":"it_IT","og_type":"article","og_title":"Europe | Auditorium Parco della Musica Ennio Morricone","og_description":"Gli Europe sono un gruppo musicale hard rock formatosi in Svezia nel 1979. Tra i massimi esponenti storici dell&#8217;hard rock melodico, gli Europe agli esordi varcarono i confini e ottennero il successo del grande pubblico nel 1984 con il secondo album &#8220;Wings of Tomorrow&#8221; e raggiunsero il picco della notoriet\u00e0 a livello mondiale nel 1986 [&hellip;]","og_url":"https:\/\/www.auditorium.com\/it\/event\/europe\/","og_site_name":"Auditorium Parco della Musica Ennio Morricone","article_publisher":"https:\/\/www.facebook.com\/AuditoriumParcodellaMusica","article_modified_time":"2025-12-04T13:10:10+00:00","og_image":[{"width":2560,"height":1707,"url":"https:\/\/www.auditorium.com\/wp-content\/uploads\/2025\/11\/Europe-Promo-October-2025-2-credit-Andy-Ford-scaled.jpg","type":"image\/jpeg"}],"twitter_card":"summary_large_image","twitter_site":"@auditoriumpdm","twitter_misc":{"Tempo di lettura stimato":"1 minuto"},"schema":{"@context":"https:\/\/schema.org","@graph":[{"@type":"WebPage","@id":"https:\/\/www.auditorium.com\/it\/event\/europe\/","url":"https:\/\/www.auditorium.com\/it\/event\/europe\/","name":"Europe | Auditorium Parco della Musica Ennio Morricone","isPartOf":{"@id":"https:\/\/www.auditorium.com\/it\/#website"},"primaryImageOfPage":{"@id":"https:\/\/www.auditorium.com\/it\/event\/europe\/#primaryimage"},"image":{"@id":"https:\/\/www.auditorium.com\/it\/event\/europe\/#primaryimage"},"thumbnailUrl":"https:\/\/www.auditorium.com\/wp-content\/uploads\/2025\/11\/Europe-Promo-October-2025-2-credit-Andy-Ford-scaled.jpg","datePublished":"2025-11-25T10:16:02+00:00","dateModified":"2025-12-04T13:10:10+00:00","breadcrumb":{"@id":"https:\/\/www.auditorium.com\/it\/event\/europe\/#breadcrumb"},"inLanguage":"it-IT","potentialAction":[{"@type":"ReadAction","target":["https:\/\/www.auditorium.com\/it\/event\/europe\/"]}]},{"@type":"ImageObject","inLanguage":"it-IT","@id":"https:\/\/www.auditorium.com\/it\/event\/europe\/#primaryimage","url":"https:\/\/www.auditorium.com\/wp-content\/uploads\/2025\/11\/Europe-Promo-October-2025-2-credit-Andy-Ford-scaled.jpg","contentUrl":"https:\/\/www.auditorium.com\/wp-content\/uploads\/2025\/11\/Europe-Promo-October-2025-2-credit-Andy-Ford-scaled.jpg","width":2560,"height":1707},{"@type":"BreadcrumbList","@id":"https:\/\/www.auditorium.com\/it\/event\/europe\/#breadcrumb","itemListElement":[{"@type":"ListItem","position":1,"name":"Home","item":"https:\/\/www.auditorium.com\/it\/"},{"@type":"ListItem","position":2,"name":"Europe"}]},{"@type":"WebSite","@id":"https:\/\/www.auditorium.com\/it\/#website","url":"https:\/\/www.auditorium.com\/it\/","name":"Auditorium Parco della Musica Ennio Morricone","description":"Progettato da Renzo Piano, l&#039;Auditorium rappresenta una sofisticata architettura musicale e uno straordinario intervento di riqualificazione urbana.","publisher":{"@id":"https:\/\/www.auditorium.com\/it\/#organization"},"potentialAction":[{"@type":"SearchAction","target":{"@type":"EntryPoint","urlTemplate":"https:\/\/www.auditorium.com\/it\/?s={search_term_string}"},"query-input":"required name=search_term_string"}],"inLanguage":"it-IT"},{"@type":"Organization","@id":"https:\/\/www.auditorium.com\/it\/#organization","name":"Auditorium Parco della Musica Ennio Morricone","url":"https:\/\/www.auditorium.com\/it\/","logo":{"@type":"ImageObject","inLanguage":"it-IT","@id":"https:\/\/www.auditorium.com\/it\/#\/schema\/logo\/image\/","url":"https:\/\/www.auditorium.com\/wp-content\/uploads\/2022\/12\/logo-auditorium.svg","contentUrl":"https:\/\/www.auditorium.com\/wp-content\/uploads\/2022\/12\/logo-auditorium.svg","width":86,"height":79,"caption":"Auditorium Parco della Musica Ennio Morricone"},"image":{"@id":"https:\/\/www.auditorium.com\/it\/#\/schema\/logo\/image\/"},"sameAs":["https:\/\/www.facebook.com\/AuditoriumParcodellaMusica","https:\/\/x.com\/auditoriumpdm","https:\/\/www.instagram.com\/auditoriumparcodellamusica\/"]}]}},"_links":{"self":[{"href":"https:\/\/www.auditorium.com\/it\/wp-json\/wp\/v2\/event\/43544","targetHints":{"allow":["GET"]}}],"collection":[{"href":"https:\/\/www.auditorium.com\/it\/wp-json\/wp\/v2\/event"}],"about":[{"href":"https:\/\/www.auditorium.com\/it\/wp-json\/wp\/v2\/types\/event"}],"wp:featuredmedia":[{"embeddable":true,"href":"https:\/\/www.auditorium.com\/it\/wp-json\/wp\/v2\/media\/43545"}],"wp:attachment":[{"href":"https:\/\/www.auditorium.com\/it\/wp-json\/wp\/v2\/media?parent=43544"}],"wp:term":[{"taxonomy":"event_categories","embeddable":true,"href":"https:\/\/www.auditorium.com\/it\/wp-json\/wp\/v2\/event_categories?post=43544"},{"taxonomy":"event_genre","embeddable":true,"href":"https:\/\/www.auditorium.com\/it\/wp-json\/wp\/v2\/event_genre?post=43544"},{"taxonomy":"event_themes","embeddable":true,"href":"https:\/\/www.auditorium.com\/it\/wp-json\/wp\/v2\/event_themes?post=43544"},{"taxonomy":"event_format","embeddable":true,"href":"https:\/\/www.auditorium.com\/it\/wp-json\/wp\/v2\/event_format?post=43544"},{"taxonomy":"event_consigliati","embeddable":true,"href":"https:\/\/www.auditorium.com\/it\/wp-json\/wp\/v2\/event_consigliati?post=43544"}],"curies":[{"name":"wp","href":"https:\/\/api.w.org\/{rel}","templated":true}]}}

<p style="font-weight: 400;">Gli Europe sono un gruppo musicale hard rock formatosi in Svezia nel 1979. Tra i massimi esponenti storici dell&#8217;hard rock melodico, gli Europe agli esordi varcarono i confini e ottennero il successo del grande pubblico nel 1984 con il secondo album &#8220;Wings of Tomorrow&#8221; e raggiunsero il picco della notorietà a livello mondiale nel 1986 con &#8220;The Final Countdown&#8221;. Dopo la provvisoria pausa che seguì la fine del tour di &#8220;Prisoners in Paradise&#8221; nel 1992, la band si riunì a tutti gli effetti nel 2003, dando il via alla seconda fase della propria carriera, incidendo da allora sei album di inediti ed effettuando moltissimi concerti in ogni parte del mondo. Ancora oggi la band guidata dalla voce di Joey Tempest e dalla chitarra di John Norum rimane una delle band preferite dai fan affezionati al rock degli anni Ottanta.</p>

Gli Europe sono un gruppo musicale hard rock formatosi in Svezia nel 1979. Tra i massimi esponenti storici dell&#8217;hard rock melodico, gli Europe agli esordi varcarono i confini e ottennero il successo del grande pubblico nel 1984 con il secondo album &#8220;Wings of Tomorrow&#8221; e raggiunsero il picco della notorietà a livello mondiale nel 1986 [&hellip;]

<!-- This site is optimized with the Yoast SEO plugin v22.6 - https://yoast.com/wordpress/plugins/seo/ -->
<title>Europe | Auditorium Parco della Musica Ennio Morricone</title>
<meta name="robots" content="index, follow, max-snippet:-1, max-image-preview:large, max-video-preview:-1" />
<link rel="canonical" href="https://www.auditorium.com/it/event/europe/" />
<meta property="og:locale" content="it_IT" />
<meta property="og:type" content="article" />
<meta property="og:title" content="Europe | Auditorium Parco della Musica Ennio Morricone" />
<meta property="og:description" content="Gli Europe sono un gruppo musicale hard rock formatosi in Svezia nel 1979. Tra i massimi esponenti storici dell&#8217;hard rock melodico, gli Europe agli esordi varcarono i confini e ottennero il successo del grande pubblico nel 1984 con il secondo album &#8220;Wings of Tomorrow&#8221; e raggiunsero il picco della notorietà a livello mondiale nel 1986 [&hellip;]" />
<meta property="og:url" content="https://www.auditorium.com/it/event/europe/" />
<meta property="og:site_name" content="Auditorium Parco della Musica Ennio Morricone" />
<meta property="article:publisher" content="https://www.facebook.com/AuditoriumParcodellaMusica" />
<meta property="article:modified_time" content="2025-12-04T13:10:10+00:00" />
<meta property="og:image" content="https://www.auditorium.com/wp-content/uploads/2025/11/Europe-Promo-October-2025-2-credit-Andy-Ford-scaled.jpg" />
	<meta property="og:image:width" content="2560" />
	<meta property="og:image:height" content="1707" />
	<meta property="og:image:type" content="image/jpeg" />
<meta name="twitter:card" content="summary_large_image" />
<meta name="twitter:site" content="@auditoriumpdm" />
<meta name="twitter:label1" content="Tempo di lettura stimato" />
	<meta name="twitter:data1" content="1 minuto" />
<script type="application/ld+json" class="yoast-schema-graph">{"@context":"https://schema.org","@graph":[{"@type":"WebPage","@id":"https://www.auditorium.com/it/event/europe/","url":"https://www.auditorium.com/it/event/europe/","name":"Europe | Auditorium Parco della Musica Ennio Morricone","isPartOf":{"@id":"https://www.auditorium.com/it/#website"},"primaryImageOfPage":{"@id":"https://www.auditorium.com/it/event/europe/#primaryimage"},"image":{"@id":"https://www.auditorium.com/it/event/europe/#primaryimage"},"thumbnailUrl":"https://www.auditorium.com/wp-content/uploads/2025/11/Europe-Promo-October-2025-2-credit-Andy-Ford-scaled.jpg","datePublished":"2025-11-25T10:16:02+00:00","dateModified":"2025-12-04T13:10:10+00:00","breadcrumb":{"@id":"https://www.auditorium.com/it/event/europe/#breadcrumb"},"inLanguage":"it-IT","potentialAction":[{"@type":"ReadAction","target":["https://www.auditorium.com/it/event/europe/"]}]},{"@type":"ImageObject","inLanguage":"it-IT","@id":"https://www.auditorium.com/it/event/europe/#primaryimage","url":"https://www.auditorium.com/wp-content/uploads/2025/11/Europe-Promo-October-2025-2-credit-Andy-Ford-scaled.jpg","contentUrl":"https://www.auditorium.com/wp-content/uploads/2025/11/Europe-Promo-October-2025-2-credit-Andy-Ford-scaled.jpg","width":2560,"height":1707},{"@type":"BreadcrumbList","@id":"https://www.auditorium.com/it/event/europe/#breadcrumb","itemListElement":[{"@type":"ListItem","position":1,"name":"Home","item":"https://www.auditorium.com/it/"},{"@type":"ListItem","position":2,"name":"Europe"}]},{"@type":"WebSite","@id":"https://www.auditorium.com/it/#website","url":"https://www.auditorium.com/it/","name":"Auditorium Parco della Musica Ennio Morricone","description":"Progettato da Renzo Piano, l&#039;Auditorium rappresenta una sofisticata architettura musicale e uno straordinario intervento di riqualificazione urbana.","publisher":{"@id":"https://www.auditorium.com/it/#organization"},"potentialAction":[{"@type":"SearchAction","target":{"@type":"EntryPoint","urlTemplate":"https://www.auditorium.com/it/?s={search_term_string}"},"query-input":"required name=search_term_string"}],"inLanguage":"it-IT"},{"@type":"Organization","@id":"https://www.auditorium.com/it/#organization","name":"Auditorium Parco della Musica Ennio Morricone","url":"https://www.auditorium.com/it/","logo":{"@type":"ImageObject","inLanguage":"it-IT","@id":"https://www.auditorium.com/it/#/schema/logo/image/","url":"https://www.auditorium.com/wp-content/uploads/2022/12/logo-auditorium.svg","contentUrl":"https://www.auditorium.com/wp-content/uploads/2022/12/logo-auditorium.svg","width":86,"height":79,"caption":"Auditorium Parco della Musica Ennio Morricone"},"image":{"@id":"https://www.auditorium.com/it/#/schema/logo/image/"},"sameAs":["https://www.facebook.com/AuditoriumParcodellaMusica","https://x.com/auditoriumpdm","https://www.instagram.com/auditoriumparcodellamusica/"]}]}</script>
<!-- / Yoast SEO plugin. -->
