{"id":42496,"date":"2025-10-10T11:07:53","date_gmt":"2025-10-10T09:07:53","guid":{"rendered":"https:\/\/www.auditorium.com\/?post_type=event&#038;p=42496"},"modified":"2025-10-11T09:30:52","modified_gmt":"2025-10-11T07:30:52","slug":"andrea-giardina-roma-2","status":"publish","type":"event","link":"https:\/\/www.auditorium.com\/it\/event\/andrea-giardina-roma-2\/","title":{"rendered":"Andrea Giardina \u2013 Roma 9 a.C. La pace di Augusto"},"content":{"rendered":"<p style=\"font-weight: 400;\"><em><strong>Andrea Giardina \u2013 Roma 9 a.C. La pace di Augusto<\/strong><\/em><\/p>\n<p style=\"font-weight: 400;\">\u00abQuando tornai a Roma dalla Gallia e dalla Spagna, sotto il consolato di <strong>Tiberio Nerone<\/strong> e <strong>Publio Quintilio<\/strong> [9 d.C.], portate felicemente a termine le imprese in quelle province, il senato decret\u00f2 che si dovesse consacrare un&#8217;ara alla Pace augustea nel Campo Marzio e ordin\u00f2 che in essa i magistrati, i sacerdoti e le vergini vestali celebrassero ogni anno un sacrificio\u00bb. Nelle <em>Res Gestae<\/em>, il resoconto delle sue imprese civili e militari, <strong>Augusto<\/strong> ricord\u00f2 con queste parole il tema che pi\u00f9 caratterizz\u00f2, nella percezione dei contemporanei e dei posteri, l\u2019epoca che da lui prese il nome. Celebrato per le vittorie nelle guerre civili e in quelle esterne, egli fu celebrato soprattutto come il pacificatore universale che aveva dato tranquillit\u00e0 e benessere all\u2019ecumene.<\/p>\n<p style=\"font-weight: 400;\"><strong>Andrea Giardina<\/strong> ha insegnato Storia romana alla Scuola Normale Superiore di Pisa.<\/p>\n<p style=\"font-weight: 400;\">\n","protected":false},"excerpt":{"rendered":"Andrea Giardina \u2013 Roma 9 a.C. La pace di Augusto \u00abQuando tornai a Roma dalla Gallia e dalla Spagna, sotto il consolato di Tiberio Nerone e Publio Quintilio [9 d.C.], portate felicemente a termine le imprese in quelle province, il senato decret\u00f2 che si dovesse consacrare un&#8217;ara alla Pace augustea nel Campo Marzio e ordin\u00f2 [&hellip;]","protected":false},"featured_media":42500,"template":"","meta":{"_acf_changed":false,"inline_featured_image":false},"event_categories":[52],"event_genre":[],"event_themes":[],"event_format":[73],"event_consigliati":[],"class_list":["post-42496","event","type-event","status-publish","has-post-thumbnail","hentry","event_categories-lezioni","event_format-lezioni"],"acf":[],"yoast_head":"<!-- This site is optimized with the Yoast SEO plugin v22.6 - https:\/\/yoast.com\/wordpress\/plugins\/seo\/ -->\n<title>Andrea Giardina \u2013 Roma 9 a.C. La pace di Augusto | Auditorium Parco della Musica Ennio Morricone<\/title>\n<meta name=\"robots\" content=\"index, follow, max-snippet:-1, max-image-preview:large, max-video-preview:-1\" \/>\n<link rel=\"canonical\" href=\"https:\/\/www.auditorium.com\/it\/event\/andrea-giardina-roma-2\/\" \/>\n<meta property=\"og:locale\" content=\"it_IT\" \/>\n<meta property=\"og:type\" content=\"article\" \/>\n<meta property=\"og:title\" content=\"Andrea Giardina \u2013 Roma 9 a.C. La pace di Augusto | Auditorium Parco della Musica Ennio Morricone\" \/>\n<meta property=\"og:description\" content=\"Andrea Giardina \u2013 Roma 9 a.C. La pace di Augusto \u00abQuando tornai a Roma dalla Gallia e dalla Spagna, sotto il consolato di Tiberio Nerone e Publio Quintilio [9 d.C.], portate felicemente a termine le imprese in quelle province, il senato decret\u00f2 che si dovesse consacrare un&#8217;ara alla Pace augustea nel Campo Marzio e ordin\u00f2 [&hellip;]\" \/>\n<meta property=\"og:url\" content=\"https:\/\/www.auditorium.com\/it\/event\/andrea-giardina-roma-2\/\" \/>\n<meta property=\"og:site_name\" content=\"Auditorium Parco della Musica Ennio Morricone\" \/>\n<meta property=\"article:publisher\" content=\"https:\/\/www.facebook.com\/AuditoriumParcodellaMusica\" \/>\n<meta property=\"article:modified_time\" content=\"2025-10-11T07:30:52+00:00\" \/>\n<meta property=\"og:image\" content=\"https:\/\/www.auditorium.com\/wp-content\/uploads\/2025\/10\/Giardina_Andrea-scaled.jpg\" \/>\n\t<meta property=\"og:image:width\" content=\"2560\" \/>\n\t<meta property=\"og:image:height\" content=\"1709\" \/>\n\t<meta property=\"og:image:type\" content=\"image\/jpeg\" \/>\n<meta name=\"twitter:card\" content=\"summary_large_image\" \/>\n<meta name=\"twitter:site\" content=\"@auditoriumpdm\" \/>\n<meta name=\"twitter:label1\" content=\"Tempo di lettura stimato\" \/>\n\t<meta name=\"twitter:data1\" content=\"1 minuto\" \/>\n<script type=\"application\/ld+json\" class=\"yoast-schema-graph\">{\"@context\":\"https:\/\/schema.org\",\"@graph\":[{\"@type\":\"WebPage\",\"@id\":\"https:\/\/www.auditorium.com\/it\/event\/andrea-giardina-roma-2\/\",\"url\":\"https:\/\/www.auditorium.com\/it\/event\/andrea-giardina-roma-2\/\",\"name\":\"Andrea Giardina \u2013 Roma 9 a.C. La pace di Augusto | Auditorium Parco della Musica Ennio Morricone\",\"isPartOf\":{\"@id\":\"https:\/\/www.auditorium.com\/it\/#website\"},\"primaryImageOfPage\":{\"@id\":\"https:\/\/www.auditorium.com\/it\/event\/andrea-giardina-roma-2\/#primaryimage\"},\"image\":{\"@id\":\"https:\/\/www.auditorium.com\/it\/event\/andrea-giardina-roma-2\/#primaryimage\"},\"thumbnailUrl\":\"https:\/\/www.auditorium.com\/wp-content\/uploads\/2025\/10\/Giardina_Andrea-scaled.jpg\",\"datePublished\":\"2025-10-10T09:07:53+00:00\",\"dateModified\":\"2025-10-11T07:30:52+00:00\",\"breadcrumb\":{\"@id\":\"https:\/\/www.auditorium.com\/it\/event\/andrea-giardina-roma-2\/#breadcrumb\"},\"inLanguage\":\"it-IT\",\"potentialAction\":[{\"@type\":\"ReadAction\",\"target\":[\"https:\/\/www.auditorium.com\/it\/event\/andrea-giardina-roma-2\/\"]}]},{\"@type\":\"ImageObject\",\"inLanguage\":\"it-IT\",\"@id\":\"https:\/\/www.auditorium.com\/it\/event\/andrea-giardina-roma-2\/#primaryimage\",\"url\":\"https:\/\/www.auditorium.com\/wp-content\/uploads\/2025\/10\/Giardina_Andrea-scaled.jpg\",\"contentUrl\":\"https:\/\/www.auditorium.com\/wp-content\/uploads\/2025\/10\/Giardina_Andrea-scaled.jpg\",\"width\":2560,\"height\":1709},{\"@type\":\"BreadcrumbList\",\"@id\":\"https:\/\/www.auditorium.com\/it\/event\/andrea-giardina-roma-2\/#breadcrumb\",\"itemListElement\":[{\"@type\":\"ListItem\",\"position\":1,\"name\":\"Home\",\"item\":\"https:\/\/www.auditorium.com\/it\/\"},{\"@type\":\"ListItem\",\"position\":2,\"name\":\"Andrea Giardina \u2013 Roma 9 a.C. La pace di Augusto\"}]},{\"@type\":\"WebSite\",\"@id\":\"https:\/\/www.auditorium.com\/it\/#website\",\"url\":\"https:\/\/www.auditorium.com\/it\/\",\"name\":\"Auditorium Parco della Musica Ennio Morricone\",\"description\":\"Progettato da Renzo Piano, l&#039;Auditorium rappresenta una sofisticata architettura musicale e uno straordinario intervento di riqualificazione urbana.\",\"publisher\":{\"@id\":\"https:\/\/www.auditorium.com\/it\/#organization\"},\"potentialAction\":[{\"@type\":\"SearchAction\",\"target\":{\"@type\":\"EntryPoint\",\"urlTemplate\":\"https:\/\/www.auditorium.com\/it\/?s={search_term_string}\"},\"query-input\":\"required name=search_term_string\"}],\"inLanguage\":\"it-IT\"},{\"@type\":\"Organization\",\"@id\":\"https:\/\/www.auditorium.com\/it\/#organization\",\"name\":\"Auditorium Parco della Musica Ennio Morricone\",\"url\":\"https:\/\/www.auditorium.com\/it\/\",\"logo\":{\"@type\":\"ImageObject\",\"inLanguage\":\"it-IT\",\"@id\":\"https:\/\/www.auditorium.com\/it\/#\/schema\/logo\/image\/\",\"url\":\"https:\/\/www.auditorium.com\/wp-content\/uploads\/2022\/12\/logo-auditorium.svg\",\"contentUrl\":\"https:\/\/www.auditorium.com\/wp-content\/uploads\/2022\/12\/logo-auditorium.svg\",\"width\":86,\"height\":79,\"caption\":\"Auditorium Parco della Musica Ennio Morricone\"},\"image\":{\"@id\":\"https:\/\/www.auditorium.com\/it\/#\/schema\/logo\/image\/\"},\"sameAs\":[\"https:\/\/www.facebook.com\/AuditoriumParcodellaMusica\",\"https:\/\/x.com\/auditoriumpdm\",\"https:\/\/www.instagram.com\/auditoriumparcodellamusica\/\"]}]}<\/script>\n<!-- \/ Yoast SEO plugin. -->","yoast_head_json":{"title":"Andrea Giardina \u2013 Roma 9 a.C. La pace di Augusto | Auditorium Parco della Musica Ennio Morricone","robots":{"index":"index","follow":"follow","max-snippet":"max-snippet:-1","max-image-preview":"max-image-preview:large","max-video-preview":"max-video-preview:-1"},"canonical":"https:\/\/www.auditorium.com\/it\/event\/andrea-giardina-roma-2\/","og_locale":"it_IT","og_type":"article","og_title":"Andrea Giardina \u2013 Roma 9 a.C. La pace di Augusto | Auditorium Parco della Musica Ennio Morricone","og_description":"Andrea Giardina \u2013 Roma 9 a.C. La pace di Augusto \u00abQuando tornai a Roma dalla Gallia e dalla Spagna, sotto il consolato di Tiberio Nerone e Publio Quintilio [9 d.C.], portate felicemente a termine le imprese in quelle province, il senato decret\u00f2 che si dovesse consacrare un&#8217;ara alla Pace augustea nel Campo Marzio e ordin\u00f2 [&hellip;]","og_url":"https:\/\/www.auditorium.com\/it\/event\/andrea-giardina-roma-2\/","og_site_name":"Auditorium Parco della Musica Ennio Morricone","article_publisher":"https:\/\/www.facebook.com\/AuditoriumParcodellaMusica","article_modified_time":"2025-10-11T07:30:52+00:00","og_image":[{"width":2560,"height":1709,"url":"https:\/\/www.auditorium.com\/wp-content\/uploads\/2025\/10\/Giardina_Andrea-scaled.jpg","type":"image\/jpeg"}],"twitter_card":"summary_large_image","twitter_site":"@auditoriumpdm","twitter_misc":{"Tempo di lettura stimato":"1 minuto"},"schema":{"@context":"https:\/\/schema.org","@graph":[{"@type":"WebPage","@id":"https:\/\/www.auditorium.com\/it\/event\/andrea-giardina-roma-2\/","url":"https:\/\/www.auditorium.com\/it\/event\/andrea-giardina-roma-2\/","name":"Andrea Giardina \u2013 Roma 9 a.C. La pace di Augusto | Auditorium Parco della Musica Ennio Morricone","isPartOf":{"@id":"https:\/\/www.auditorium.com\/it\/#website"},"primaryImageOfPage":{"@id":"https:\/\/www.auditorium.com\/it\/event\/andrea-giardina-roma-2\/#primaryimage"},"image":{"@id":"https:\/\/www.auditorium.com\/it\/event\/andrea-giardina-roma-2\/#primaryimage"},"thumbnailUrl":"https:\/\/www.auditorium.com\/wp-content\/uploads\/2025\/10\/Giardina_Andrea-scaled.jpg","datePublished":"2025-10-10T09:07:53+00:00","dateModified":"2025-10-11T07:30:52+00:00","breadcrumb":{"@id":"https:\/\/www.auditorium.com\/it\/event\/andrea-giardina-roma-2\/#breadcrumb"},"inLanguage":"it-IT","potentialAction":[{"@type":"ReadAction","target":["https:\/\/www.auditorium.com\/it\/event\/andrea-giardina-roma-2\/"]}]},{"@type":"ImageObject","inLanguage":"it-IT","@id":"https:\/\/www.auditorium.com\/it\/event\/andrea-giardina-roma-2\/#primaryimage","url":"https:\/\/www.auditorium.com\/wp-content\/uploads\/2025\/10\/Giardina_Andrea-scaled.jpg","contentUrl":"https:\/\/www.auditorium.com\/wp-content\/uploads\/2025\/10\/Giardina_Andrea-scaled.jpg","width":2560,"height":1709},{"@type":"BreadcrumbList","@id":"https:\/\/www.auditorium.com\/it\/event\/andrea-giardina-roma-2\/#breadcrumb","itemListElement":[{"@type":"ListItem","position":1,"name":"Home","item":"https:\/\/www.auditorium.com\/it\/"},{"@type":"ListItem","position":2,"name":"Andrea Giardina \u2013 Roma 9 a.C. La pace di Augusto"}]},{"@type":"WebSite","@id":"https:\/\/www.auditorium.com\/it\/#website","url":"https:\/\/www.auditorium.com\/it\/","name":"Auditorium Parco della Musica Ennio Morricone","description":"Progettato da Renzo Piano, l&#039;Auditorium rappresenta una sofisticata architettura musicale e uno straordinario intervento di riqualificazione urbana.","publisher":{"@id":"https:\/\/www.auditorium.com\/it\/#organization"},"potentialAction":[{"@type":"SearchAction","target":{"@type":"EntryPoint","urlTemplate":"https:\/\/www.auditorium.com\/it\/?s={search_term_string}"},"query-input":"required name=search_term_string"}],"inLanguage":"it-IT"},{"@type":"Organization","@id":"https:\/\/www.auditorium.com\/it\/#organization","name":"Auditorium Parco della Musica Ennio Morricone","url":"https:\/\/www.auditorium.com\/it\/","logo":{"@type":"ImageObject","inLanguage":"it-IT","@id":"https:\/\/www.auditorium.com\/it\/#\/schema\/logo\/image\/","url":"https:\/\/www.auditorium.com\/wp-content\/uploads\/2022\/12\/logo-auditorium.svg","contentUrl":"https:\/\/www.auditorium.com\/wp-content\/uploads\/2022\/12\/logo-auditorium.svg","width":86,"height":79,"caption":"Auditorium Parco della Musica Ennio Morricone"},"image":{"@id":"https:\/\/www.auditorium.com\/it\/#\/schema\/logo\/image\/"},"sameAs":["https:\/\/www.facebook.com\/AuditoriumParcodellaMusica","https:\/\/x.com\/auditoriumpdm","https:\/\/www.instagram.com\/auditoriumparcodellamusica\/"]}]}},"_links":{"self":[{"href":"https:\/\/www.auditorium.com\/it\/wp-json\/wp\/v2\/event\/42496","targetHints":{"allow":["GET"]}}],"collection":[{"href":"https:\/\/www.auditorium.com\/it\/wp-json\/wp\/v2\/event"}],"about":[{"href":"https:\/\/www.auditorium.com\/it\/wp-json\/wp\/v2\/types\/event"}],"wp:featuredmedia":[{"embeddable":true,"href":"https:\/\/www.auditorium.com\/it\/wp-json\/wp\/v2\/media\/42500"}],"wp:attachment":[{"href":"https:\/\/www.auditorium.com\/it\/wp-json\/wp\/v2\/media?parent=42496"}],"wp:term":[{"taxonomy":"event_categories","embeddable":true,"href":"https:\/\/www.auditorium.com\/it\/wp-json\/wp\/v2\/event_categories?post=42496"},{"taxonomy":"event_genre","embeddable":true,"href":"https:\/\/www.auditorium.com\/it\/wp-json\/wp\/v2\/event_genre?post=42496"},{"taxonomy":"event_themes","embeddable":true,"href":"https:\/\/www.auditorium.com\/it\/wp-json\/wp\/v2\/event_themes?post=42496"},{"taxonomy":"event_format","embeddable":true,"href":"https:\/\/www.auditorium.com\/it\/wp-json\/wp\/v2\/event_format?post=42496"},{"taxonomy":"event_consigliati","embeddable":true,"href":"https:\/\/www.auditorium.com\/it\/wp-json\/wp\/v2\/event_consigliati?post=42496"}],"curies":[{"name":"wp","href":"https:\/\/api.w.org\/{rel}","templated":true}]}}

<p style="font-weight: 400;"><em><strong>Andrea Giardina – Roma 9 a.C. La pace di Augusto</strong></em></p>
<p style="font-weight: 400;">«Quando tornai a Roma dalla Gallia e dalla Spagna, sotto il consolato di <strong>Tiberio Nerone</strong> e <strong>Publio Quintilio</strong> [9 d.C.], portate felicemente a termine le imprese in quelle province, il senato decretò che si dovesse consacrare un&#8217;ara alla Pace augustea nel Campo Marzio e ordinò che in essa i magistrati, i sacerdoti e le vergini vestali celebrassero ogni anno un sacrificio». Nelle <em>Res Gestae</em>, il resoconto delle sue imprese civili e militari, <strong>Augusto</strong> ricordò con queste parole il tema che più caratterizzò, nella percezione dei contemporanei e dei posteri, l’epoca che da lui prese il nome. Celebrato per le vittorie nelle guerre civili e in quelle esterne, egli fu celebrato soprattutto come il pacificatore universale che aveva dato tranquillità e benessere all’ecumene.</p>
<p style="font-weight: 400;"><strong>Andrea Giardina</strong> ha insegnato Storia romana alla Scuola Normale Superiore di Pisa.</p>
<p style="font-weight: 400;">

Andrea Giardina – Roma 9 a.C. La pace di Augusto «Quando tornai a Roma dalla Gallia e dalla Spagna, sotto il consolato di Tiberio Nerone e Publio Quintilio [9 d.C.], portate felicemente a termine le imprese in quelle province, il senato decretò che si dovesse consacrare un&#8217;ara alla Pace augustea nel Campo Marzio e ordinò [&hellip;]

<!-- This site is optimized with the Yoast SEO plugin v22.6 - https://yoast.com/wordpress/plugins/seo/ -->
<title>Andrea Giardina – Roma 9 a.C. La pace di Augusto | Auditorium Parco della Musica Ennio Morricone</title>
<meta name="robots" content="index, follow, max-snippet:-1, max-image-preview:large, max-video-preview:-1" />
<link rel="canonical" href="https://www.auditorium.com/it/event/andrea-giardina-roma-2/" />
<meta property="og:locale" content="it_IT" />
<meta property="og:type" content="article" />
<meta property="og:title" content="Andrea Giardina – Roma 9 a.C. La pace di Augusto | Auditorium Parco della Musica Ennio Morricone" />
<meta property="og:description" content="Andrea Giardina – Roma 9 a.C. La pace di Augusto «Quando tornai a Roma dalla Gallia e dalla Spagna, sotto il consolato di Tiberio Nerone e Publio Quintilio [9 d.C.], portate felicemente a termine le imprese in quelle province, il senato decretò che si dovesse consacrare un&#8217;ara alla Pace augustea nel Campo Marzio e ordinò [&hellip;]" />
<meta property="og:url" content="https://www.auditorium.com/it/event/andrea-giardina-roma-2/" />
<meta property="og:site_name" content="Auditorium Parco della Musica Ennio Morricone" />
<meta property="article:publisher" content="https://www.facebook.com/AuditoriumParcodellaMusica" />
<meta property="article:modified_time" content="2025-10-11T07:30:52+00:00" />
<meta property="og:image" content="https://www.auditorium.com/wp-content/uploads/2025/10/Giardina_Andrea-scaled.jpg" />
	<meta property="og:image:width" content="2560" />
	<meta property="og:image:height" content="1709" />
	<meta property="og:image:type" content="image/jpeg" />
<meta name="twitter:card" content="summary_large_image" />
<meta name="twitter:site" content="@auditoriumpdm" />
<meta name="twitter:label1" content="Tempo di lettura stimato" />
	<meta name="twitter:data1" content="1 minuto" />
<script type="application/ld+json" class="yoast-schema-graph">{"@context":"https://schema.org","@graph":[{"@type":"WebPage","@id":"https://www.auditorium.com/it/event/andrea-giardina-roma-2/","url":"https://www.auditorium.com/it/event/andrea-giardina-roma-2/","name":"Andrea Giardina – Roma 9 a.C. La pace di Augusto | Auditorium Parco della Musica Ennio Morricone","isPartOf":{"@id":"https://www.auditorium.com/it/#website"},"primaryImageOfPage":{"@id":"https://www.auditorium.com/it/event/andrea-giardina-roma-2/#primaryimage"},"image":{"@id":"https://www.auditorium.com/it/event/andrea-giardina-roma-2/#primaryimage"},"thumbnailUrl":"https://www.auditorium.com/wp-content/uploads/2025/10/Giardina_Andrea-scaled.jpg","datePublished":"2025-10-10T09:07:53+00:00","dateModified":"2025-10-11T07:30:52+00:00","breadcrumb":{"@id":"https://www.auditorium.com/it/event/andrea-giardina-roma-2/#breadcrumb"},"inLanguage":"it-IT","potentialAction":[{"@type":"ReadAction","target":["https://www.auditorium.com/it/event/andrea-giardina-roma-2/"]}]},{"@type":"ImageObject","inLanguage":"it-IT","@id":"https://www.auditorium.com/it/event/andrea-giardina-roma-2/#primaryimage","url":"https://www.auditorium.com/wp-content/uploads/2025/10/Giardina_Andrea-scaled.jpg","contentUrl":"https://www.auditorium.com/wp-content/uploads/2025/10/Giardina_Andrea-scaled.jpg","width":2560,"height":1709},{"@type":"BreadcrumbList","@id":"https://www.auditorium.com/it/event/andrea-giardina-roma-2/#breadcrumb","itemListElement":[{"@type":"ListItem","position":1,"name":"Home","item":"https://www.auditorium.com/it/"},{"@type":"ListItem","position":2,"name":"Andrea Giardina – Roma 9 a.C. La pace di Augusto"}]},{"@type":"WebSite","@id":"https://www.auditorium.com/it/#website","url":"https://www.auditorium.com/it/","name":"Auditorium Parco della Musica Ennio Morricone","description":"Progettato da Renzo Piano, l&#039;Auditorium rappresenta una sofisticata architettura musicale e uno straordinario intervento di riqualificazione urbana.","publisher":{"@id":"https://www.auditorium.com/it/#organization"},"potentialAction":[{"@type":"SearchAction","target":{"@type":"EntryPoint","urlTemplate":"https://www.auditorium.com/it/?s={search_term_string}"},"query-input":"required name=search_term_string"}],"inLanguage":"it-IT"},{"@type":"Organization","@id":"https://www.auditorium.com/it/#organization","name":"Auditorium Parco della Musica Ennio Morricone","url":"https://www.auditorium.com/it/","logo":{"@type":"ImageObject","inLanguage":"it-IT","@id":"https://www.auditorium.com/it/#/schema/logo/image/","url":"https://www.auditorium.com/wp-content/uploads/2022/12/logo-auditorium.svg","contentUrl":"https://www.auditorium.com/wp-content/uploads/2022/12/logo-auditorium.svg","width":86,"height":79,"caption":"Auditorium Parco della Musica Ennio Morricone"},"image":{"@id":"https://www.auditorium.com/it/#/schema/logo/image/"},"sameAs":["https://www.facebook.com/AuditoriumParcodellaMusica","https://x.com/auditoriumpdm","https://www.instagram.com/auditoriumparcodellamusica/"]}]}</script>
<!-- / Yoast SEO plugin. -->
