{"id":41429,"date":"2025-07-30T10:30:49","date_gmt":"2025-07-30T08:30:49","guid":{"rendered":"https:\/\/www.auditorium.com\/?post_type=event&#038;p=41429"},"modified":"2025-07-30T10:30:49","modified_gmt":"2025-07-30T08:30:49","slug":"magma","status":"publish","type":"event","link":"https:\/\/www.auditorium.com\/it\/event\/magma\/","title":{"rendered":"Magma"},"content":{"rendered":"<p style=\"text-align: center;\"><strong>MAGMA<\/strong><\/p>\n<p style=\"text-align: center;\">A QUARANTASEI ANNI DALL\u2019ULTIMA VOLTA IN ITALIA COME FULL BAND,<\/p>\n<p style=\"text-align: center;\">LA FORMAZIONE SBARCA A ROMA PER UNA DATA UNICA<\/p>\n<p><strong>\u00a0<\/strong><\/p>\n<p>Finalmente di ritorno in Italia dopo l\u2019ultimo concerto in versione full band nel lontano 1979, i <strong>Magma,<\/strong> band di culto della scena prog francese, arrivano <strong>per la prima volta a Roma<\/strong> per <strong>un solo appuntamento<\/strong> <strong>all\u2019Auditorium Parco della Musica Ennio Morricone<\/strong>.<\/p>\n<p>Nata da influenze e confluenze, da pulsioni e impulsi, al di fuori delle mode e delle tendenze, la musica dei <strong>Magma<\/strong> si distingue fin da subito dai suoi contemporanei e ci travolge con l\u2019energia purificatrice di un torrente di emozioni.<\/p>\n<p>Fondato nel 1969 dal batterista demiurgo <strong>Christian Vander<\/strong>, il gruppo ha esercitato un\u2019influenza che si estende in tutto il mondo, attraversando decenni e generazioni, sorprendendo tanto il pubblico cinese quanto quello dell\u2019<strong>Hellfest<\/strong>, ottenendo ovunque un trionfo, esibendosi in tutti i principali festival jazz e rock mondiali, ma anche all\u2019<strong>Opera di Monaco<\/strong> con l\u2019<strong>Orchestra Filarmonica di Monte Carlo<\/strong>.<\/p>\n<p>Ogni concerto dei <strong>Magma<\/strong> \u00e8 un\u2019esperienza unica, un viaggio al di fuori del tempo e dello spazio. Considerati da molti musicalmente avventurosi e fantasiosi, i <strong>Magma<\/strong> fanno ampio uso dei cori e del Kobaiano, la lingua che hanno inventato e nella quale sono scritti la maggior parte dei testi. Nel 1973 viene pubblicato <strong><em>M\u00ebkan\u00efk D\u00ebstrukt\u00ef\u1e81 K\u00f6mmand\u00f6h<\/em><\/strong>, il loro album pi\u00f9 iconico e acclamato che gli dar\u00e0 fama internazionale. Dopo una fase di intensa attivit\u00e0, la band rallenta negli anni \u201980, pur mantenendo uno status di culto. Nel 1996 Vander dona ai <strong>Magma<\/strong> una nuova formazione, dando il via a un secondo ciclo creativo e a lunghi tour internazionali. Decine di album, centinaia di concerti, all\u2019origine di un movimento musicale che ha ispirato una moltitudine di giovani musicisti: la musica dei <strong>Magma<\/strong> \u00e8 universale, unica ed eternamente d\u2019avanguardia.<\/p>\n","protected":false},"excerpt":{"rendered":"MAGMA A QUARANTASEI ANNI DALL\u2019ULTIMA VOLTA IN ITALIA COME FULL BAND, LA FORMAZIONE SBARCA A ROMA PER UNA DATA UNICA \u00a0 Finalmente di ritorno in Italia dopo l\u2019ultimo concerto in versione full band nel lontano 1979, i Magma, band di culto della scena prog francese, arrivano per la prima volta a Roma per un solo [&hellip;]","protected":false},"featured_media":41430,"template":"","meta":{"_acf_changed":false,"inline_featured_image":false},"event_categories":[85],"event_genre":[66],"event_themes":[],"event_format":[],"event_consigliati":[],"class_list":["post-41429","event","type-event","status-publish","has-post-thumbnail","hentry","event_categories-pop-rock","event_genre-pop-rock"],"acf":[],"yoast_head":"<!-- This site is optimized with the Yoast SEO plugin v22.6 - https:\/\/yoast.com\/wordpress\/plugins\/seo\/ -->\n<title>Magma | Auditorium Parco della Musica Ennio Morricone<\/title>\n<meta name=\"robots\" content=\"index, follow, max-snippet:-1, max-image-preview:large, max-video-preview:-1\" \/>\n<link rel=\"canonical\" href=\"https:\/\/www.auditorium.com\/it\/event\/magma\/\" \/>\n<meta property=\"og:locale\" content=\"it_IT\" \/>\n<meta property=\"og:type\" content=\"article\" \/>\n<meta property=\"og:title\" content=\"Magma | Auditorium Parco della Musica Ennio Morricone\" \/>\n<meta property=\"og:description\" content=\"MAGMA A QUARANTASEI ANNI DALL\u2019ULTIMA VOLTA IN ITALIA COME FULL BAND, LA FORMAZIONE SBARCA A ROMA PER UNA DATA UNICA \u00a0 Finalmente di ritorno in Italia dopo l\u2019ultimo concerto in versione full band nel lontano 1979, i Magma, band di culto della scena prog francese, arrivano per la prima volta a Roma per un solo [&hellip;]\" \/>\n<meta property=\"og:url\" content=\"https:\/\/www.auditorium.com\/it\/event\/magma\/\" \/>\n<meta property=\"og:site_name\" content=\"Auditorium Parco della Musica Ennio Morricone\" \/>\n<meta property=\"article:publisher\" content=\"https:\/\/www.facebook.com\/AuditoriumParcodellaMusica\" \/>\n<meta property=\"og:image\" content=\"https:\/\/www.auditorium.com\/wp-content\/uploads\/2025\/07\/Magma-scaled.jpg\" \/>\n\t<meta property=\"og:image:width\" content=\"2560\" \/>\n\t<meta property=\"og:image:height\" content=\"1609\" \/>\n\t<meta property=\"og:image:type\" content=\"image\/jpeg\" \/>\n<meta name=\"twitter:card\" content=\"summary_large_image\" \/>\n<meta name=\"twitter:site\" content=\"@auditoriumpdm\" \/>\n<meta name=\"twitter:label1\" content=\"Tempo di lettura stimato\" \/>\n\t<meta name=\"twitter:data1\" content=\"2 minuti\" \/>\n<script type=\"application\/ld+json\" class=\"yoast-schema-graph\">{\"@context\":\"https:\/\/schema.org\",\"@graph\":[{\"@type\":\"WebPage\",\"@id\":\"https:\/\/www.auditorium.com\/it\/event\/magma\/\",\"url\":\"https:\/\/www.auditorium.com\/it\/event\/magma\/\",\"name\":\"Magma | Auditorium Parco della Musica Ennio Morricone\",\"isPartOf\":{\"@id\":\"https:\/\/www.auditorium.com\/it\/#website\"},\"primaryImageOfPage\":{\"@id\":\"https:\/\/www.auditorium.com\/it\/event\/magma\/#primaryimage\"},\"image\":{\"@id\":\"https:\/\/www.auditorium.com\/it\/event\/magma\/#primaryimage\"},\"thumbnailUrl\":\"https:\/\/www.auditorium.com\/wp-content\/uploads\/2025\/07\/Magma-scaled.jpg\",\"datePublished\":\"2025-07-30T08:30:49+00:00\",\"dateModified\":\"2025-07-30T08:30:49+00:00\",\"breadcrumb\":{\"@id\":\"https:\/\/www.auditorium.com\/it\/event\/magma\/#breadcrumb\"},\"inLanguage\":\"it-IT\",\"potentialAction\":[{\"@type\":\"ReadAction\",\"target\":[\"https:\/\/www.auditorium.com\/it\/event\/magma\/\"]}]},{\"@type\":\"ImageObject\",\"inLanguage\":\"it-IT\",\"@id\":\"https:\/\/www.auditorium.com\/it\/event\/magma\/#primaryimage\",\"url\":\"https:\/\/www.auditorium.com\/wp-content\/uploads\/2025\/07\/Magma-scaled.jpg\",\"contentUrl\":\"https:\/\/www.auditorium.com\/wp-content\/uploads\/2025\/07\/Magma-scaled.jpg\",\"width\":2560,\"height\":1609},{\"@type\":\"BreadcrumbList\",\"@id\":\"https:\/\/www.auditorium.com\/it\/event\/magma\/#breadcrumb\",\"itemListElement\":[{\"@type\":\"ListItem\",\"position\":1,\"name\":\"Home\",\"item\":\"https:\/\/www.auditorium.com\/it\/\"},{\"@type\":\"ListItem\",\"position\":2,\"name\":\"Magma\"}]},{\"@type\":\"WebSite\",\"@id\":\"https:\/\/www.auditorium.com\/it\/#website\",\"url\":\"https:\/\/www.auditorium.com\/it\/\",\"name\":\"Auditorium Parco della Musica Ennio Morricone\",\"description\":\"Progettato da Renzo Piano, l&#039;Auditorium rappresenta una sofisticata architettura musicale e uno straordinario intervento di riqualificazione urbana.\",\"publisher\":{\"@id\":\"https:\/\/www.auditorium.com\/it\/#organization\"},\"potentialAction\":[{\"@type\":\"SearchAction\",\"target\":{\"@type\":\"EntryPoint\",\"urlTemplate\":\"https:\/\/www.auditorium.com\/it\/?s={search_term_string}\"},\"query-input\":\"required name=search_term_string\"}],\"inLanguage\":\"it-IT\"},{\"@type\":\"Organization\",\"@id\":\"https:\/\/www.auditorium.com\/it\/#organization\",\"name\":\"Auditorium Parco della Musica Ennio Morricone\",\"url\":\"https:\/\/www.auditorium.com\/it\/\",\"logo\":{\"@type\":\"ImageObject\",\"inLanguage\":\"it-IT\",\"@id\":\"https:\/\/www.auditorium.com\/it\/#\/schema\/logo\/image\/\",\"url\":\"https:\/\/www.auditorium.com\/wp-content\/uploads\/2022\/12\/logo-auditorium.svg\",\"contentUrl\":\"https:\/\/www.auditorium.com\/wp-content\/uploads\/2022\/12\/logo-auditorium.svg\",\"width\":86,\"height\":79,\"caption\":\"Auditorium Parco della Musica Ennio Morricone\"},\"image\":{\"@id\":\"https:\/\/www.auditorium.com\/it\/#\/schema\/logo\/image\/\"},\"sameAs\":[\"https:\/\/www.facebook.com\/AuditoriumParcodellaMusica\",\"https:\/\/x.com\/auditoriumpdm\",\"https:\/\/www.instagram.com\/auditoriumparcodellamusica\/\"]}]}<\/script>\n<!-- \/ Yoast SEO plugin. -->","yoast_head_json":{"title":"Magma | Auditorium Parco della Musica Ennio Morricone","robots":{"index":"index","follow":"follow","max-snippet":"max-snippet:-1","max-image-preview":"max-image-preview:large","max-video-preview":"max-video-preview:-1"},"canonical":"https:\/\/www.auditorium.com\/it\/event\/magma\/","og_locale":"it_IT","og_type":"article","og_title":"Magma | Auditorium Parco della Musica Ennio Morricone","og_description":"MAGMA A QUARANTASEI ANNI DALL\u2019ULTIMA VOLTA IN ITALIA COME FULL BAND, LA FORMAZIONE SBARCA A ROMA PER UNA DATA UNICA \u00a0 Finalmente di ritorno in Italia dopo l\u2019ultimo concerto in versione full band nel lontano 1979, i Magma, band di culto della scena prog francese, arrivano per la prima volta a Roma per un solo [&hellip;]","og_url":"https:\/\/www.auditorium.com\/it\/event\/magma\/","og_site_name":"Auditorium Parco della Musica Ennio Morricone","article_publisher":"https:\/\/www.facebook.com\/AuditoriumParcodellaMusica","og_image":[{"width":2560,"height":1609,"url":"https:\/\/www.auditorium.com\/wp-content\/uploads\/2025\/07\/Magma-scaled.jpg","type":"image\/jpeg"}],"twitter_card":"summary_large_image","twitter_site":"@auditoriumpdm","twitter_misc":{"Tempo di lettura stimato":"2 minuti"},"schema":{"@context":"https:\/\/schema.org","@graph":[{"@type":"WebPage","@id":"https:\/\/www.auditorium.com\/it\/event\/magma\/","url":"https:\/\/www.auditorium.com\/it\/event\/magma\/","name":"Magma | Auditorium Parco della Musica Ennio Morricone","isPartOf":{"@id":"https:\/\/www.auditorium.com\/it\/#website"},"primaryImageOfPage":{"@id":"https:\/\/www.auditorium.com\/it\/event\/magma\/#primaryimage"},"image":{"@id":"https:\/\/www.auditorium.com\/it\/event\/magma\/#primaryimage"},"thumbnailUrl":"https:\/\/www.auditorium.com\/wp-content\/uploads\/2025\/07\/Magma-scaled.jpg","datePublished":"2025-07-30T08:30:49+00:00","dateModified":"2025-07-30T08:30:49+00:00","breadcrumb":{"@id":"https:\/\/www.auditorium.com\/it\/event\/magma\/#breadcrumb"},"inLanguage":"it-IT","potentialAction":[{"@type":"ReadAction","target":["https:\/\/www.auditorium.com\/it\/event\/magma\/"]}]},{"@type":"ImageObject","inLanguage":"it-IT","@id":"https:\/\/www.auditorium.com\/it\/event\/magma\/#primaryimage","url":"https:\/\/www.auditorium.com\/wp-content\/uploads\/2025\/07\/Magma-scaled.jpg","contentUrl":"https:\/\/www.auditorium.com\/wp-content\/uploads\/2025\/07\/Magma-scaled.jpg","width":2560,"height":1609},{"@type":"BreadcrumbList","@id":"https:\/\/www.auditorium.com\/it\/event\/magma\/#breadcrumb","itemListElement":[{"@type":"ListItem","position":1,"name":"Home","item":"https:\/\/www.auditorium.com\/it\/"},{"@type":"ListItem","position":2,"name":"Magma"}]},{"@type":"WebSite","@id":"https:\/\/www.auditorium.com\/it\/#website","url":"https:\/\/www.auditorium.com\/it\/","name":"Auditorium Parco della Musica Ennio Morricone","description":"Progettato da Renzo Piano, l&#039;Auditorium rappresenta una sofisticata architettura musicale e uno straordinario intervento di riqualificazione urbana.","publisher":{"@id":"https:\/\/www.auditorium.com\/it\/#organization"},"potentialAction":[{"@type":"SearchAction","target":{"@type":"EntryPoint","urlTemplate":"https:\/\/www.auditorium.com\/it\/?s={search_term_string}"},"query-input":"required name=search_term_string"}],"inLanguage":"it-IT"},{"@type":"Organization","@id":"https:\/\/www.auditorium.com\/it\/#organization","name":"Auditorium Parco della Musica Ennio Morricone","url":"https:\/\/www.auditorium.com\/it\/","logo":{"@type":"ImageObject","inLanguage":"it-IT","@id":"https:\/\/www.auditorium.com\/it\/#\/schema\/logo\/image\/","url":"https:\/\/www.auditorium.com\/wp-content\/uploads\/2022\/12\/logo-auditorium.svg","contentUrl":"https:\/\/www.auditorium.com\/wp-content\/uploads\/2022\/12\/logo-auditorium.svg","width":86,"height":79,"caption":"Auditorium Parco della Musica Ennio Morricone"},"image":{"@id":"https:\/\/www.auditorium.com\/it\/#\/schema\/logo\/image\/"},"sameAs":["https:\/\/www.facebook.com\/AuditoriumParcodellaMusica","https:\/\/x.com\/auditoriumpdm","https:\/\/www.instagram.com\/auditoriumparcodellamusica\/"]}]}},"_links":{"self":[{"href":"https:\/\/www.auditorium.com\/it\/wp-json\/wp\/v2\/event\/41429","targetHints":{"allow":["GET"]}}],"collection":[{"href":"https:\/\/www.auditorium.com\/it\/wp-json\/wp\/v2\/event"}],"about":[{"href":"https:\/\/www.auditorium.com\/it\/wp-json\/wp\/v2\/types\/event"}],"wp:featuredmedia":[{"embeddable":true,"href":"https:\/\/www.auditorium.com\/it\/wp-json\/wp\/v2\/media\/41430"}],"wp:attachment":[{"href":"https:\/\/www.auditorium.com\/it\/wp-json\/wp\/v2\/media?parent=41429"}],"wp:term":[{"taxonomy":"event_categories","embeddable":true,"href":"https:\/\/www.auditorium.com\/it\/wp-json\/wp\/v2\/event_categories?post=41429"},{"taxonomy":"event_genre","embeddable":true,"href":"https:\/\/www.auditorium.com\/it\/wp-json\/wp\/v2\/event_genre?post=41429"},{"taxonomy":"event_themes","embeddable":true,"href":"https:\/\/www.auditorium.com\/it\/wp-json\/wp\/v2\/event_themes?post=41429"},{"taxonomy":"event_format","embeddable":true,"href":"https:\/\/www.auditorium.com\/it\/wp-json\/wp\/v2\/event_format?post=41429"},{"taxonomy":"event_consigliati","embeddable":true,"href":"https:\/\/www.auditorium.com\/it\/wp-json\/wp\/v2\/event_consigliati?post=41429"}],"curies":[{"name":"wp","href":"https:\/\/api.w.org\/{rel}","templated":true}]}}

<p style="text-align: center;"><strong>MAGMA</strong></p>
<p style="text-align: center;">A QUARANTASEI ANNI DALL’ULTIMA VOLTA IN ITALIA COME FULL BAND,</p>
<p style="text-align: center;">LA FORMAZIONE SBARCA A ROMA PER UNA DATA UNICA</p>
<p><strong> </strong></p>
<p>Finalmente di ritorno in Italia dopo l’ultimo concerto in versione full band nel lontano 1979, i <strong>Magma,</strong> band di culto della scena prog francese, arrivano <strong>per la prima volta a Roma</strong> per <strong>un solo appuntamento</strong> <strong>all’Auditorium Parco della Musica Ennio Morricone</strong>.</p>
<p>Nata da influenze e confluenze, da pulsioni e impulsi, al di fuori delle mode e delle tendenze, la musica dei <strong>Magma</strong> si distingue fin da subito dai suoi contemporanei e ci travolge con l’energia purificatrice di un torrente di emozioni.</p>
<p>Fondato nel 1969 dal batterista demiurgo <strong>Christian Vander</strong>, il gruppo ha esercitato un’influenza che si estende in tutto il mondo, attraversando decenni e generazioni, sorprendendo tanto il pubblico cinese quanto quello dell’<strong>Hellfest</strong>, ottenendo ovunque un trionfo, esibendosi in tutti i principali festival jazz e rock mondiali, ma anche all’<strong>Opera di Monaco</strong> con l’<strong>Orchestra Filarmonica di Monte Carlo</strong>.</p>
<p>Ogni concerto dei <strong>Magma</strong> è un’esperienza unica, un viaggio al di fuori del tempo e dello spazio. Considerati da molti musicalmente avventurosi e fantasiosi, i <strong>Magma</strong> fanno ampio uso dei cori e del Kobaiano, la lingua che hanno inventato e nella quale sono scritti la maggior parte dei testi. Nel 1973 viene pubblicato <strong><em>Mëkanïk Dëstruktïẁ Kömmandöh</em></strong>, il loro album più iconico e acclamato che gli darà fama internazionale. Dopo una fase di intensa attività, la band rallenta negli anni ’80, pur mantenendo uno status di culto. Nel 1996 Vander dona ai <strong>Magma</strong> una nuova formazione, dando il via a un secondo ciclo creativo e a lunghi tour internazionali. Decine di album, centinaia di concerti, all’origine di un movimento musicale che ha ispirato una moltitudine di giovani musicisti: la musica dei <strong>Magma</strong> è universale, unica ed eternamente d’avanguardia.</p>
