{"id":32364,"date":"2019-02-20T16:00:01","date_gmt":"2019-02-20T15:00:01","guid":{"rendered":"https:\/\/www.auditorium.com\/event\/jacopo-ferrazza-trio\/"},"modified":"2019-02-20T16:00:01","modified_gmt":"2019-02-20T15:00:01","slug":"jacopo-ferrazza-trio","status":"publish","type":"event","link":"https:\/\/www.auditorium.com\/it\/event\/jacopo-ferrazza-trio\/","title":{"rendered":"JACOPO FERRAZZA TRIO"},"content":{"rendered":"<div style=\"text-align: justify;\"><strong>Jacopo Ferrazza<\/strong> uno dei pi\u00f9 interessanti giovani contrabbassisti\/compositori del panorama jazz europeo presenta il suo nuovo lavoro <em>Theater<\/em>, una\u00a0raccolta di composizioni originali.<br \/>\nLo stile di\u00a0<strong>Jacopo Ferrazza<\/strong>\u00a0ricorda quello di grandi maestri come Paul Chambers, Ray Brown, Charles Mingus. Nonostante la giovane et\u00e0, dimostra autorevolezza crescente. Il suo trio con il chitarrista <strong>Stefano Carbonelli<\/strong> ed il batterista <strong>Valerio Vantaggio<\/strong> \u00e8 una delle formazioni pi\u00f9 consolidate e singolari di questo ambito. Al proprio attivo hanno gi\u00e0 un album, <em>Rebirth<\/em>, che ha ottenuto unanimi consensi critici.\u00a0<\/div>\n","protected":false},"excerpt":{"rendered":"Jacopo Ferrazza uno dei pi\u00f9 interessanti giovani contrabbassisti\/compositori del panorama jazz europeo presenta il suo nuovo lavoro Theater, una\u00a0raccolta di composizioni originali. Lo stile di\u00a0Jacopo Ferrazza\u00a0ricorda quello di grandi maestri come Paul Chambers, Ray Brown, Charles Mingus. Nonostante la giovane et\u00e0, dimostra autorevolezza crescente. Il suo trio con il chitarrista Stefano Carbonelli ed il batterista [&hellip;]","protected":false},"featured_media":32365,"template":"","meta":{"_acf_changed":false,"inline_featured_image":false},"event_categories":[4],"event_genre":[],"event_themes":[],"event_format":[],"event_consigliati":[],"class_list":["post-32364","event","type-event","status-publish","has-post-thumbnail","hentry","event_categories-musica"],"acf":[],"yoast_head":"<!-- This site is optimized with the Yoast SEO plugin v22.6 - https:\/\/yoast.com\/wordpress\/plugins\/seo\/ -->\n<title>JACOPO FERRAZZA TRIO | Auditorium Parco della Musica Ennio Morricone<\/title>\n<meta name=\"robots\" content=\"index, follow, max-snippet:-1, max-image-preview:large, max-video-preview:-1\" \/>\n<link rel=\"canonical\" href=\"https:\/\/www.auditorium.com\/it\/event\/jacopo-ferrazza-trio\/\" \/>\n<meta property=\"og:locale\" content=\"it_IT\" \/>\n<meta property=\"og:type\" content=\"article\" \/>\n<meta property=\"og:title\" content=\"JACOPO FERRAZZA TRIO | Auditorium Parco della Musica Ennio Morricone\" \/>\n<meta property=\"og:description\" content=\"Jacopo Ferrazza uno dei pi\u00f9 interessanti giovani contrabbassisti\/compositori del panorama jazz europeo presenta il suo nuovo lavoro Theater, una\u00a0raccolta di composizioni originali. Lo stile di\u00a0Jacopo Ferrazza\u00a0ricorda quello di grandi maestri come Paul Chambers, Ray Brown, Charles Mingus. Nonostante la giovane et\u00e0, dimostra autorevolezza crescente. Il suo trio con il chitarrista Stefano Carbonelli ed il batterista [&hellip;]\" \/>\n<meta property=\"og:url\" content=\"https:\/\/www.auditorium.com\/it\/event\/jacopo-ferrazza-trio\/\" \/>\n<meta property=\"og:site_name\" content=\"Auditorium Parco della Musica Ennio Morricone\" \/>\n<meta property=\"article:publisher\" content=\"https:\/\/www.facebook.com\/AuditoriumParcodellaMusica\" \/>\n<meta property=\"og:image\" content=\"https:\/\/www.auditorium.com\/wp-content\/uploads\/2024\/09\/20239_ferrazzatrio.jpg\" \/>\n\t<meta property=\"og:image:width\" content=\"1920\" \/>\n\t<meta property=\"og:image:height\" content=\"859\" \/>\n\t<meta property=\"og:image:type\" content=\"image\/jpeg\" \/>\n<meta name=\"twitter:card\" content=\"summary_large_image\" \/>\n<meta name=\"twitter:site\" content=\"@auditoriumpdm\" \/>\n<script type=\"application\/ld+json\" class=\"yoast-schema-graph\">{\"@context\":\"https:\/\/schema.org\",\"@graph\":[{\"@type\":\"WebPage\",\"@id\":\"https:\/\/www.auditorium.com\/it\/event\/jacopo-ferrazza-trio\/\",\"url\":\"https:\/\/www.auditorium.com\/it\/event\/jacopo-ferrazza-trio\/\",\"name\":\"JACOPO FERRAZZA TRIO | Auditorium Parco della Musica Ennio Morricone\",\"isPartOf\":{\"@id\":\"https:\/\/www.auditorium.com\/it\/#website\"},\"primaryImageOfPage\":{\"@id\":\"https:\/\/www.auditorium.com\/it\/event\/jacopo-ferrazza-trio\/#primaryimage\"},\"image\":{\"@id\":\"https:\/\/www.auditorium.com\/it\/event\/jacopo-ferrazza-trio\/#primaryimage\"},\"thumbnailUrl\":\"https:\/\/www.auditorium.com\/wp-content\/uploads\/2024\/09\/20239_ferrazzatrio.jpg\",\"datePublished\":\"2019-02-20T15:00:01+00:00\",\"dateModified\":\"2019-02-20T15:00:01+00:00\",\"breadcrumb\":{\"@id\":\"https:\/\/www.auditorium.com\/it\/event\/jacopo-ferrazza-trio\/#breadcrumb\"},\"inLanguage\":\"it-IT\",\"potentialAction\":[{\"@type\":\"ReadAction\",\"target\":[\"https:\/\/www.auditorium.com\/it\/event\/jacopo-ferrazza-trio\/\"]}]},{\"@type\":\"ImageObject\",\"inLanguage\":\"it-IT\",\"@id\":\"https:\/\/www.auditorium.com\/it\/event\/jacopo-ferrazza-trio\/#primaryimage\",\"url\":\"https:\/\/www.auditorium.com\/wp-content\/uploads\/2024\/09\/20239_ferrazzatrio.jpg\",\"contentUrl\":\"https:\/\/www.auditorium.com\/wp-content\/uploads\/2024\/09\/20239_ferrazzatrio.jpg\",\"width\":1920,\"height\":859},{\"@type\":\"BreadcrumbList\",\"@id\":\"https:\/\/www.auditorium.com\/it\/event\/jacopo-ferrazza-trio\/#breadcrumb\",\"itemListElement\":[{\"@type\":\"ListItem\",\"position\":1,\"name\":\"Home\",\"item\":\"https:\/\/www.auditorium.com\/it\/\"},{\"@type\":\"ListItem\",\"position\":2,\"name\":\"JACOPO FERRAZZA TRIO\"}]},{\"@type\":\"WebSite\",\"@id\":\"https:\/\/www.auditorium.com\/it\/#website\",\"url\":\"https:\/\/www.auditorium.com\/it\/\",\"name\":\"Auditorium Parco della Musica Ennio Morricone\",\"description\":\"Progettato da Renzo Piano, l&#039;Auditorium rappresenta una sofisticata architettura musicale e uno straordinario intervento di riqualificazione urbana.\",\"publisher\":{\"@id\":\"https:\/\/www.auditorium.com\/it\/#organization\"},\"potentialAction\":[{\"@type\":\"SearchAction\",\"target\":{\"@type\":\"EntryPoint\",\"urlTemplate\":\"https:\/\/www.auditorium.com\/it\/?s={search_term_string}\"},\"query-input\":\"required name=search_term_string\"}],\"inLanguage\":\"it-IT\"},{\"@type\":\"Organization\",\"@id\":\"https:\/\/www.auditorium.com\/it\/#organization\",\"name\":\"Auditorium Parco della Musica Ennio Morricone\",\"url\":\"https:\/\/www.auditorium.com\/it\/\",\"logo\":{\"@type\":\"ImageObject\",\"inLanguage\":\"it-IT\",\"@id\":\"https:\/\/www.auditorium.com\/it\/#\/schema\/logo\/image\/\",\"url\":\"https:\/\/www.auditorium.com\/wp-content\/uploads\/2022\/12\/logo-auditorium.svg\",\"contentUrl\":\"https:\/\/www.auditorium.com\/wp-content\/uploads\/2022\/12\/logo-auditorium.svg\",\"width\":86,\"height\":79,\"caption\":\"Auditorium Parco della Musica Ennio Morricone\"},\"image\":{\"@id\":\"https:\/\/www.auditorium.com\/it\/#\/schema\/logo\/image\/\"},\"sameAs\":[\"https:\/\/www.facebook.com\/AuditoriumParcodellaMusica\",\"https:\/\/x.com\/auditoriumpdm\",\"https:\/\/www.instagram.com\/auditoriumparcodellamusica\/\"]}]}<\/script>\n<!-- \/ Yoast SEO plugin. -->","yoast_head_json":{"title":"JACOPO FERRAZZA TRIO | Auditorium Parco della Musica Ennio Morricone","robots":{"index":"index","follow":"follow","max-snippet":"max-snippet:-1","max-image-preview":"max-image-preview:large","max-video-preview":"max-video-preview:-1"},"canonical":"https:\/\/www.auditorium.com\/it\/event\/jacopo-ferrazza-trio\/","og_locale":"it_IT","og_type":"article","og_title":"JACOPO FERRAZZA TRIO | Auditorium Parco della Musica Ennio Morricone","og_description":"Jacopo Ferrazza uno dei pi\u00f9 interessanti giovani contrabbassisti\/compositori del panorama jazz europeo presenta il suo nuovo lavoro Theater, una\u00a0raccolta di composizioni originali. Lo stile di\u00a0Jacopo Ferrazza\u00a0ricorda quello di grandi maestri come Paul Chambers, Ray Brown, Charles Mingus. Nonostante la giovane et\u00e0, dimostra autorevolezza crescente. Il suo trio con il chitarrista Stefano Carbonelli ed il batterista [&hellip;]","og_url":"https:\/\/www.auditorium.com\/it\/event\/jacopo-ferrazza-trio\/","og_site_name":"Auditorium Parco della Musica Ennio Morricone","article_publisher":"https:\/\/www.facebook.com\/AuditoriumParcodellaMusica","og_image":[{"width":1920,"height":859,"url":"https:\/\/www.auditorium.com\/wp-content\/uploads\/2024\/09\/20239_ferrazzatrio.jpg","type":"image\/jpeg"}],"twitter_card":"summary_large_image","twitter_site":"@auditoriumpdm","schema":{"@context":"https:\/\/schema.org","@graph":[{"@type":"WebPage","@id":"https:\/\/www.auditorium.com\/it\/event\/jacopo-ferrazza-trio\/","url":"https:\/\/www.auditorium.com\/it\/event\/jacopo-ferrazza-trio\/","name":"JACOPO FERRAZZA TRIO | Auditorium Parco della Musica Ennio Morricone","isPartOf":{"@id":"https:\/\/www.auditorium.com\/it\/#website"},"primaryImageOfPage":{"@id":"https:\/\/www.auditorium.com\/it\/event\/jacopo-ferrazza-trio\/#primaryimage"},"image":{"@id":"https:\/\/www.auditorium.com\/it\/event\/jacopo-ferrazza-trio\/#primaryimage"},"thumbnailUrl":"https:\/\/www.auditorium.com\/wp-content\/uploads\/2024\/09\/20239_ferrazzatrio.jpg","datePublished":"2019-02-20T15:00:01+00:00","dateModified":"2019-02-20T15:00:01+00:00","breadcrumb":{"@id":"https:\/\/www.auditorium.com\/it\/event\/jacopo-ferrazza-trio\/#breadcrumb"},"inLanguage":"it-IT","potentialAction":[{"@type":"ReadAction","target":["https:\/\/www.auditorium.com\/it\/event\/jacopo-ferrazza-trio\/"]}]},{"@type":"ImageObject","inLanguage":"it-IT","@id":"https:\/\/www.auditorium.com\/it\/event\/jacopo-ferrazza-trio\/#primaryimage","url":"https:\/\/www.auditorium.com\/wp-content\/uploads\/2024\/09\/20239_ferrazzatrio.jpg","contentUrl":"https:\/\/www.auditorium.com\/wp-content\/uploads\/2024\/09\/20239_ferrazzatrio.jpg","width":1920,"height":859},{"@type":"BreadcrumbList","@id":"https:\/\/www.auditorium.com\/it\/event\/jacopo-ferrazza-trio\/#breadcrumb","itemListElement":[{"@type":"ListItem","position":1,"name":"Home","item":"https:\/\/www.auditorium.com\/it\/"},{"@type":"ListItem","position":2,"name":"JACOPO FERRAZZA TRIO"}]},{"@type":"WebSite","@id":"https:\/\/www.auditorium.com\/it\/#website","url":"https:\/\/www.auditorium.com\/it\/","name":"Auditorium Parco della Musica Ennio Morricone","description":"Progettato da Renzo Piano, l&#039;Auditorium rappresenta una sofisticata architettura musicale e uno straordinario intervento di riqualificazione urbana.","publisher":{"@id":"https:\/\/www.auditorium.com\/it\/#organization"},"potentialAction":[{"@type":"SearchAction","target":{"@type":"EntryPoint","urlTemplate":"https:\/\/www.auditorium.com\/it\/?s={search_term_string}"},"query-input":"required name=search_term_string"}],"inLanguage":"it-IT"},{"@type":"Organization","@id":"https:\/\/www.auditorium.com\/it\/#organization","name":"Auditorium Parco della Musica Ennio Morricone","url":"https:\/\/www.auditorium.com\/it\/","logo":{"@type":"ImageObject","inLanguage":"it-IT","@id":"https:\/\/www.auditorium.com\/it\/#\/schema\/logo\/image\/","url":"https:\/\/www.auditorium.com\/wp-content\/uploads\/2022\/12\/logo-auditorium.svg","contentUrl":"https:\/\/www.auditorium.com\/wp-content\/uploads\/2022\/12\/logo-auditorium.svg","width":86,"height":79,"caption":"Auditorium Parco della Musica Ennio Morricone"},"image":{"@id":"https:\/\/www.auditorium.com\/it\/#\/schema\/logo\/image\/"},"sameAs":["https:\/\/www.facebook.com\/AuditoriumParcodellaMusica","https:\/\/x.com\/auditoriumpdm","https:\/\/www.instagram.com\/auditoriumparcodellamusica\/"]}]}},"_links":{"self":[{"href":"https:\/\/www.auditorium.com\/it\/wp-json\/wp\/v2\/event\/32364","targetHints":{"allow":["GET"]}}],"collection":[{"href":"https:\/\/www.auditorium.com\/it\/wp-json\/wp\/v2\/event"}],"about":[{"href":"https:\/\/www.auditorium.com\/it\/wp-json\/wp\/v2\/types\/event"}],"wp:featuredmedia":[{"embeddable":true,"href":"https:\/\/www.auditorium.com\/it\/wp-json\/wp\/v2\/media\/32365"}],"wp:attachment":[{"href":"https:\/\/www.auditorium.com\/it\/wp-json\/wp\/v2\/media?parent=32364"}],"wp:term":[{"taxonomy":"event_categories","embeddable":true,"href":"https:\/\/www.auditorium.com\/it\/wp-json\/wp\/v2\/event_categories?post=32364"},{"taxonomy":"event_genre","embeddable":true,"href":"https:\/\/www.auditorium.com\/it\/wp-json\/wp\/v2\/event_genre?post=32364"},{"taxonomy":"event_themes","embeddable":true,"href":"https:\/\/www.auditorium.com\/it\/wp-json\/wp\/v2\/event_themes?post=32364"},{"taxonomy":"event_format","embeddable":true,"href":"https:\/\/www.auditorium.com\/it\/wp-json\/wp\/v2\/event_format?post=32364"},{"taxonomy":"event_consigliati","embeddable":true,"href":"https:\/\/www.auditorium.com\/it\/wp-json\/wp\/v2\/event_consigliati?post=32364"}],"curies":[{"name":"wp","href":"https:\/\/api.w.org\/{rel}","templated":true}]}}

<div style="text-align: justify;"><strong>Jacopo Ferrazza</strong> uno dei più interessanti giovani contrabbassisti/compositori del panorama jazz europeo presenta il suo nuovo lavoro <em>Theater</em>, una raccolta di composizioni originali.<br />
Lo stile di <strong>Jacopo Ferrazza</strong> ricorda quello di grandi maestri come Paul Chambers, Ray Brown, Charles Mingus. Nonostante la giovane età, dimostra autorevolezza crescente. Il suo trio con il chitarrista <strong>Stefano Carbonelli</strong> ed il batterista <strong>Valerio Vantaggio</strong> è una delle formazioni più consolidate e singolari di questo ambito. Al proprio attivo hanno già un album, <em>Rebirth</em>, che ha ottenuto unanimi consensi critici. </div>

Jacopo Ferrazza uno dei più interessanti giovani contrabbassisti/compositori del panorama jazz europeo presenta il suo nuovo lavoro Theater, una raccolta di composizioni originali. Lo stile di Jacopo Ferrazza ricorda quello di grandi maestri come Paul Chambers, Ray Brown, Charles Mingus. Nonostante la giovane età, dimostra autorevolezza crescente. Il suo trio con il chitarrista Stefano Carbonelli ed il batterista [&hellip;]

<!-- This site is optimized with the Yoast SEO plugin v22.6 - https://yoast.com/wordpress/plugins/seo/ -->
<title>JACOPO FERRAZZA TRIO | Auditorium Parco della Musica Ennio Morricone</title>
<meta name="robots" content="index, follow, max-snippet:-1, max-image-preview:large, max-video-preview:-1" />
<link rel="canonical" href="https://www.auditorium.com/it/event/jacopo-ferrazza-trio/" />
<meta property="og:locale" content="it_IT" />
<meta property="og:type" content="article" />
<meta property="og:title" content="JACOPO FERRAZZA TRIO | Auditorium Parco della Musica Ennio Morricone" />
<meta property="og:description" content="Jacopo Ferrazza uno dei più interessanti giovani contrabbassisti/compositori del panorama jazz europeo presenta il suo nuovo lavoro Theater, una raccolta di composizioni originali. Lo stile di Jacopo Ferrazza ricorda quello di grandi maestri come Paul Chambers, Ray Brown, Charles Mingus. Nonostante la giovane età, dimostra autorevolezza crescente. Il suo trio con il chitarrista Stefano Carbonelli ed il batterista [&hellip;]" />
<meta property="og:url" content="https://www.auditorium.com/it/event/jacopo-ferrazza-trio/" />
<meta property="og:site_name" content="Auditorium Parco della Musica Ennio Morricone" />
<meta property="article:publisher" content="https://www.facebook.com/AuditoriumParcodellaMusica" />
<meta property="og:image" content="https://www.auditorium.com/wp-content/uploads/2024/09/20239_ferrazzatrio.jpg" />
	<meta property="og:image:width" content="1920" />
	<meta property="og:image:height" content="859" />
	<meta property="og:image:type" content="image/jpeg" />
<meta name="twitter:card" content="summary_large_image" />
<meta name="twitter:site" content="@auditoriumpdm" />
<script type="application/ld+json" class="yoast-schema-graph">{"@context":"https://schema.org","@graph":[{"@type":"WebPage","@id":"https://www.auditorium.com/it/event/jacopo-ferrazza-trio/","url":"https://www.auditorium.com/it/event/jacopo-ferrazza-trio/","name":"JACOPO FERRAZZA TRIO | Auditorium Parco della Musica Ennio Morricone","isPartOf":{"@id":"https://www.auditorium.com/it/#website"},"primaryImageOfPage":{"@id":"https://www.auditorium.com/it/event/jacopo-ferrazza-trio/#primaryimage"},"image":{"@id":"https://www.auditorium.com/it/event/jacopo-ferrazza-trio/#primaryimage"},"thumbnailUrl":"https://www.auditorium.com/wp-content/uploads/2024/09/20239_ferrazzatrio.jpg","datePublished":"2019-02-20T15:00:01+00:00","dateModified":"2019-02-20T15:00:01+00:00","breadcrumb":{"@id":"https://www.auditorium.com/it/event/jacopo-ferrazza-trio/#breadcrumb"},"inLanguage":"it-IT","potentialAction":[{"@type":"ReadAction","target":["https://www.auditorium.com/it/event/jacopo-ferrazza-trio/"]}]},{"@type":"ImageObject","inLanguage":"it-IT","@id":"https://www.auditorium.com/it/event/jacopo-ferrazza-trio/#primaryimage","url":"https://www.auditorium.com/wp-content/uploads/2024/09/20239_ferrazzatrio.jpg","contentUrl":"https://www.auditorium.com/wp-content/uploads/2024/09/20239_ferrazzatrio.jpg","width":1920,"height":859},{"@type":"BreadcrumbList","@id":"https://www.auditorium.com/it/event/jacopo-ferrazza-trio/#breadcrumb","itemListElement":[{"@type":"ListItem","position":1,"name":"Home","item":"https://www.auditorium.com/it/"},{"@type":"ListItem","position":2,"name":"JACOPO FERRAZZA TRIO"}]},{"@type":"WebSite","@id":"https://www.auditorium.com/it/#website","url":"https://www.auditorium.com/it/","name":"Auditorium Parco della Musica Ennio Morricone","description":"Progettato da Renzo Piano, l&#039;Auditorium rappresenta una sofisticata architettura musicale e uno straordinario intervento di riqualificazione urbana.","publisher":{"@id":"https://www.auditorium.com/it/#organization"},"potentialAction":[{"@type":"SearchAction","target":{"@type":"EntryPoint","urlTemplate":"https://www.auditorium.com/it/?s={search_term_string}"},"query-input":"required name=search_term_string"}],"inLanguage":"it-IT"},{"@type":"Organization","@id":"https://www.auditorium.com/it/#organization","name":"Auditorium Parco della Musica Ennio Morricone","url":"https://www.auditorium.com/it/","logo":{"@type":"ImageObject","inLanguage":"it-IT","@id":"https://www.auditorium.com/it/#/schema/logo/image/","url":"https://www.auditorium.com/wp-content/uploads/2022/12/logo-auditorium.svg","contentUrl":"https://www.auditorium.com/wp-content/uploads/2022/12/logo-auditorium.svg","width":86,"height":79,"caption":"Auditorium Parco della Musica Ennio Morricone"},"image":{"@id":"https://www.auditorium.com/it/#/schema/logo/image/"},"sameAs":["https://www.facebook.com/AuditoriumParcodellaMusica","https://x.com/auditoriumpdm","https://www.instagram.com/auditoriumparcodellamusica/"]}]}</script>
<!-- / Yoast SEO plugin. -->
