{"id":30369,"date":"2018-01-16T11:12:09","date_gmt":"2018-01-16T10:12:09","guid":{"rendered":"https:\/\/www.auditorium.com\/event\/manuel-linan-2\/"},"modified":"2018-01-16T11:12:09","modified_gmt":"2018-01-16T10:12:09","slug":"manuel-linan-2","status":"publish","type":"event","link":"https:\/\/www.auditorium.com\/it\/event\/manuel-linan-2\/","title":{"rendered":"Manuel Li\u00f1\u00e1n"},"content":{"rendered":"<p>Reversible: \u201cChe pu\u00f2 tornare a uno stato o situazione precedente\u201d<br \/>\nManuel Li\u00f1\u00e1n  presenta all&#8217;Auditorium Parco della Musica \u201cReversible\u201d, uno spettacolo caratterizzato da una serie di coreografie ispirate ai giochi infantili che accompagnano l\u2019interprete in un percorso di recupero dei suoi primi impulsi. Un viaggio emozionale attraverso le memorie d\u2019infanzia. Una sosta al centro del proprio essere, nel nucleo della nostra essenza individuale.<br \/>\nManuel Li\u00f1\u00e1n collabora come solista con varie compagnie e coreografi quali Merche Esmeralda, \u201cLa Tati\u201d, Manolete, Paco Romero, Rafaela Carrasco, Nuevo Ballet Espa\u00f1ol, Teresa Nieto, Bel\u00e9n Maya. Nel 2012 ottiene il Premio Rivelazione nel XVI Festival di Jerez 2012 e viene candidato ai premi Max come miglior interprete maschile di danza. Li\u00f1\u00e1n \u00e8 anche noto per il suo lavoro come coreografo di alcuni spettacoli del Ballet Nacional de Espa\u00f1a (Angeles ca\u00eddos e Sorolla), della compagnia di Paco Romero e del Nuevo Ballet Espa\u00f1ol (Cambio de Tercio e Titanium).<br \/>\nHa inoltre creato le coreografie per lo spettacolo Mujeres con Merche Esmeralda, Bel\u00e9n Maya e Roc\u00edo Molina, il gala flamenco Todo cambia con Bel\u00e9n L\u00f3pez, Pastora Galv\u00e1n e le compagnie di Rafaela Carrasco, Bel\u00e9n Maya e Teresa Nieto. Nel 2015 collabora con l\u2019Orchestra Nazionale di Spagna (OCNE).<\/p>\n","protected":false},"excerpt":{"rendered":"Reversible: \u201cChe pu\u00f2 tornare a uno stato o situazione precedente\u201d Manuel Li\u00f1\u00e1n presenta all&#8217;Auditorium Parco della Musica \u201cReversible\u201d, uno spettacolo caratterizzato da una serie di coreografie ispirate ai giochi infantili che accompagnano l\u2019interprete in un percorso di recupero dei suoi primi impulsi. Un viaggio emozionale attraverso le memorie d\u2019infanzia. Una sosta al centro del proprio [&hellip;]","protected":false},"featured_media":30370,"template":"","meta":{"_acf_changed":false,"inline_featured_image":false},"event_categories":[51],"event_genre":[],"event_themes":[],"event_format":[],"event_consigliati":[],"class_list":["post-30369","event","type-event","status-publish","has-post-thumbnail","hentry","event_categories-danza"],"acf":[],"yoast_head":"<!-- This site is optimized with the Yoast SEO plugin v22.6 - https:\/\/yoast.com\/wordpress\/plugins\/seo\/ -->\n<title>Manuel Li\u00f1\u00e1n | Auditorium Parco della Musica Ennio Morricone<\/title>\n<meta name=\"robots\" content=\"index, follow, max-snippet:-1, max-image-preview:large, max-video-preview:-1\" \/>\n<link rel=\"canonical\" href=\"https:\/\/www.auditorium.com\/it\/event\/manuel-linan-2\/\" \/>\n<meta property=\"og:locale\" content=\"it_IT\" \/>\n<meta property=\"og:type\" content=\"article\" \/>\n<meta property=\"og:title\" content=\"Manuel Li\u00f1\u00e1n | Auditorium Parco della Musica Ennio Morricone\" \/>\n<meta property=\"og:description\" content=\"Reversible: \u201cChe pu\u00f2 tornare a uno stato o situazione precedente\u201d Manuel Li\u00f1\u00e1n presenta all&#8217;Auditorium Parco della Musica \u201cReversible\u201d, uno spettacolo caratterizzato da una serie di coreografie ispirate ai giochi infantili che accompagnano l\u2019interprete in un percorso di recupero dei suoi primi impulsi. Un viaggio emozionale attraverso le memorie d\u2019infanzia. Una sosta al centro del proprio [&hellip;]\" \/>\n<meta property=\"og:url\" content=\"https:\/\/www.auditorium.com\/it\/event\/manuel-linan-2\/\" \/>\n<meta property=\"og:site_name\" content=\"Auditorium Parco della Musica Ennio Morricone\" \/>\n<meta property=\"article:publisher\" content=\"https:\/\/www.facebook.com\/AuditoriumParcodellaMusica\" \/>\n<meta property=\"og:image\" content=\"https:\/\/www.auditorium.com\/wp-content\/uploads\/2024\/09\/17885_manuel_linan.jpg\" \/>\n\t<meta property=\"og:image:width\" content=\"1920\" \/>\n\t<meta property=\"og:image:height\" content=\"850\" \/>\n\t<meta property=\"og:image:type\" content=\"image\/jpeg\" \/>\n<meta name=\"twitter:card\" content=\"summary_large_image\" \/>\n<meta name=\"twitter:site\" content=\"@auditoriumpdm\" \/>\n<meta name=\"twitter:label1\" content=\"Tempo di lettura stimato\" \/>\n\t<meta name=\"twitter:data1\" content=\"1 minuto\" \/>\n<script type=\"application\/ld+json\" class=\"yoast-schema-graph\">{\"@context\":\"https:\/\/schema.org\",\"@graph\":[{\"@type\":\"WebPage\",\"@id\":\"https:\/\/www.auditorium.com\/it\/event\/manuel-linan-2\/\",\"url\":\"https:\/\/www.auditorium.com\/it\/event\/manuel-linan-2\/\",\"name\":\"Manuel Li\u00f1\u00e1n | Auditorium Parco della Musica Ennio Morricone\",\"isPartOf\":{\"@id\":\"https:\/\/www.auditorium.com\/it\/#website\"},\"primaryImageOfPage\":{\"@id\":\"https:\/\/www.auditorium.com\/it\/event\/manuel-linan-2\/#primaryimage\"},\"image\":{\"@id\":\"https:\/\/www.auditorium.com\/it\/event\/manuel-linan-2\/#primaryimage\"},\"thumbnailUrl\":\"https:\/\/www.auditorium.com\/wp-content\/uploads\/2024\/09\/17885_manuel_linan.jpg\",\"datePublished\":\"2018-01-16T10:12:09+00:00\",\"dateModified\":\"2018-01-16T10:12:09+00:00\",\"breadcrumb\":{\"@id\":\"https:\/\/www.auditorium.com\/it\/event\/manuel-linan-2\/#breadcrumb\"},\"inLanguage\":\"it-IT\",\"potentialAction\":[{\"@type\":\"ReadAction\",\"target\":[\"https:\/\/www.auditorium.com\/it\/event\/manuel-linan-2\/\"]}]},{\"@type\":\"ImageObject\",\"inLanguage\":\"it-IT\",\"@id\":\"https:\/\/www.auditorium.com\/it\/event\/manuel-linan-2\/#primaryimage\",\"url\":\"https:\/\/www.auditorium.com\/wp-content\/uploads\/2024\/09\/17885_manuel_linan.jpg\",\"contentUrl\":\"https:\/\/www.auditorium.com\/wp-content\/uploads\/2024\/09\/17885_manuel_linan.jpg\",\"width\":1920,\"height\":850},{\"@type\":\"BreadcrumbList\",\"@id\":\"https:\/\/www.auditorium.com\/it\/event\/manuel-linan-2\/#breadcrumb\",\"itemListElement\":[{\"@type\":\"ListItem\",\"position\":1,\"name\":\"Home\",\"item\":\"https:\/\/www.auditorium.com\/it\/\"},{\"@type\":\"ListItem\",\"position\":2,\"name\":\"Manuel Li\u00f1\u00e1n\"}]},{\"@type\":\"WebSite\",\"@id\":\"https:\/\/www.auditorium.com\/it\/#website\",\"url\":\"https:\/\/www.auditorium.com\/it\/\",\"name\":\"Auditorium Parco della Musica Ennio Morricone\",\"description\":\"Progettato da Renzo Piano, l&#039;Auditorium rappresenta una sofisticata architettura musicale e uno straordinario intervento di riqualificazione urbana.\",\"publisher\":{\"@id\":\"https:\/\/www.auditorium.com\/it\/#organization\"},\"potentialAction\":[{\"@type\":\"SearchAction\",\"target\":{\"@type\":\"EntryPoint\",\"urlTemplate\":\"https:\/\/www.auditorium.com\/it\/?s={search_term_string}\"},\"query-input\":\"required name=search_term_string\"}],\"inLanguage\":\"it-IT\"},{\"@type\":\"Organization\",\"@id\":\"https:\/\/www.auditorium.com\/it\/#organization\",\"name\":\"Auditorium Parco della Musica Ennio Morricone\",\"url\":\"https:\/\/www.auditorium.com\/it\/\",\"logo\":{\"@type\":\"ImageObject\",\"inLanguage\":\"it-IT\",\"@id\":\"https:\/\/www.auditorium.com\/it\/#\/schema\/logo\/image\/\",\"url\":\"https:\/\/www.auditorium.com\/wp-content\/uploads\/2022\/12\/logo-auditorium.svg\",\"contentUrl\":\"https:\/\/www.auditorium.com\/wp-content\/uploads\/2022\/12\/logo-auditorium.svg\",\"width\":86,\"height\":79,\"caption\":\"Auditorium Parco della Musica Ennio Morricone\"},\"image\":{\"@id\":\"https:\/\/www.auditorium.com\/it\/#\/schema\/logo\/image\/\"},\"sameAs\":[\"https:\/\/www.facebook.com\/AuditoriumParcodellaMusica\",\"https:\/\/x.com\/auditoriumpdm\",\"https:\/\/www.instagram.com\/auditoriumparcodellamusica\/\"]}]}<\/script>\n<!-- \/ Yoast SEO plugin. -->","yoast_head_json":{"title":"Manuel Li\u00f1\u00e1n | Auditorium Parco della Musica Ennio Morricone","robots":{"index":"index","follow":"follow","max-snippet":"max-snippet:-1","max-image-preview":"max-image-preview:large","max-video-preview":"max-video-preview:-1"},"canonical":"https:\/\/www.auditorium.com\/it\/event\/manuel-linan-2\/","og_locale":"it_IT","og_type":"article","og_title":"Manuel Li\u00f1\u00e1n | Auditorium Parco della Musica Ennio Morricone","og_description":"Reversible: \u201cChe pu\u00f2 tornare a uno stato o situazione precedente\u201d Manuel Li\u00f1\u00e1n presenta all&#8217;Auditorium Parco della Musica \u201cReversible\u201d, uno spettacolo caratterizzato da una serie di coreografie ispirate ai giochi infantili che accompagnano l\u2019interprete in un percorso di recupero dei suoi primi impulsi. Un viaggio emozionale attraverso le memorie d\u2019infanzia. Una sosta al centro del proprio [&hellip;]","og_url":"https:\/\/www.auditorium.com\/it\/event\/manuel-linan-2\/","og_site_name":"Auditorium Parco della Musica Ennio Morricone","article_publisher":"https:\/\/www.facebook.com\/AuditoriumParcodellaMusica","og_image":[{"width":1920,"height":850,"url":"https:\/\/www.auditorium.com\/wp-content\/uploads\/2024\/09\/17885_manuel_linan.jpg","type":"image\/jpeg"}],"twitter_card":"summary_large_image","twitter_site":"@auditoriumpdm","twitter_misc":{"Tempo di lettura stimato":"1 minuto"},"schema":{"@context":"https:\/\/schema.org","@graph":[{"@type":"WebPage","@id":"https:\/\/www.auditorium.com\/it\/event\/manuel-linan-2\/","url":"https:\/\/www.auditorium.com\/it\/event\/manuel-linan-2\/","name":"Manuel Li\u00f1\u00e1n | Auditorium Parco della Musica Ennio Morricone","isPartOf":{"@id":"https:\/\/www.auditorium.com\/it\/#website"},"primaryImageOfPage":{"@id":"https:\/\/www.auditorium.com\/it\/event\/manuel-linan-2\/#primaryimage"},"image":{"@id":"https:\/\/www.auditorium.com\/it\/event\/manuel-linan-2\/#primaryimage"},"thumbnailUrl":"https:\/\/www.auditorium.com\/wp-content\/uploads\/2024\/09\/17885_manuel_linan.jpg","datePublished":"2018-01-16T10:12:09+00:00","dateModified":"2018-01-16T10:12:09+00:00","breadcrumb":{"@id":"https:\/\/www.auditorium.com\/it\/event\/manuel-linan-2\/#breadcrumb"},"inLanguage":"it-IT","potentialAction":[{"@type":"ReadAction","target":["https:\/\/www.auditorium.com\/it\/event\/manuel-linan-2\/"]}]},{"@type":"ImageObject","inLanguage":"it-IT","@id":"https:\/\/www.auditorium.com\/it\/event\/manuel-linan-2\/#primaryimage","url":"https:\/\/www.auditorium.com\/wp-content\/uploads\/2024\/09\/17885_manuel_linan.jpg","contentUrl":"https:\/\/www.auditorium.com\/wp-content\/uploads\/2024\/09\/17885_manuel_linan.jpg","width":1920,"height":850},{"@type":"BreadcrumbList","@id":"https:\/\/www.auditorium.com\/it\/event\/manuel-linan-2\/#breadcrumb","itemListElement":[{"@type":"ListItem","position":1,"name":"Home","item":"https:\/\/www.auditorium.com\/it\/"},{"@type":"ListItem","position":2,"name":"Manuel Li\u00f1\u00e1n"}]},{"@type":"WebSite","@id":"https:\/\/www.auditorium.com\/it\/#website","url":"https:\/\/www.auditorium.com\/it\/","name":"Auditorium Parco della Musica Ennio Morricone","description":"Progettato da Renzo Piano, l&#039;Auditorium rappresenta una sofisticata architettura musicale e uno straordinario intervento di riqualificazione urbana.","publisher":{"@id":"https:\/\/www.auditorium.com\/it\/#organization"},"potentialAction":[{"@type":"SearchAction","target":{"@type":"EntryPoint","urlTemplate":"https:\/\/www.auditorium.com\/it\/?s={search_term_string}"},"query-input":"required name=search_term_string"}],"inLanguage":"it-IT"},{"@type":"Organization","@id":"https:\/\/www.auditorium.com\/it\/#organization","name":"Auditorium Parco della Musica Ennio Morricone","url":"https:\/\/www.auditorium.com\/it\/","logo":{"@type":"ImageObject","inLanguage":"it-IT","@id":"https:\/\/www.auditorium.com\/it\/#\/schema\/logo\/image\/","url":"https:\/\/www.auditorium.com\/wp-content\/uploads\/2022\/12\/logo-auditorium.svg","contentUrl":"https:\/\/www.auditorium.com\/wp-content\/uploads\/2022\/12\/logo-auditorium.svg","width":86,"height":79,"caption":"Auditorium Parco della Musica Ennio Morricone"},"image":{"@id":"https:\/\/www.auditorium.com\/it\/#\/schema\/logo\/image\/"},"sameAs":["https:\/\/www.facebook.com\/AuditoriumParcodellaMusica","https:\/\/x.com\/auditoriumpdm","https:\/\/www.instagram.com\/auditoriumparcodellamusica\/"]}]}},"_links":{"self":[{"href":"https:\/\/www.auditorium.com\/it\/wp-json\/wp\/v2\/event\/30369","targetHints":{"allow":["GET"]}}],"collection":[{"href":"https:\/\/www.auditorium.com\/it\/wp-json\/wp\/v2\/event"}],"about":[{"href":"https:\/\/www.auditorium.com\/it\/wp-json\/wp\/v2\/types\/event"}],"wp:featuredmedia":[{"embeddable":true,"href":"https:\/\/www.auditorium.com\/it\/wp-json\/wp\/v2\/media\/30370"}],"wp:attachment":[{"href":"https:\/\/www.auditorium.com\/it\/wp-json\/wp\/v2\/media?parent=30369"}],"wp:term":[{"taxonomy":"event_categories","embeddable":true,"href":"https:\/\/www.auditorium.com\/it\/wp-json\/wp\/v2\/event_categories?post=30369"},{"taxonomy":"event_genre","embeddable":true,"href":"https:\/\/www.auditorium.com\/it\/wp-json\/wp\/v2\/event_genre?post=30369"},{"taxonomy":"event_themes","embeddable":true,"href":"https:\/\/www.auditorium.com\/it\/wp-json\/wp\/v2\/event_themes?post=30369"},{"taxonomy":"event_format","embeddable":true,"href":"https:\/\/www.auditorium.com\/it\/wp-json\/wp\/v2\/event_format?post=30369"},{"taxonomy":"event_consigliati","embeddable":true,"href":"https:\/\/www.auditorium.com\/it\/wp-json\/wp\/v2\/event_consigliati?post=30369"}],"curies":[{"name":"wp","href":"https:\/\/api.w.org\/{rel}","templated":true}]}}

Manuel Liñán

<p>Reversible: “Che può tornare a uno stato o situazione precedente”<br />
Manuel Liñán  presenta all&#8217;Auditorium Parco della Musica “Reversible”, uno spettacolo caratterizzato da una serie di coreografie ispirate ai giochi infantili che accompagnano l’interprete in un percorso di recupero dei suoi primi impulsi. Un viaggio emozionale attraverso le memorie d’infanzia. Una sosta al centro del proprio essere, nel nucleo della nostra essenza individuale.<br />
Manuel Liñán collabora come solista con varie compagnie e coreografi quali Merche Esmeralda, “La Tati”, Manolete, Paco Romero, Rafaela Carrasco, Nuevo Ballet Español, Teresa Nieto, Belén Maya. Nel 2012 ottiene il Premio Rivelazione nel XVI Festival di Jerez 2012 e viene candidato ai premi Max come miglior interprete maschile di danza. Liñán è anche noto per il suo lavoro come coreografo di alcuni spettacoli del Ballet Nacional de España (Angeles caídos e Sorolla), della compagnia di Paco Romero e del Nuevo Ballet Español (Cambio de Tercio e Titanium).<br />
Ha inoltre creato le coreografie per lo spettacolo Mujeres con Merche Esmeralda, Belén Maya e Rocío Molina, il gala flamenco Todo cambia con Belén López, Pastora Galván e le compagnie di Rafaela Carrasco, Belén Maya e Teresa Nieto. Nel 2015 collabora con l’Orchestra Nazionale di Spagna (OCNE).</p>

Reversible: “Che può tornare a uno stato o situazione precedente” Manuel Liñán presenta all&#8217;Auditorium Parco della Musica “Reversible”, uno spettacolo caratterizzato da una serie di coreografie ispirate ai giochi infantili che accompagnano l’interprete in un percorso di recupero dei suoi primi impulsi. Un viaggio emozionale attraverso le memorie d’infanzia. Una sosta al centro del proprio [&hellip;]

<!-- This site is optimized with the Yoast SEO plugin v22.6 - https://yoast.com/wordpress/plugins/seo/ -->
<title>Manuel Liñán | Auditorium Parco della Musica Ennio Morricone</title>
<meta name="robots" content="index, follow, max-snippet:-1, max-image-preview:large, max-video-preview:-1" />
<link rel="canonical" href="https://www.auditorium.com/it/event/manuel-linan-2/" />
<meta property="og:locale" content="it_IT" />
<meta property="og:type" content="article" />
<meta property="og:title" content="Manuel Liñán | Auditorium Parco della Musica Ennio Morricone" />
<meta property="og:description" content="Reversible: “Che può tornare a uno stato o situazione precedente” Manuel Liñán presenta all&#8217;Auditorium Parco della Musica “Reversible”, uno spettacolo caratterizzato da una serie di coreografie ispirate ai giochi infantili che accompagnano l’interprete in un percorso di recupero dei suoi primi impulsi. Un viaggio emozionale attraverso le memorie d’infanzia. Una sosta al centro del proprio [&hellip;]" />
<meta property="og:url" content="https://www.auditorium.com/it/event/manuel-linan-2/" />
<meta property="og:site_name" content="Auditorium Parco della Musica Ennio Morricone" />
<meta property="article:publisher" content="https://www.facebook.com/AuditoriumParcodellaMusica" />
<meta property="og:image" content="https://www.auditorium.com/wp-content/uploads/2024/09/17885_manuel_linan.jpg" />
	<meta property="og:image:width" content="1920" />
	<meta property="og:image:height" content="850" />
	<meta property="og:image:type" content="image/jpeg" />
<meta name="twitter:card" content="summary_large_image" />
<meta name="twitter:site" content="@auditoriumpdm" />
<meta name="twitter:label1" content="Tempo di lettura stimato" />
	<meta name="twitter:data1" content="1 minuto" />
<script type="application/ld+json" class="yoast-schema-graph">{"@context":"https://schema.org","@graph":[{"@type":"WebPage","@id":"https://www.auditorium.com/it/event/manuel-linan-2/","url":"https://www.auditorium.com/it/event/manuel-linan-2/","name":"Manuel Liñán | Auditorium Parco della Musica Ennio Morricone","isPartOf":{"@id":"https://www.auditorium.com/it/#website"},"primaryImageOfPage":{"@id":"https://www.auditorium.com/it/event/manuel-linan-2/#primaryimage"},"image":{"@id":"https://www.auditorium.com/it/event/manuel-linan-2/#primaryimage"},"thumbnailUrl":"https://www.auditorium.com/wp-content/uploads/2024/09/17885_manuel_linan.jpg","datePublished":"2018-01-16T10:12:09+00:00","dateModified":"2018-01-16T10:12:09+00:00","breadcrumb":{"@id":"https://www.auditorium.com/it/event/manuel-linan-2/#breadcrumb"},"inLanguage":"it-IT","potentialAction":[{"@type":"ReadAction","target":["https://www.auditorium.com/it/event/manuel-linan-2/"]}]},{"@type":"ImageObject","inLanguage":"it-IT","@id":"https://www.auditorium.com/it/event/manuel-linan-2/#primaryimage","url":"https://www.auditorium.com/wp-content/uploads/2024/09/17885_manuel_linan.jpg","contentUrl":"https://www.auditorium.com/wp-content/uploads/2024/09/17885_manuel_linan.jpg","width":1920,"height":850},{"@type":"BreadcrumbList","@id":"https://www.auditorium.com/it/event/manuel-linan-2/#breadcrumb","itemListElement":[{"@type":"ListItem","position":1,"name":"Home","item":"https://www.auditorium.com/it/"},{"@type":"ListItem","position":2,"name":"Manuel Liñán"}]},{"@type":"WebSite","@id":"https://www.auditorium.com/it/#website","url":"https://www.auditorium.com/it/","name":"Auditorium Parco della Musica Ennio Morricone","description":"Progettato da Renzo Piano, l&#039;Auditorium rappresenta una sofisticata architettura musicale e uno straordinario intervento di riqualificazione urbana.","publisher":{"@id":"https://www.auditorium.com/it/#organization"},"potentialAction":[{"@type":"SearchAction","target":{"@type":"EntryPoint","urlTemplate":"https://www.auditorium.com/it/?s={search_term_string}"},"query-input":"required name=search_term_string"}],"inLanguage":"it-IT"},{"@type":"Organization","@id":"https://www.auditorium.com/it/#organization","name":"Auditorium Parco della Musica Ennio Morricone","url":"https://www.auditorium.com/it/","logo":{"@type":"ImageObject","inLanguage":"it-IT","@id":"https://www.auditorium.com/it/#/schema/logo/image/","url":"https://www.auditorium.com/wp-content/uploads/2022/12/logo-auditorium.svg","contentUrl":"https://www.auditorium.com/wp-content/uploads/2022/12/logo-auditorium.svg","width":86,"height":79,"caption":"Auditorium Parco della Musica Ennio Morricone"},"image":{"@id":"https://www.auditorium.com/it/#/schema/logo/image/"},"sameAs":["https://www.facebook.com/AuditoriumParcodellaMusica","https://x.com/auditoriumpdm","https://www.instagram.com/auditoriumparcodellamusica/"]}]}</script>
<!-- / Yoast SEO plugin. -->

Manuel Liñán | Auditorium Parco della Musica Ennio Morricone
