{"id":27889,"date":"2017-11-17T18:28:44","date_gmt":"2017-11-17T17:28:44","guid":{"rendered":"https:\/\/www.auditorium.com\/event\/paolo-conte-3\/"},"modified":"2017-11-17T18:28:44","modified_gmt":"2017-11-17T17:28:44","slug":"paolo-conte-3","status":"publish","type":"event","link":"https:\/\/www.auditorium.com\/it\/event\/paolo-conte-3\/","title":{"rendered":"Paolo Conte"},"content":{"rendered":"<p>Paolo Conte sar\u00e0 per la prima volta ospite della rassegna Luglio Suona Bene. Un evento speciale che vedr\u00e0 uno dei cantautori italiani pi\u00f9 amati di sempre dal pubblico presentare sotto le stelle del cielo di Roma, nella magnifica cornice della cavea di Renzo Piano, i nuovi brani tratti dall\u2019ultimo disco Snob, un ritorno alle origini musicali e testuali che hanno reso Paolo Conte un artista apprezzato in tutto il mondo. Un ritorno che \u00e8 anche, inevitabilmente, evoluzione e ricerca continua; esplorazione di panorami musicali e parole che, come antiche trouvailles, oltre a dischiudere significati inusuali, si trasformano in suoni e in immagini pittoriche. L\u2019avvocato astigiano fonde, in uno swing di rara eleganza, jazz, canzone d\u2019autore, richiami latinoamericani.<\/p>\n","protected":false},"excerpt":{"rendered":"Paolo Conte sar\u00e0 per la prima volta ospite della rassegna Luglio Suona Bene. Un evento speciale che vedr\u00e0 uno dei cantautori italiani pi\u00f9 amati di sempre dal pubblico presentare sotto le stelle del cielo di Roma, nella magnifica cornice della cavea di Renzo Piano, i nuovi brani tratti dall\u2019ultimo disco Snob, un ritorno alle origini [&hellip;]","protected":false},"featured_media":27890,"template":"","meta":{"_acf_changed":false,"inline_featured_image":false},"event_categories":[56],"event_genre":[],"event_themes":[],"event_format":[],"event_consigliati":[],"class_list":["post-27889","event","type-event","status-publish","has-post-thumbnail","hentry","event_categories-musica-classica"],"acf":[],"yoast_head":"<!-- This site is optimized with the Yoast SEO plugin v22.6 - https:\/\/yoast.com\/wordpress\/plugins\/seo\/ -->\n<title>Paolo Conte | Auditorium Parco della Musica Ennio Morricone<\/title>\n<meta name=\"robots\" content=\"index, follow, max-snippet:-1, max-image-preview:large, max-video-preview:-1\" \/>\n<link rel=\"canonical\" href=\"https:\/\/www.auditorium.com\/it\/event\/paolo-conte-3\/\" \/>\n<meta property=\"og:locale\" content=\"it_IT\" \/>\n<meta property=\"og:type\" content=\"article\" \/>\n<meta property=\"og:title\" content=\"Paolo Conte | Auditorium Parco della Musica Ennio Morricone\" \/>\n<meta property=\"og:description\" content=\"Paolo Conte sar\u00e0 per la prima volta ospite della rassegna Luglio Suona Bene. Un evento speciale che vedr\u00e0 uno dei cantautori italiani pi\u00f9 amati di sempre dal pubblico presentare sotto le stelle del cielo di Roma, nella magnifica cornice della cavea di Renzo Piano, i nuovi brani tratti dall\u2019ultimo disco Snob, un ritorno alle origini [&hellip;]\" \/>\n<meta property=\"og:url\" content=\"https:\/\/www.auditorium.com\/it\/event\/paolo-conte-3\/\" \/>\n<meta property=\"og:site_name\" content=\"Auditorium Parco della Musica Ennio Morricone\" \/>\n<meta property=\"article:publisher\" content=\"https:\/\/www.facebook.com\/AuditoriumParcodellaMusica\" \/>\n<meta property=\"og:image\" content=\"https:\/\/www.auditorium.com\/wp-content\/uploads\/2024\/09\/15442_paolo_conte.jpg\" \/>\n\t<meta property=\"og:image:width\" content=\"1920\" \/>\n\t<meta property=\"og:image:height\" content=\"850\" \/>\n\t<meta property=\"og:image:type\" content=\"image\/jpeg\" \/>\n<meta name=\"twitter:card\" content=\"summary_large_image\" \/>\n<meta name=\"twitter:site\" content=\"@auditoriumpdm\" \/>\n<meta name=\"twitter:label1\" content=\"Tempo di lettura stimato\" \/>\n\t<meta name=\"twitter:data1\" content=\"1 minuto\" \/>\n<script type=\"application\/ld+json\" class=\"yoast-schema-graph\">{\"@context\":\"https:\/\/schema.org\",\"@graph\":[{\"@type\":\"WebPage\",\"@id\":\"https:\/\/www.auditorium.com\/it\/event\/paolo-conte-3\/\",\"url\":\"https:\/\/www.auditorium.com\/it\/event\/paolo-conte-3\/\",\"name\":\"Paolo Conte | Auditorium Parco della Musica Ennio Morricone\",\"isPartOf\":{\"@id\":\"https:\/\/www.auditorium.com\/it\/#website\"},\"primaryImageOfPage\":{\"@id\":\"https:\/\/www.auditorium.com\/it\/event\/paolo-conte-3\/#primaryimage\"},\"image\":{\"@id\":\"https:\/\/www.auditorium.com\/it\/event\/paolo-conte-3\/#primaryimage\"},\"thumbnailUrl\":\"https:\/\/www.auditorium.com\/wp-content\/uploads\/2024\/09\/15442_paolo_conte.jpg\",\"datePublished\":\"2017-11-17T17:28:44+00:00\",\"dateModified\":\"2017-11-17T17:28:44+00:00\",\"breadcrumb\":{\"@id\":\"https:\/\/www.auditorium.com\/it\/event\/paolo-conte-3\/#breadcrumb\"},\"inLanguage\":\"it-IT\",\"potentialAction\":[{\"@type\":\"ReadAction\",\"target\":[\"https:\/\/www.auditorium.com\/it\/event\/paolo-conte-3\/\"]}]},{\"@type\":\"ImageObject\",\"inLanguage\":\"it-IT\",\"@id\":\"https:\/\/www.auditorium.com\/it\/event\/paolo-conte-3\/#primaryimage\",\"url\":\"https:\/\/www.auditorium.com\/wp-content\/uploads\/2024\/09\/15442_paolo_conte.jpg\",\"contentUrl\":\"https:\/\/www.auditorium.com\/wp-content\/uploads\/2024\/09\/15442_paolo_conte.jpg\",\"width\":1920,\"height\":850},{\"@type\":\"BreadcrumbList\",\"@id\":\"https:\/\/www.auditorium.com\/it\/event\/paolo-conte-3\/#breadcrumb\",\"itemListElement\":[{\"@type\":\"ListItem\",\"position\":1,\"name\":\"Home\",\"item\":\"https:\/\/www.auditorium.com\/it\/\"},{\"@type\":\"ListItem\",\"position\":2,\"name\":\"Paolo Conte\"}]},{\"@type\":\"WebSite\",\"@id\":\"https:\/\/www.auditorium.com\/it\/#website\",\"url\":\"https:\/\/www.auditorium.com\/it\/\",\"name\":\"Auditorium Parco della Musica Ennio Morricone\",\"description\":\"Progettato da Renzo Piano, l&#039;Auditorium rappresenta una sofisticata architettura musicale e uno straordinario intervento di riqualificazione urbana.\",\"publisher\":{\"@id\":\"https:\/\/www.auditorium.com\/it\/#organization\"},\"potentialAction\":[{\"@type\":\"SearchAction\",\"target\":{\"@type\":\"EntryPoint\",\"urlTemplate\":\"https:\/\/www.auditorium.com\/it\/?s={search_term_string}\"},\"query-input\":\"required name=search_term_string\"}],\"inLanguage\":\"it-IT\"},{\"@type\":\"Organization\",\"@id\":\"https:\/\/www.auditorium.com\/it\/#organization\",\"name\":\"Auditorium Parco della Musica Ennio Morricone\",\"url\":\"https:\/\/www.auditorium.com\/it\/\",\"logo\":{\"@type\":\"ImageObject\",\"inLanguage\":\"it-IT\",\"@id\":\"https:\/\/www.auditorium.com\/it\/#\/schema\/logo\/image\/\",\"url\":\"https:\/\/www.auditorium.com\/wp-content\/uploads\/2022\/12\/logo-auditorium.svg\",\"contentUrl\":\"https:\/\/www.auditorium.com\/wp-content\/uploads\/2022\/12\/logo-auditorium.svg\",\"width\":86,\"height\":79,\"caption\":\"Auditorium Parco della Musica Ennio Morricone\"},\"image\":{\"@id\":\"https:\/\/www.auditorium.com\/it\/#\/schema\/logo\/image\/\"},\"sameAs\":[\"https:\/\/www.facebook.com\/AuditoriumParcodellaMusica\",\"https:\/\/x.com\/auditoriumpdm\",\"https:\/\/www.instagram.com\/auditoriumparcodellamusica\/\"]}]}<\/script>\n<!-- \/ Yoast SEO plugin. -->","yoast_head_json":{"title":"Paolo Conte | Auditorium Parco della Musica Ennio Morricone","robots":{"index":"index","follow":"follow","max-snippet":"max-snippet:-1","max-image-preview":"max-image-preview:large","max-video-preview":"max-video-preview:-1"},"canonical":"https:\/\/www.auditorium.com\/it\/event\/paolo-conte-3\/","og_locale":"it_IT","og_type":"article","og_title":"Paolo Conte | Auditorium Parco della Musica Ennio Morricone","og_description":"Paolo Conte sar\u00e0 per la prima volta ospite della rassegna Luglio Suona Bene. Un evento speciale che vedr\u00e0 uno dei cantautori italiani pi\u00f9 amati di sempre dal pubblico presentare sotto le stelle del cielo di Roma, nella magnifica cornice della cavea di Renzo Piano, i nuovi brani tratti dall\u2019ultimo disco Snob, un ritorno alle origini [&hellip;]","og_url":"https:\/\/www.auditorium.com\/it\/event\/paolo-conte-3\/","og_site_name":"Auditorium Parco della Musica Ennio Morricone","article_publisher":"https:\/\/www.facebook.com\/AuditoriumParcodellaMusica","og_image":[{"width":1920,"height":850,"url":"https:\/\/www.auditorium.com\/wp-content\/uploads\/2024\/09\/15442_paolo_conte.jpg","type":"image\/jpeg"}],"twitter_card":"summary_large_image","twitter_site":"@auditoriumpdm","twitter_misc":{"Tempo di lettura stimato":"1 minuto"},"schema":{"@context":"https:\/\/schema.org","@graph":[{"@type":"WebPage","@id":"https:\/\/www.auditorium.com\/it\/event\/paolo-conte-3\/","url":"https:\/\/www.auditorium.com\/it\/event\/paolo-conte-3\/","name":"Paolo Conte | Auditorium Parco della Musica Ennio Morricone","isPartOf":{"@id":"https:\/\/www.auditorium.com\/it\/#website"},"primaryImageOfPage":{"@id":"https:\/\/www.auditorium.com\/it\/event\/paolo-conte-3\/#primaryimage"},"image":{"@id":"https:\/\/www.auditorium.com\/it\/event\/paolo-conte-3\/#primaryimage"},"thumbnailUrl":"https:\/\/www.auditorium.com\/wp-content\/uploads\/2024\/09\/15442_paolo_conte.jpg","datePublished":"2017-11-17T17:28:44+00:00","dateModified":"2017-11-17T17:28:44+00:00","breadcrumb":{"@id":"https:\/\/www.auditorium.com\/it\/event\/paolo-conte-3\/#breadcrumb"},"inLanguage":"it-IT","potentialAction":[{"@type":"ReadAction","target":["https:\/\/www.auditorium.com\/it\/event\/paolo-conte-3\/"]}]},{"@type":"ImageObject","inLanguage":"it-IT","@id":"https:\/\/www.auditorium.com\/it\/event\/paolo-conte-3\/#primaryimage","url":"https:\/\/www.auditorium.com\/wp-content\/uploads\/2024\/09\/15442_paolo_conte.jpg","contentUrl":"https:\/\/www.auditorium.com\/wp-content\/uploads\/2024\/09\/15442_paolo_conte.jpg","width":1920,"height":850},{"@type":"BreadcrumbList","@id":"https:\/\/www.auditorium.com\/it\/event\/paolo-conte-3\/#breadcrumb","itemListElement":[{"@type":"ListItem","position":1,"name":"Home","item":"https:\/\/www.auditorium.com\/it\/"},{"@type":"ListItem","position":2,"name":"Paolo Conte"}]},{"@type":"WebSite","@id":"https:\/\/www.auditorium.com\/it\/#website","url":"https:\/\/www.auditorium.com\/it\/","name":"Auditorium Parco della Musica Ennio Morricone","description":"Progettato da Renzo Piano, l&#039;Auditorium rappresenta una sofisticata architettura musicale e uno straordinario intervento di riqualificazione urbana.","publisher":{"@id":"https:\/\/www.auditorium.com\/it\/#organization"},"potentialAction":[{"@type":"SearchAction","target":{"@type":"EntryPoint","urlTemplate":"https:\/\/www.auditorium.com\/it\/?s={search_term_string}"},"query-input":"required name=search_term_string"}],"inLanguage":"it-IT"},{"@type":"Organization","@id":"https:\/\/www.auditorium.com\/it\/#organization","name":"Auditorium Parco della Musica Ennio Morricone","url":"https:\/\/www.auditorium.com\/it\/","logo":{"@type":"ImageObject","inLanguage":"it-IT","@id":"https:\/\/www.auditorium.com\/it\/#\/schema\/logo\/image\/","url":"https:\/\/www.auditorium.com\/wp-content\/uploads\/2022\/12\/logo-auditorium.svg","contentUrl":"https:\/\/www.auditorium.com\/wp-content\/uploads\/2022\/12\/logo-auditorium.svg","width":86,"height":79,"caption":"Auditorium Parco della Musica Ennio Morricone"},"image":{"@id":"https:\/\/www.auditorium.com\/it\/#\/schema\/logo\/image\/"},"sameAs":["https:\/\/www.facebook.com\/AuditoriumParcodellaMusica","https:\/\/x.com\/auditoriumpdm","https:\/\/www.instagram.com\/auditoriumparcodellamusica\/"]}]}},"_links":{"self":[{"href":"https:\/\/www.auditorium.com\/it\/wp-json\/wp\/v2\/event\/27889","targetHints":{"allow":["GET"]}}],"collection":[{"href":"https:\/\/www.auditorium.com\/it\/wp-json\/wp\/v2\/event"}],"about":[{"href":"https:\/\/www.auditorium.com\/it\/wp-json\/wp\/v2\/types\/event"}],"wp:featuredmedia":[{"embeddable":true,"href":"https:\/\/www.auditorium.com\/it\/wp-json\/wp\/v2\/media\/27890"}],"wp:attachment":[{"href":"https:\/\/www.auditorium.com\/it\/wp-json\/wp\/v2\/media?parent=27889"}],"wp:term":[{"taxonomy":"event_categories","embeddable":true,"href":"https:\/\/www.auditorium.com\/it\/wp-json\/wp\/v2\/event_categories?post=27889"},{"taxonomy":"event_genre","embeddable":true,"href":"https:\/\/www.auditorium.com\/it\/wp-json\/wp\/v2\/event_genre?post=27889"},{"taxonomy":"event_themes","embeddable":true,"href":"https:\/\/www.auditorium.com\/it\/wp-json\/wp\/v2\/event_themes?post=27889"},{"taxonomy":"event_format","embeddable":true,"href":"https:\/\/www.auditorium.com\/it\/wp-json\/wp\/v2\/event_format?post=27889"},{"taxonomy":"event_consigliati","embeddable":true,"href":"https:\/\/www.auditorium.com\/it\/wp-json\/wp\/v2\/event_consigliati?post=27889"}],"curies":[{"name":"wp","href":"https:\/\/api.w.org\/{rel}","templated":true}]}}

<p>Paolo Conte sarà per la prima volta ospite della rassegna Luglio Suona Bene. Un evento speciale che vedrà uno dei cantautori italiani più amati di sempre dal pubblico presentare sotto le stelle del cielo di Roma, nella magnifica cornice della cavea di Renzo Piano, i nuovi brani tratti dall’ultimo disco Snob, un ritorno alle origini musicali e testuali che hanno reso Paolo Conte un artista apprezzato in tutto il mondo. Un ritorno che è anche, inevitabilmente, evoluzione e ricerca continua; esplorazione di panorami musicali e parole che, come antiche trouvailles, oltre a dischiudere significati inusuali, si trasformano in suoni e in immagini pittoriche. L’avvocato astigiano fonde, in uno swing di rara eleganza, jazz, canzone d’autore, richiami latinoamericani.</p>

Paolo Conte sarà per la prima volta ospite della rassegna Luglio Suona Bene. Un evento speciale che vedrà uno dei cantautori italiani più amati di sempre dal pubblico presentare sotto le stelle del cielo di Roma, nella magnifica cornice della cavea di Renzo Piano, i nuovi brani tratti dall’ultimo disco Snob, un ritorno alle origini [&hellip;]

<!-- This site is optimized with the Yoast SEO plugin v22.6 - https://yoast.com/wordpress/plugins/seo/ -->
<title>Paolo Conte | Auditorium Parco della Musica Ennio Morricone</title>
<meta name="robots" content="index, follow, max-snippet:-1, max-image-preview:large, max-video-preview:-1" />
<link rel="canonical" href="https://www.auditorium.com/it/event/paolo-conte-3/" />
<meta property="og:locale" content="it_IT" />
<meta property="og:type" content="article" />
<meta property="og:title" content="Paolo Conte | Auditorium Parco della Musica Ennio Morricone" />
<meta property="og:description" content="Paolo Conte sarà per la prima volta ospite della rassegna Luglio Suona Bene. Un evento speciale che vedrà uno dei cantautori italiani più amati di sempre dal pubblico presentare sotto le stelle del cielo di Roma, nella magnifica cornice della cavea di Renzo Piano, i nuovi brani tratti dall’ultimo disco Snob, un ritorno alle origini [&hellip;]" />
<meta property="og:url" content="https://www.auditorium.com/it/event/paolo-conte-3/" />
<meta property="og:site_name" content="Auditorium Parco della Musica Ennio Morricone" />
<meta property="article:publisher" content="https://www.facebook.com/AuditoriumParcodellaMusica" />
<meta property="og:image" content="https://www.auditorium.com/wp-content/uploads/2024/09/15442_paolo_conte.jpg" />
	<meta property="og:image:width" content="1920" />
	<meta property="og:image:height" content="850" />
	<meta property="og:image:type" content="image/jpeg" />
<meta name="twitter:card" content="summary_large_image" />
<meta name="twitter:site" content="@auditoriumpdm" />
<meta name="twitter:label1" content="Tempo di lettura stimato" />
	<meta name="twitter:data1" content="1 minuto" />
<script type="application/ld+json" class="yoast-schema-graph">{"@context":"https://schema.org","@graph":[{"@type":"WebPage","@id":"https://www.auditorium.com/it/event/paolo-conte-3/","url":"https://www.auditorium.com/it/event/paolo-conte-3/","name":"Paolo Conte | Auditorium Parco della Musica Ennio Morricone","isPartOf":{"@id":"https://www.auditorium.com/it/#website"},"primaryImageOfPage":{"@id":"https://www.auditorium.com/it/event/paolo-conte-3/#primaryimage"},"image":{"@id":"https://www.auditorium.com/it/event/paolo-conte-3/#primaryimage"},"thumbnailUrl":"https://www.auditorium.com/wp-content/uploads/2024/09/15442_paolo_conte.jpg","datePublished":"2017-11-17T17:28:44+00:00","dateModified":"2017-11-17T17:28:44+00:00","breadcrumb":{"@id":"https://www.auditorium.com/it/event/paolo-conte-3/#breadcrumb"},"inLanguage":"it-IT","potentialAction":[{"@type":"ReadAction","target":["https://www.auditorium.com/it/event/paolo-conte-3/"]}]},{"@type":"ImageObject","inLanguage":"it-IT","@id":"https://www.auditorium.com/it/event/paolo-conte-3/#primaryimage","url":"https://www.auditorium.com/wp-content/uploads/2024/09/15442_paolo_conte.jpg","contentUrl":"https://www.auditorium.com/wp-content/uploads/2024/09/15442_paolo_conte.jpg","width":1920,"height":850},{"@type":"BreadcrumbList","@id":"https://www.auditorium.com/it/event/paolo-conte-3/#breadcrumb","itemListElement":[{"@type":"ListItem","position":1,"name":"Home","item":"https://www.auditorium.com/it/"},{"@type":"ListItem","position":2,"name":"Paolo Conte"}]},{"@type":"WebSite","@id":"https://www.auditorium.com/it/#website","url":"https://www.auditorium.com/it/","name":"Auditorium Parco della Musica Ennio Morricone","description":"Progettato da Renzo Piano, l&#039;Auditorium rappresenta una sofisticata architettura musicale e uno straordinario intervento di riqualificazione urbana.","publisher":{"@id":"https://www.auditorium.com/it/#organization"},"potentialAction":[{"@type":"SearchAction","target":{"@type":"EntryPoint","urlTemplate":"https://www.auditorium.com/it/?s={search_term_string}"},"query-input":"required name=search_term_string"}],"inLanguage":"it-IT"},{"@type":"Organization","@id":"https://www.auditorium.com/it/#organization","name":"Auditorium Parco della Musica Ennio Morricone","url":"https://www.auditorium.com/it/","logo":{"@type":"ImageObject","inLanguage":"it-IT","@id":"https://www.auditorium.com/it/#/schema/logo/image/","url":"https://www.auditorium.com/wp-content/uploads/2022/12/logo-auditorium.svg","contentUrl":"https://www.auditorium.com/wp-content/uploads/2022/12/logo-auditorium.svg","width":86,"height":79,"caption":"Auditorium Parco della Musica Ennio Morricone"},"image":{"@id":"https://www.auditorium.com/it/#/schema/logo/image/"},"sameAs":["https://www.facebook.com/AuditoriumParcodellaMusica","https://x.com/auditoriumpdm","https://www.instagram.com/auditoriumparcodellamusica/"]}]}</script>
<!-- / Yoast SEO plugin. -->
