{"id":27839,"date":"2017-11-17T18:30:24","date_gmt":"2017-11-17T17:30:24","guid":{"rendered":"https:\/\/www.auditorium.com\/event\/dear-jack\/"},"modified":"2017-11-17T18:30:24","modified_gmt":"2017-11-17T17:30:24","slug":"dear-jack","status":"publish","type":"event","link":"https:\/\/www.auditorium.com\/it\/event\/dear-jack\/","title":{"rendered":"Dear Jack"},"content":{"rendered":"<p>Arrivano a Luglio Suona Bene i Dear Jack, reduci dal 65\u00b0esimo Festival di Sanremo, dove hanno partecipato nella categoria \u201cCampioni\u201d con il brano Il Mondo Esplode Tranne Noi. Nel 2014 i Dear Jack hanno pubblicato \u201cDomani \u00e8 un altro film (prima parte)\u201d che \u00e8 stato l\u2019album pi\u00f9 venduto in Italia nel primo semestre dell\u2019anno e hanno totalizzato oltre 18 milioni di visualizzazioni su YouTube con i video dei loro singoli. All\u2019Auditorium i Dear Jack presenteranno i brani del nuovo disco \u201cDomani \u00e8 un altro film (seconda parte)\u201d. I Dear Jack si formano nel 2012 per condividere il progetto di 4 giovanissimi amici, poi diventati 5 (il pi\u00f9 grande \u00e8 del 1988, i pi\u00f9 giovani del 1992) ognuno con influenze e gusti musicali diversi che spaziano dalla classica, al metal, al R&#038;B: Alessio (voce), Francesco (chitarra), Lorenzo (chitarra), Alessandro (basso) e Riccardo (batteria). La band prende il nome da Jack Skeletron, protagonista del film di animazione \u201cNightmare Before Christmas\u201d di Tim Burton.<\/p>\n","protected":false},"excerpt":{"rendered":"Arrivano a Luglio Suona Bene i Dear Jack, reduci dal 65\u00b0esimo Festival di Sanremo, dove hanno partecipato nella categoria \u201cCampioni\u201d con il brano Il Mondo Esplode Tranne Noi. Nel 2014 i Dear Jack hanno pubblicato \u201cDomani \u00e8 un altro film (prima parte)\u201d che \u00e8 stato l\u2019album pi\u00f9 venduto in Italia nel primo semestre dell\u2019anno e [&hellip;]","protected":false},"featured_media":27840,"template":"","meta":{"_acf_changed":false,"inline_featured_image":false},"event_categories":[56],"event_genre":[],"event_themes":[],"event_format":[],"event_consigliati":[],"class_list":["post-27839","event","type-event","status-publish","has-post-thumbnail","hentry","event_categories-musica-classica"],"acf":[],"yoast_head":"<!-- This site is optimized with the Yoast SEO plugin v22.6 - https:\/\/yoast.com\/wordpress\/plugins\/seo\/ -->\n<title>Dear Jack | Auditorium Parco della Musica Ennio Morricone<\/title>\n<meta name=\"robots\" content=\"index, follow, max-snippet:-1, max-image-preview:large, max-video-preview:-1\" \/>\n<link rel=\"canonical\" href=\"https:\/\/www.auditorium.com\/it\/event\/dear-jack\/\" \/>\n<meta property=\"og:locale\" content=\"it_IT\" \/>\n<meta property=\"og:type\" content=\"article\" \/>\n<meta property=\"og:title\" content=\"Dear Jack | Auditorium Parco della Musica Ennio Morricone\" \/>\n<meta property=\"og:description\" content=\"Arrivano a Luglio Suona Bene i Dear Jack, reduci dal 65\u00b0esimo Festival di Sanremo, dove hanno partecipato nella categoria \u201cCampioni\u201d con il brano Il Mondo Esplode Tranne Noi. Nel 2014 i Dear Jack hanno pubblicato \u201cDomani \u00e8 un altro film (prima parte)\u201d che \u00e8 stato l\u2019album pi\u00f9 venduto in Italia nel primo semestre dell\u2019anno e [&hellip;]\" \/>\n<meta property=\"og:url\" content=\"https:\/\/www.auditorium.com\/it\/event\/dear-jack\/\" \/>\n<meta property=\"og:site_name\" content=\"Auditorium Parco della Musica Ennio Morricone\" \/>\n<meta property=\"article:publisher\" content=\"https:\/\/www.facebook.com\/AuditoriumParcodellaMusica\" \/>\n<meta property=\"og:image\" content=\"https:\/\/www.auditorium.com\/wp-content\/uploads\/2024\/09\/15509_dear_jack.jpg\" \/>\n\t<meta property=\"og:image:width\" content=\"1920\" \/>\n\t<meta property=\"og:image:height\" content=\"850\" \/>\n\t<meta property=\"og:image:type\" content=\"image\/jpeg\" \/>\n<meta name=\"twitter:card\" content=\"summary_large_image\" \/>\n<meta name=\"twitter:site\" content=\"@auditoriumpdm\" \/>\n<meta name=\"twitter:label1\" content=\"Tempo di lettura stimato\" \/>\n\t<meta name=\"twitter:data1\" content=\"1 minuto\" \/>\n<script type=\"application\/ld+json\" class=\"yoast-schema-graph\">{\"@context\":\"https:\/\/schema.org\",\"@graph\":[{\"@type\":\"WebPage\",\"@id\":\"https:\/\/www.auditorium.com\/it\/event\/dear-jack\/\",\"url\":\"https:\/\/www.auditorium.com\/it\/event\/dear-jack\/\",\"name\":\"Dear Jack | Auditorium Parco della Musica Ennio Morricone\",\"isPartOf\":{\"@id\":\"https:\/\/www.auditorium.com\/it\/#website\"},\"primaryImageOfPage\":{\"@id\":\"https:\/\/www.auditorium.com\/it\/event\/dear-jack\/#primaryimage\"},\"image\":{\"@id\":\"https:\/\/www.auditorium.com\/it\/event\/dear-jack\/#primaryimage\"},\"thumbnailUrl\":\"https:\/\/www.auditorium.com\/wp-content\/uploads\/2024\/09\/15509_dear_jack.jpg\",\"datePublished\":\"2017-11-17T17:30:24+00:00\",\"dateModified\":\"2017-11-17T17:30:24+00:00\",\"breadcrumb\":{\"@id\":\"https:\/\/www.auditorium.com\/it\/event\/dear-jack\/#breadcrumb\"},\"inLanguage\":\"it-IT\",\"potentialAction\":[{\"@type\":\"ReadAction\",\"target\":[\"https:\/\/www.auditorium.com\/it\/event\/dear-jack\/\"]}]},{\"@type\":\"ImageObject\",\"inLanguage\":\"it-IT\",\"@id\":\"https:\/\/www.auditorium.com\/it\/event\/dear-jack\/#primaryimage\",\"url\":\"https:\/\/www.auditorium.com\/wp-content\/uploads\/2024\/09\/15509_dear_jack.jpg\",\"contentUrl\":\"https:\/\/www.auditorium.com\/wp-content\/uploads\/2024\/09\/15509_dear_jack.jpg\",\"width\":1920,\"height\":850},{\"@type\":\"BreadcrumbList\",\"@id\":\"https:\/\/www.auditorium.com\/it\/event\/dear-jack\/#breadcrumb\",\"itemListElement\":[{\"@type\":\"ListItem\",\"position\":1,\"name\":\"Home\",\"item\":\"https:\/\/www.auditorium.com\/it\/\"},{\"@type\":\"ListItem\",\"position\":2,\"name\":\"Dear Jack\"}]},{\"@type\":\"WebSite\",\"@id\":\"https:\/\/www.auditorium.com\/it\/#website\",\"url\":\"https:\/\/www.auditorium.com\/it\/\",\"name\":\"Auditorium Parco della Musica Ennio Morricone\",\"description\":\"Progettato da Renzo Piano, l&#039;Auditorium rappresenta una sofisticata architettura musicale e uno straordinario intervento di riqualificazione urbana.\",\"publisher\":{\"@id\":\"https:\/\/www.auditorium.com\/it\/#organization\"},\"potentialAction\":[{\"@type\":\"SearchAction\",\"target\":{\"@type\":\"EntryPoint\",\"urlTemplate\":\"https:\/\/www.auditorium.com\/it\/?s={search_term_string}\"},\"query-input\":\"required name=search_term_string\"}],\"inLanguage\":\"it-IT\"},{\"@type\":\"Organization\",\"@id\":\"https:\/\/www.auditorium.com\/it\/#organization\",\"name\":\"Auditorium Parco della Musica Ennio Morricone\",\"url\":\"https:\/\/www.auditorium.com\/it\/\",\"logo\":{\"@type\":\"ImageObject\",\"inLanguage\":\"it-IT\",\"@id\":\"https:\/\/www.auditorium.com\/it\/#\/schema\/logo\/image\/\",\"url\":\"https:\/\/www.auditorium.com\/wp-content\/uploads\/2022\/12\/logo-auditorium.svg\",\"contentUrl\":\"https:\/\/www.auditorium.com\/wp-content\/uploads\/2022\/12\/logo-auditorium.svg\",\"width\":86,\"height\":79,\"caption\":\"Auditorium Parco della Musica Ennio Morricone\"},\"image\":{\"@id\":\"https:\/\/www.auditorium.com\/it\/#\/schema\/logo\/image\/\"},\"sameAs\":[\"https:\/\/www.facebook.com\/AuditoriumParcodellaMusica\",\"https:\/\/x.com\/auditoriumpdm\",\"https:\/\/www.instagram.com\/auditoriumparcodellamusica\/\"]}]}<\/script>\n<!-- \/ Yoast SEO plugin. -->","yoast_head_json":{"title":"Dear Jack | Auditorium Parco della Musica Ennio Morricone","robots":{"index":"index","follow":"follow","max-snippet":"max-snippet:-1","max-image-preview":"max-image-preview:large","max-video-preview":"max-video-preview:-1"},"canonical":"https:\/\/www.auditorium.com\/it\/event\/dear-jack\/","og_locale":"it_IT","og_type":"article","og_title":"Dear Jack | Auditorium Parco della Musica Ennio Morricone","og_description":"Arrivano a Luglio Suona Bene i Dear Jack, reduci dal 65\u00b0esimo Festival di Sanremo, dove hanno partecipato nella categoria \u201cCampioni\u201d con il brano Il Mondo Esplode Tranne Noi. Nel 2014 i Dear Jack hanno pubblicato \u201cDomani \u00e8 un altro film (prima parte)\u201d che \u00e8 stato l\u2019album pi\u00f9 venduto in Italia nel primo semestre dell\u2019anno e [&hellip;]","og_url":"https:\/\/www.auditorium.com\/it\/event\/dear-jack\/","og_site_name":"Auditorium Parco della Musica Ennio Morricone","article_publisher":"https:\/\/www.facebook.com\/AuditoriumParcodellaMusica","og_image":[{"width":1920,"height":850,"url":"https:\/\/www.auditorium.com\/wp-content\/uploads\/2024\/09\/15509_dear_jack.jpg","type":"image\/jpeg"}],"twitter_card":"summary_large_image","twitter_site":"@auditoriumpdm","twitter_misc":{"Tempo di lettura stimato":"1 minuto"},"schema":{"@context":"https:\/\/schema.org","@graph":[{"@type":"WebPage","@id":"https:\/\/www.auditorium.com\/it\/event\/dear-jack\/","url":"https:\/\/www.auditorium.com\/it\/event\/dear-jack\/","name":"Dear Jack | Auditorium Parco della Musica Ennio Morricone","isPartOf":{"@id":"https:\/\/www.auditorium.com\/it\/#website"},"primaryImageOfPage":{"@id":"https:\/\/www.auditorium.com\/it\/event\/dear-jack\/#primaryimage"},"image":{"@id":"https:\/\/www.auditorium.com\/it\/event\/dear-jack\/#primaryimage"},"thumbnailUrl":"https:\/\/www.auditorium.com\/wp-content\/uploads\/2024\/09\/15509_dear_jack.jpg","datePublished":"2017-11-17T17:30:24+00:00","dateModified":"2017-11-17T17:30:24+00:00","breadcrumb":{"@id":"https:\/\/www.auditorium.com\/it\/event\/dear-jack\/#breadcrumb"},"inLanguage":"it-IT","potentialAction":[{"@type":"ReadAction","target":["https:\/\/www.auditorium.com\/it\/event\/dear-jack\/"]}]},{"@type":"ImageObject","inLanguage":"it-IT","@id":"https:\/\/www.auditorium.com\/it\/event\/dear-jack\/#primaryimage","url":"https:\/\/www.auditorium.com\/wp-content\/uploads\/2024\/09\/15509_dear_jack.jpg","contentUrl":"https:\/\/www.auditorium.com\/wp-content\/uploads\/2024\/09\/15509_dear_jack.jpg","width":1920,"height":850},{"@type":"BreadcrumbList","@id":"https:\/\/www.auditorium.com\/it\/event\/dear-jack\/#breadcrumb","itemListElement":[{"@type":"ListItem","position":1,"name":"Home","item":"https:\/\/www.auditorium.com\/it\/"},{"@type":"ListItem","position":2,"name":"Dear Jack"}]},{"@type":"WebSite","@id":"https:\/\/www.auditorium.com\/it\/#website","url":"https:\/\/www.auditorium.com\/it\/","name":"Auditorium Parco della Musica Ennio Morricone","description":"Progettato da Renzo Piano, l&#039;Auditorium rappresenta una sofisticata architettura musicale e uno straordinario intervento di riqualificazione urbana.","publisher":{"@id":"https:\/\/www.auditorium.com\/it\/#organization"},"potentialAction":[{"@type":"SearchAction","target":{"@type":"EntryPoint","urlTemplate":"https:\/\/www.auditorium.com\/it\/?s={search_term_string}"},"query-input":"required name=search_term_string"}],"inLanguage":"it-IT"},{"@type":"Organization","@id":"https:\/\/www.auditorium.com\/it\/#organization","name":"Auditorium Parco della Musica Ennio Morricone","url":"https:\/\/www.auditorium.com\/it\/","logo":{"@type":"ImageObject","inLanguage":"it-IT","@id":"https:\/\/www.auditorium.com\/it\/#\/schema\/logo\/image\/","url":"https:\/\/www.auditorium.com\/wp-content\/uploads\/2022\/12\/logo-auditorium.svg","contentUrl":"https:\/\/www.auditorium.com\/wp-content\/uploads\/2022\/12\/logo-auditorium.svg","width":86,"height":79,"caption":"Auditorium Parco della Musica Ennio Morricone"},"image":{"@id":"https:\/\/www.auditorium.com\/it\/#\/schema\/logo\/image\/"},"sameAs":["https:\/\/www.facebook.com\/AuditoriumParcodellaMusica","https:\/\/x.com\/auditoriumpdm","https:\/\/www.instagram.com\/auditoriumparcodellamusica\/"]}]}},"_links":{"self":[{"href":"https:\/\/www.auditorium.com\/it\/wp-json\/wp\/v2\/event\/27839","targetHints":{"allow":["GET"]}}],"collection":[{"href":"https:\/\/www.auditorium.com\/it\/wp-json\/wp\/v2\/event"}],"about":[{"href":"https:\/\/www.auditorium.com\/it\/wp-json\/wp\/v2\/types\/event"}],"wp:featuredmedia":[{"embeddable":true,"href":"https:\/\/www.auditorium.com\/it\/wp-json\/wp\/v2\/media\/27840"}],"wp:attachment":[{"href":"https:\/\/www.auditorium.com\/it\/wp-json\/wp\/v2\/media?parent=27839"}],"wp:term":[{"taxonomy":"event_categories","embeddable":true,"href":"https:\/\/www.auditorium.com\/it\/wp-json\/wp\/v2\/event_categories?post=27839"},{"taxonomy":"event_genre","embeddable":true,"href":"https:\/\/www.auditorium.com\/it\/wp-json\/wp\/v2\/event_genre?post=27839"},{"taxonomy":"event_themes","embeddable":true,"href":"https:\/\/www.auditorium.com\/it\/wp-json\/wp\/v2\/event_themes?post=27839"},{"taxonomy":"event_format","embeddable":true,"href":"https:\/\/www.auditorium.com\/it\/wp-json\/wp\/v2\/event_format?post=27839"},{"taxonomy":"event_consigliati","embeddable":true,"href":"https:\/\/www.auditorium.com\/it\/wp-json\/wp\/v2\/event_consigliati?post=27839"}],"curies":[{"name":"wp","href":"https:\/\/api.w.org\/{rel}","templated":true}]}}

<p>Arrivano a Luglio Suona Bene i Dear Jack, reduci dal 65°esimo Festival di Sanremo, dove hanno partecipato nella categoria “Campioni” con il brano Il Mondo Esplode Tranne Noi. Nel 2014 i Dear Jack hanno pubblicato “Domani è un altro film (prima parte)” che è stato l’album più venduto in Italia nel primo semestre dell’anno e hanno totalizzato oltre 18 milioni di visualizzazioni su YouTube con i video dei loro singoli. All’Auditorium i Dear Jack presenteranno i brani del nuovo disco “Domani è un altro film (seconda parte)”. I Dear Jack si formano nel 2012 per condividere il progetto di 4 giovanissimi amici, poi diventati 5 (il più grande è del 1988, i più giovani del 1992) ognuno con influenze e gusti musicali diversi che spaziano dalla classica, al metal, al R&#038;B: Alessio (voce), Francesco (chitarra), Lorenzo (chitarra), Alessandro (basso) e Riccardo (batteria). La band prende il nome da Jack Skeletron, protagonista del film di animazione “Nightmare Before Christmas” di Tim Burton.</p>

Arrivano a Luglio Suona Bene i Dear Jack, reduci dal 65°esimo Festival di Sanremo, dove hanno partecipato nella categoria “Campioni” con il brano Il Mondo Esplode Tranne Noi. Nel 2014 i Dear Jack hanno pubblicato “Domani è un altro film (prima parte)” che è stato l’album più venduto in Italia nel primo semestre dell’anno e [&hellip;]

<!-- This site is optimized with the Yoast SEO plugin v22.6 - https://yoast.com/wordpress/plugins/seo/ -->
<title>Dear Jack | Auditorium Parco della Musica Ennio Morricone</title>
<meta name="robots" content="index, follow, max-snippet:-1, max-image-preview:large, max-video-preview:-1" />
<link rel="canonical" href="https://www.auditorium.com/it/event/dear-jack/" />
<meta property="og:locale" content="it_IT" />
<meta property="og:type" content="article" />
<meta property="og:title" content="Dear Jack | Auditorium Parco della Musica Ennio Morricone" />
<meta property="og:description" content="Arrivano a Luglio Suona Bene i Dear Jack, reduci dal 65°esimo Festival di Sanremo, dove hanno partecipato nella categoria “Campioni” con il brano Il Mondo Esplode Tranne Noi. Nel 2014 i Dear Jack hanno pubblicato “Domani è un altro film (prima parte)” che è stato l’album più venduto in Italia nel primo semestre dell’anno e [&hellip;]" />
<meta property="og:url" content="https://www.auditorium.com/it/event/dear-jack/" />
<meta property="og:site_name" content="Auditorium Parco della Musica Ennio Morricone" />
<meta property="article:publisher" content="https://www.facebook.com/AuditoriumParcodellaMusica" />
<meta property="og:image" content="https://www.auditorium.com/wp-content/uploads/2024/09/15509_dear_jack.jpg" />
	<meta property="og:image:width" content="1920" />
	<meta property="og:image:height" content="850" />
	<meta property="og:image:type" content="image/jpeg" />
<meta name="twitter:card" content="summary_large_image" />
<meta name="twitter:site" content="@auditoriumpdm" />
<meta name="twitter:label1" content="Tempo di lettura stimato" />
	<meta name="twitter:data1" content="1 minuto" />
<script type="application/ld+json" class="yoast-schema-graph">{"@context":"https://schema.org","@graph":[{"@type":"WebPage","@id":"https://www.auditorium.com/it/event/dear-jack/","url":"https://www.auditorium.com/it/event/dear-jack/","name":"Dear Jack | Auditorium Parco della Musica Ennio Morricone","isPartOf":{"@id":"https://www.auditorium.com/it/#website"},"primaryImageOfPage":{"@id":"https://www.auditorium.com/it/event/dear-jack/#primaryimage"},"image":{"@id":"https://www.auditorium.com/it/event/dear-jack/#primaryimage"},"thumbnailUrl":"https://www.auditorium.com/wp-content/uploads/2024/09/15509_dear_jack.jpg","datePublished":"2017-11-17T17:30:24+00:00","dateModified":"2017-11-17T17:30:24+00:00","breadcrumb":{"@id":"https://www.auditorium.com/it/event/dear-jack/#breadcrumb"},"inLanguage":"it-IT","potentialAction":[{"@type":"ReadAction","target":["https://www.auditorium.com/it/event/dear-jack/"]}]},{"@type":"ImageObject","inLanguage":"it-IT","@id":"https://www.auditorium.com/it/event/dear-jack/#primaryimage","url":"https://www.auditorium.com/wp-content/uploads/2024/09/15509_dear_jack.jpg","contentUrl":"https://www.auditorium.com/wp-content/uploads/2024/09/15509_dear_jack.jpg","width":1920,"height":850},{"@type":"BreadcrumbList","@id":"https://www.auditorium.com/it/event/dear-jack/#breadcrumb","itemListElement":[{"@type":"ListItem","position":1,"name":"Home","item":"https://www.auditorium.com/it/"},{"@type":"ListItem","position":2,"name":"Dear Jack"}]},{"@type":"WebSite","@id":"https://www.auditorium.com/it/#website","url":"https://www.auditorium.com/it/","name":"Auditorium Parco della Musica Ennio Morricone","description":"Progettato da Renzo Piano, l&#039;Auditorium rappresenta una sofisticata architettura musicale e uno straordinario intervento di riqualificazione urbana.","publisher":{"@id":"https://www.auditorium.com/it/#organization"},"potentialAction":[{"@type":"SearchAction","target":{"@type":"EntryPoint","urlTemplate":"https://www.auditorium.com/it/?s={search_term_string}"},"query-input":"required name=search_term_string"}],"inLanguage":"it-IT"},{"@type":"Organization","@id":"https://www.auditorium.com/it/#organization","name":"Auditorium Parco della Musica Ennio Morricone","url":"https://www.auditorium.com/it/","logo":{"@type":"ImageObject","inLanguage":"it-IT","@id":"https://www.auditorium.com/it/#/schema/logo/image/","url":"https://www.auditorium.com/wp-content/uploads/2022/12/logo-auditorium.svg","contentUrl":"https://www.auditorium.com/wp-content/uploads/2022/12/logo-auditorium.svg","width":86,"height":79,"caption":"Auditorium Parco della Musica Ennio Morricone"},"image":{"@id":"https://www.auditorium.com/it/#/schema/logo/image/"},"sameAs":["https://www.facebook.com/AuditoriumParcodellaMusica","https://x.com/auditoriumpdm","https://www.instagram.com/auditoriumparcodellamusica/"]}]}</script>
<!-- / Yoast SEO plugin. -->
