{"id":25854,"date":"2017-11-17T18:12:35","date_gmt":"2017-11-17T17:12:35","guid":{"rendered":"https:\/\/www.auditorium.com\/event\/processo-per-omicidio-1606\/"},"modified":"2017-11-17T18:12:35","modified_gmt":"2017-11-17T17:12:35","slug":"processo-per-omicidio-1606","status":"publish","type":"event","link":"https:\/\/www.auditorium.com\/it\/event\/processo-per-omicidio-1606\/","title":{"rendered":"Processo per omicidio 1606"},"content":{"rendered":"<p>Fondazione Musica per Roma presenta                                   <\/p>\n<p>Dopo aver rivissuto il processo che vide Caravaggio nel 1603 accusato di calunnia, marted\u00ec 23 aprile la rassegna Il colore della spada si chiuder\u00e0 con il processo capitale che condann\u00f2 a morte, nel 1606, il pi\u00f9 grande pittore del nostro barocco. Una sentenza che lo accompagn\u00f2 fino alla tragica morte a Porto Ercole nel 1610. Come per il precedente appuntamento, sul palco della Sala Sinopoli si alterneranno le testimonianze del critico d&#8217;arte Claudio Strinati e del giudice e scrittore Giancarlo De Cataldo. Se la lettura dei passi originali del processo &#8211; attraverso l&#8217;analisi del dibattimento &#8211; servir\u00e0 proprio a fare luce sulla situazione storica e politica di una Roma di inizio XVII secolo in preda alla Controriforma (di quegli anni la tragica morte di Beatrice Cenci e Giordano Bruno), nel corso della serata non mancher\u00e0 una ricostruzione attenta e filologica del clima e dell&#8217;ambiente culturale dell&#8217;epoca. Ad arricchire il gi\u00e0 ricco corredo di testimonianze una ricca serie di documenti multimediali (diapositive, filmati) e alcuni interventi di musica da camera barocca curati dal maestro Tullio Visioli. Un format originale di alta divulgazione destinato a fare luce, attraverso un&#8217;analisi attenta e accurata, su alcuni tratti misteriosi e complessi del genio barocco per noi pi\u00f9 moderno e attuale.<\/p>\n","protected":false},"excerpt":{"rendered":"Fondazione Musica per Roma presenta Dopo aver rivissuto il processo che vide Caravaggio nel 1603 accusato di calunnia, marted\u00ec 23 aprile la rassegna Il colore della spada si chiuder\u00e0 con il processo capitale che condann\u00f2 a morte, nel 1606, il pi\u00f9 grande pittore del nostro barocco. Una sentenza che lo accompagn\u00f2 fino alla tragica morte [&hellip;]","protected":false},"featured_media":25855,"template":"","meta":{"_acf_changed":false,"inline_featured_image":false},"event_categories":[218],"event_genre":[],"event_themes":[],"event_format":[],"event_consigliati":[],"class_list":["post-25854","event","type-event","status-publish","has-post-thumbnail","hentry","event_categories-incontri"],"acf":[],"yoast_head":"<!-- This site is optimized with the Yoast SEO plugin v22.6 - https:\/\/yoast.com\/wordpress\/plugins\/seo\/ -->\n<title>Processo per omicidio 1606 | Auditorium Parco della Musica Ennio Morricone<\/title>\n<meta name=\"robots\" content=\"index, follow, max-snippet:-1, max-image-preview:large, max-video-preview:-1\" \/>\n<link rel=\"canonical\" href=\"https:\/\/www.auditorium.com\/it\/event\/processo-per-omicidio-1606\/\" \/>\n<meta property=\"og:locale\" content=\"it_IT\" \/>\n<meta property=\"og:type\" content=\"article\" \/>\n<meta property=\"og:title\" content=\"Processo per omicidio 1606 | Auditorium Parco della Musica Ennio Morricone\" \/>\n<meta property=\"og:description\" content=\"Fondazione Musica per Roma presenta Dopo aver rivissuto il processo che vide Caravaggio nel 1603 accusato di calunnia, marted\u00ec 23 aprile la rassegna Il colore della spada si chiuder\u00e0 con il processo capitale che condann\u00f2 a morte, nel 1606, il pi\u00f9 grande pittore del nostro barocco. Una sentenza che lo accompagn\u00f2 fino alla tragica morte [&hellip;]\" \/>\n<meta property=\"og:url\" content=\"https:\/\/www.auditorium.com\/it\/event\/processo-per-omicidio-1606\/\" \/>\n<meta property=\"og:site_name\" content=\"Auditorium Parco della Musica Ennio Morricone\" \/>\n<meta property=\"article:publisher\" content=\"https:\/\/www.facebook.com\/AuditoriumParcodellaMusica\" \/>\n<meta property=\"og:image\" content=\"https:\/\/www.auditorium.com\/wp-content\/uploads\/2024\/09\/14658_222_ex_caravaggio.jpg\" \/>\n\t<meta property=\"og:image:width\" content=\"1920\" \/>\n\t<meta property=\"og:image:height\" content=\"850\" \/>\n\t<meta property=\"og:image:type\" content=\"image\/jpeg\" \/>\n<meta name=\"twitter:card\" content=\"summary_large_image\" \/>\n<meta name=\"twitter:site\" content=\"@auditoriumpdm\" \/>\n<meta name=\"twitter:label1\" content=\"Tempo di lettura stimato\" \/>\n\t<meta name=\"twitter:data1\" content=\"1 minuto\" \/>\n<script type=\"application\/ld+json\" class=\"yoast-schema-graph\">{\"@context\":\"https:\/\/schema.org\",\"@graph\":[{\"@type\":\"WebPage\",\"@id\":\"https:\/\/www.auditorium.com\/it\/event\/processo-per-omicidio-1606\/\",\"url\":\"https:\/\/www.auditorium.com\/it\/event\/processo-per-omicidio-1606\/\",\"name\":\"Processo per omicidio 1606 | Auditorium Parco della Musica Ennio Morricone\",\"isPartOf\":{\"@id\":\"https:\/\/www.auditorium.com\/it\/#website\"},\"primaryImageOfPage\":{\"@id\":\"https:\/\/www.auditorium.com\/it\/event\/processo-per-omicidio-1606\/#primaryimage\"},\"image\":{\"@id\":\"https:\/\/www.auditorium.com\/it\/event\/processo-per-omicidio-1606\/#primaryimage\"},\"thumbnailUrl\":\"https:\/\/www.auditorium.com\/wp-content\/uploads\/2024\/09\/14658_222_ex_caravaggio.jpg\",\"datePublished\":\"2017-11-17T17:12:35+00:00\",\"dateModified\":\"2017-11-17T17:12:35+00:00\",\"breadcrumb\":{\"@id\":\"https:\/\/www.auditorium.com\/it\/event\/processo-per-omicidio-1606\/#breadcrumb\"},\"inLanguage\":\"it-IT\",\"potentialAction\":[{\"@type\":\"ReadAction\",\"target\":[\"https:\/\/www.auditorium.com\/it\/event\/processo-per-omicidio-1606\/\"]}]},{\"@type\":\"ImageObject\",\"inLanguage\":\"it-IT\",\"@id\":\"https:\/\/www.auditorium.com\/it\/event\/processo-per-omicidio-1606\/#primaryimage\",\"url\":\"https:\/\/www.auditorium.com\/wp-content\/uploads\/2024\/09\/14658_222_ex_caravaggio.jpg\",\"contentUrl\":\"https:\/\/www.auditorium.com\/wp-content\/uploads\/2024\/09\/14658_222_ex_caravaggio.jpg\",\"width\":1920,\"height\":850},{\"@type\":\"BreadcrumbList\",\"@id\":\"https:\/\/www.auditorium.com\/it\/event\/processo-per-omicidio-1606\/#breadcrumb\",\"itemListElement\":[{\"@type\":\"ListItem\",\"position\":1,\"name\":\"Home\",\"item\":\"https:\/\/www.auditorium.com\/it\/\"},{\"@type\":\"ListItem\",\"position\":2,\"name\":\"Processo per omicidio 1606\"}]},{\"@type\":\"WebSite\",\"@id\":\"https:\/\/www.auditorium.com\/it\/#website\",\"url\":\"https:\/\/www.auditorium.com\/it\/\",\"name\":\"Auditorium Parco della Musica Ennio Morricone\",\"description\":\"Progettato da Renzo Piano, l&#039;Auditorium rappresenta una sofisticata architettura musicale e uno straordinario intervento di riqualificazione urbana.\",\"publisher\":{\"@id\":\"https:\/\/www.auditorium.com\/it\/#organization\"},\"potentialAction\":[{\"@type\":\"SearchAction\",\"target\":{\"@type\":\"EntryPoint\",\"urlTemplate\":\"https:\/\/www.auditorium.com\/it\/?s={search_term_string}\"},\"query-input\":\"required name=search_term_string\"}],\"inLanguage\":\"it-IT\"},{\"@type\":\"Organization\",\"@id\":\"https:\/\/www.auditorium.com\/it\/#organization\",\"name\":\"Auditorium Parco della Musica Ennio Morricone\",\"url\":\"https:\/\/www.auditorium.com\/it\/\",\"logo\":{\"@type\":\"ImageObject\",\"inLanguage\":\"it-IT\",\"@id\":\"https:\/\/www.auditorium.com\/it\/#\/schema\/logo\/image\/\",\"url\":\"https:\/\/www.auditorium.com\/wp-content\/uploads\/2022\/12\/logo-auditorium.svg\",\"contentUrl\":\"https:\/\/www.auditorium.com\/wp-content\/uploads\/2022\/12\/logo-auditorium.svg\",\"width\":86,\"height\":79,\"caption\":\"Auditorium Parco della Musica Ennio Morricone\"},\"image\":{\"@id\":\"https:\/\/www.auditorium.com\/it\/#\/schema\/logo\/image\/\"},\"sameAs\":[\"https:\/\/www.facebook.com\/AuditoriumParcodellaMusica\",\"https:\/\/x.com\/auditoriumpdm\",\"https:\/\/www.instagram.com\/auditoriumparcodellamusica\/\"]}]}<\/script>\n<!-- \/ Yoast SEO plugin. -->","yoast_head_json":{"title":"Processo per omicidio 1606 | Auditorium Parco della Musica Ennio Morricone","robots":{"index":"index","follow":"follow","max-snippet":"max-snippet:-1","max-image-preview":"max-image-preview:large","max-video-preview":"max-video-preview:-1"},"canonical":"https:\/\/www.auditorium.com\/it\/event\/processo-per-omicidio-1606\/","og_locale":"it_IT","og_type":"article","og_title":"Processo per omicidio 1606 | Auditorium Parco della Musica Ennio Morricone","og_description":"Fondazione Musica per Roma presenta Dopo aver rivissuto il processo che vide Caravaggio nel 1603 accusato di calunnia, marted\u00ec 23 aprile la rassegna Il colore della spada si chiuder\u00e0 con il processo capitale che condann\u00f2 a morte, nel 1606, il pi\u00f9 grande pittore del nostro barocco. Una sentenza che lo accompagn\u00f2 fino alla tragica morte [&hellip;]","og_url":"https:\/\/www.auditorium.com\/it\/event\/processo-per-omicidio-1606\/","og_site_name":"Auditorium Parco della Musica Ennio Morricone","article_publisher":"https:\/\/www.facebook.com\/AuditoriumParcodellaMusica","og_image":[{"width":1920,"height":850,"url":"https:\/\/www.auditorium.com\/wp-content\/uploads\/2024\/09\/14658_222_ex_caravaggio.jpg","type":"image\/jpeg"}],"twitter_card":"summary_large_image","twitter_site":"@auditoriumpdm","twitter_misc":{"Tempo di lettura stimato":"1 minuto"},"schema":{"@context":"https:\/\/schema.org","@graph":[{"@type":"WebPage","@id":"https:\/\/www.auditorium.com\/it\/event\/processo-per-omicidio-1606\/","url":"https:\/\/www.auditorium.com\/it\/event\/processo-per-omicidio-1606\/","name":"Processo per omicidio 1606 | Auditorium Parco della Musica Ennio Morricone","isPartOf":{"@id":"https:\/\/www.auditorium.com\/it\/#website"},"primaryImageOfPage":{"@id":"https:\/\/www.auditorium.com\/it\/event\/processo-per-omicidio-1606\/#primaryimage"},"image":{"@id":"https:\/\/www.auditorium.com\/it\/event\/processo-per-omicidio-1606\/#primaryimage"},"thumbnailUrl":"https:\/\/www.auditorium.com\/wp-content\/uploads\/2024\/09\/14658_222_ex_caravaggio.jpg","datePublished":"2017-11-17T17:12:35+00:00","dateModified":"2017-11-17T17:12:35+00:00","breadcrumb":{"@id":"https:\/\/www.auditorium.com\/it\/event\/processo-per-omicidio-1606\/#breadcrumb"},"inLanguage":"it-IT","potentialAction":[{"@type":"ReadAction","target":["https:\/\/www.auditorium.com\/it\/event\/processo-per-omicidio-1606\/"]}]},{"@type":"ImageObject","inLanguage":"it-IT","@id":"https:\/\/www.auditorium.com\/it\/event\/processo-per-omicidio-1606\/#primaryimage","url":"https:\/\/www.auditorium.com\/wp-content\/uploads\/2024\/09\/14658_222_ex_caravaggio.jpg","contentUrl":"https:\/\/www.auditorium.com\/wp-content\/uploads\/2024\/09\/14658_222_ex_caravaggio.jpg","width":1920,"height":850},{"@type":"BreadcrumbList","@id":"https:\/\/www.auditorium.com\/it\/event\/processo-per-omicidio-1606\/#breadcrumb","itemListElement":[{"@type":"ListItem","position":1,"name":"Home","item":"https:\/\/www.auditorium.com\/it\/"},{"@type":"ListItem","position":2,"name":"Processo per omicidio 1606"}]},{"@type":"WebSite","@id":"https:\/\/www.auditorium.com\/it\/#website","url":"https:\/\/www.auditorium.com\/it\/","name":"Auditorium Parco della Musica Ennio Morricone","description":"Progettato da Renzo Piano, l&#039;Auditorium rappresenta una sofisticata architettura musicale e uno straordinario intervento di riqualificazione urbana.","publisher":{"@id":"https:\/\/www.auditorium.com\/it\/#organization"},"potentialAction":[{"@type":"SearchAction","target":{"@type":"EntryPoint","urlTemplate":"https:\/\/www.auditorium.com\/it\/?s={search_term_string}"},"query-input":"required name=search_term_string"}],"inLanguage":"it-IT"},{"@type":"Organization","@id":"https:\/\/www.auditorium.com\/it\/#organization","name":"Auditorium Parco della Musica Ennio Morricone","url":"https:\/\/www.auditorium.com\/it\/","logo":{"@type":"ImageObject","inLanguage":"it-IT","@id":"https:\/\/www.auditorium.com\/it\/#\/schema\/logo\/image\/","url":"https:\/\/www.auditorium.com\/wp-content\/uploads\/2022\/12\/logo-auditorium.svg","contentUrl":"https:\/\/www.auditorium.com\/wp-content\/uploads\/2022\/12\/logo-auditorium.svg","width":86,"height":79,"caption":"Auditorium Parco della Musica Ennio Morricone"},"image":{"@id":"https:\/\/www.auditorium.com\/it\/#\/schema\/logo\/image\/"},"sameAs":["https:\/\/www.facebook.com\/AuditoriumParcodellaMusica","https:\/\/x.com\/auditoriumpdm","https:\/\/www.instagram.com\/auditoriumparcodellamusica\/"]}]}},"_links":{"self":[{"href":"https:\/\/www.auditorium.com\/it\/wp-json\/wp\/v2\/event\/25854","targetHints":{"allow":["GET"]}}],"collection":[{"href":"https:\/\/www.auditorium.com\/it\/wp-json\/wp\/v2\/event"}],"about":[{"href":"https:\/\/www.auditorium.com\/it\/wp-json\/wp\/v2\/types\/event"}],"wp:featuredmedia":[{"embeddable":true,"href":"https:\/\/www.auditorium.com\/it\/wp-json\/wp\/v2\/media\/25855"}],"wp:attachment":[{"href":"https:\/\/www.auditorium.com\/it\/wp-json\/wp\/v2\/media?parent=25854"}],"wp:term":[{"taxonomy":"event_categories","embeddable":true,"href":"https:\/\/www.auditorium.com\/it\/wp-json\/wp\/v2\/event_categories?post=25854"},{"taxonomy":"event_genre","embeddable":true,"href":"https:\/\/www.auditorium.com\/it\/wp-json\/wp\/v2\/event_genre?post=25854"},{"taxonomy":"event_themes","embeddable":true,"href":"https:\/\/www.auditorium.com\/it\/wp-json\/wp\/v2\/event_themes?post=25854"},{"taxonomy":"event_format","embeddable":true,"href":"https:\/\/www.auditorium.com\/it\/wp-json\/wp\/v2\/event_format?post=25854"},{"taxonomy":"event_consigliati","embeddable":true,"href":"https:\/\/www.auditorium.com\/it\/wp-json\/wp\/v2\/event_consigliati?post=25854"}],"curies":[{"name":"wp","href":"https:\/\/api.w.org\/{rel}","templated":true}]}}

<p>Fondazione Musica per Roma presenta                                   </p>
<p>Dopo aver rivissuto il processo che vide Caravaggio nel 1603 accusato di calunnia, martedì 23 aprile la rassegna Il colore della spada si chiuderà con il processo capitale che condannò a morte, nel 1606, il più grande pittore del nostro barocco. Una sentenza che lo accompagnò fino alla tragica morte a Porto Ercole nel 1610. Come per il precedente appuntamento, sul palco della Sala Sinopoli si alterneranno le testimonianze del critico d&#8217;arte Claudio Strinati e del giudice e scrittore Giancarlo De Cataldo. Se la lettura dei passi originali del processo &#8211; attraverso l&#8217;analisi del dibattimento &#8211; servirà proprio a fare luce sulla situazione storica e politica di una Roma di inizio XVII secolo in preda alla Controriforma (di quegli anni la tragica morte di Beatrice Cenci e Giordano Bruno), nel corso della serata non mancherà una ricostruzione attenta e filologica del clima e dell&#8217;ambiente culturale dell&#8217;epoca. Ad arricchire il già ricco corredo di testimonianze una ricca serie di documenti multimediali (diapositive, filmati) e alcuni interventi di musica da camera barocca curati dal maestro Tullio Visioli. Un format originale di alta divulgazione destinato a fare luce, attraverso un&#8217;analisi attenta e accurata, su alcuni tratti misteriosi e complessi del genio barocco per noi più moderno e attuale.</p>

Fondazione Musica per Roma presenta Dopo aver rivissuto il processo che vide Caravaggio nel 1603 accusato di calunnia, martedì 23 aprile la rassegna Il colore della spada si chiuderà con il processo capitale che condannò a morte, nel 1606, il più grande pittore del nostro barocco. Una sentenza che lo accompagnò fino alla tragica morte [&hellip;]

<!-- This site is optimized with the Yoast SEO plugin v22.6 - https://yoast.com/wordpress/plugins/seo/ -->
<title>Processo per omicidio 1606 | Auditorium Parco della Musica Ennio Morricone</title>
<meta name="robots" content="index, follow, max-snippet:-1, max-image-preview:large, max-video-preview:-1" />
<link rel="canonical" href="https://www.auditorium.com/it/event/processo-per-omicidio-1606/" />
<meta property="og:locale" content="it_IT" />
<meta property="og:type" content="article" />
<meta property="og:title" content="Processo per omicidio 1606 | Auditorium Parco della Musica Ennio Morricone" />
<meta property="og:description" content="Fondazione Musica per Roma presenta Dopo aver rivissuto il processo che vide Caravaggio nel 1603 accusato di calunnia, martedì 23 aprile la rassegna Il colore della spada si chiuderà con il processo capitale che condannò a morte, nel 1606, il più grande pittore del nostro barocco. Una sentenza che lo accompagnò fino alla tragica morte [&hellip;]" />
<meta property="og:url" content="https://www.auditorium.com/it/event/processo-per-omicidio-1606/" />
<meta property="og:site_name" content="Auditorium Parco della Musica Ennio Morricone" />
<meta property="article:publisher" content="https://www.facebook.com/AuditoriumParcodellaMusica" />
<meta property="og:image" content="https://www.auditorium.com/wp-content/uploads/2024/09/14658_222_ex_caravaggio.jpg" />
	<meta property="og:image:width" content="1920" />
	<meta property="og:image:height" content="850" />
	<meta property="og:image:type" content="image/jpeg" />
<meta name="twitter:card" content="summary_large_image" />
<meta name="twitter:site" content="@auditoriumpdm" />
<meta name="twitter:label1" content="Tempo di lettura stimato" />
	<meta name="twitter:data1" content="1 minuto" />
<script type="application/ld+json" class="yoast-schema-graph">{"@context":"https://schema.org","@graph":[{"@type":"WebPage","@id":"https://www.auditorium.com/it/event/processo-per-omicidio-1606/","url":"https://www.auditorium.com/it/event/processo-per-omicidio-1606/","name":"Processo per omicidio 1606 | Auditorium Parco della Musica Ennio Morricone","isPartOf":{"@id":"https://www.auditorium.com/it/#website"},"primaryImageOfPage":{"@id":"https://www.auditorium.com/it/event/processo-per-omicidio-1606/#primaryimage"},"image":{"@id":"https://www.auditorium.com/it/event/processo-per-omicidio-1606/#primaryimage"},"thumbnailUrl":"https://www.auditorium.com/wp-content/uploads/2024/09/14658_222_ex_caravaggio.jpg","datePublished":"2017-11-17T17:12:35+00:00","dateModified":"2017-11-17T17:12:35+00:00","breadcrumb":{"@id":"https://www.auditorium.com/it/event/processo-per-omicidio-1606/#breadcrumb"},"inLanguage":"it-IT","potentialAction":[{"@type":"ReadAction","target":["https://www.auditorium.com/it/event/processo-per-omicidio-1606/"]}]},{"@type":"ImageObject","inLanguage":"it-IT","@id":"https://www.auditorium.com/it/event/processo-per-omicidio-1606/#primaryimage","url":"https://www.auditorium.com/wp-content/uploads/2024/09/14658_222_ex_caravaggio.jpg","contentUrl":"https://www.auditorium.com/wp-content/uploads/2024/09/14658_222_ex_caravaggio.jpg","width":1920,"height":850},{"@type":"BreadcrumbList","@id":"https://www.auditorium.com/it/event/processo-per-omicidio-1606/#breadcrumb","itemListElement":[{"@type":"ListItem","position":1,"name":"Home","item":"https://www.auditorium.com/it/"},{"@type":"ListItem","position":2,"name":"Processo per omicidio 1606"}]},{"@type":"WebSite","@id":"https://www.auditorium.com/it/#website","url":"https://www.auditorium.com/it/","name":"Auditorium Parco della Musica Ennio Morricone","description":"Progettato da Renzo Piano, l&#039;Auditorium rappresenta una sofisticata architettura musicale e uno straordinario intervento di riqualificazione urbana.","publisher":{"@id":"https://www.auditorium.com/it/#organization"},"potentialAction":[{"@type":"SearchAction","target":{"@type":"EntryPoint","urlTemplate":"https://www.auditorium.com/it/?s={search_term_string}"},"query-input":"required name=search_term_string"}],"inLanguage":"it-IT"},{"@type":"Organization","@id":"https://www.auditorium.com/it/#organization","name":"Auditorium Parco della Musica Ennio Morricone","url":"https://www.auditorium.com/it/","logo":{"@type":"ImageObject","inLanguage":"it-IT","@id":"https://www.auditorium.com/it/#/schema/logo/image/","url":"https://www.auditorium.com/wp-content/uploads/2022/12/logo-auditorium.svg","contentUrl":"https://www.auditorium.com/wp-content/uploads/2022/12/logo-auditorium.svg","width":86,"height":79,"caption":"Auditorium Parco della Musica Ennio Morricone"},"image":{"@id":"https://www.auditorium.com/it/#/schema/logo/image/"},"sameAs":["https://www.facebook.com/AuditoriumParcodellaMusica","https://x.com/auditoriumpdm","https://www.instagram.com/auditoriumparcodellamusica/"]}]}</script>
<!-- / Yoast SEO plugin. -->
