{"id":23412,"date":"2017-11-17T17:46:13","date_gmt":"2017-11-17T16:46:13","guid":{"rendered":"https:\/\/www.auditorium.com\/event\/kaki-king\/"},"modified":"2017-11-17T17:46:13","modified_gmt":"2017-11-17T16:46:13","slug":"kaki-king","status":"publish","type":"event","link":"https:\/\/www.auditorium.com\/it\/event\/kaki-king\/","title":{"rendered":"Kaki King"},"content":{"rendered":"<p>Fondazione Musica per Roma  presenta <\/p>\n<p>  La rassegna dedicata alla chitarra presenta una delle pi\u00f9 sorprendenti chitarriste\/compositrici degli ultimi dieci anni, Kaki King. La sua musica \u00e8 tanto contraddittoria e movimentata quanto lo \u00e8 la stessa citt\u00e0 di New York, dove si trasfer\u00ec dalla nativa Atlanta. Il suo personalissimo stile percussivo alla chitarra, la sua originalit\u00e0 e spontaneit\u00e0 l\u2019hanno portata dalle esibizioni nella metropolitana di New York ad aprire i concerti di rinomate star internazionali come Marianne Faithfull e David Byrne. Nel 2003 pubblica il suo primo album \u201cEverybody Loves You\u201d che attira l&#8217;attenzione dei critici che la definiscono una delle artiste pi\u00f9 interessanti degli ultimi anni. Nel 2007 appare nel film \u201cLa musica nel cuore\u201d e collabora alle musiche di \u201cInto the Wild\u201d di Sean Penn, con i brani \u201cFrame\u201d e \u201cDoing the Wrong Thing\u201d che fanno parte del suo secondo album \u201cLegs to Make Us Longer\u201d seguito da \u201cDreaming of Revenge\u201d del 2008. Kaki King ha da poco terminato la lavorazione di \u201cMexican Teenagers\u201d, il quarto disco della sua carriera.<\/p>\n","protected":false},"excerpt":{"rendered":"Fondazione Musica per Roma presenta La rassegna dedicata alla chitarra presenta una delle pi\u00f9 sorprendenti chitarriste\/compositrici degli ultimi dieci anni, Kaki King. La sua musica \u00e8 tanto contraddittoria e movimentata quanto lo \u00e8 la stessa citt\u00e0 di New York, dove si trasfer\u00ec dalla nativa Atlanta. Il suo personalissimo stile percussivo alla chitarra, la sua originalit\u00e0 [&hellip;]","protected":false},"featured_media":23413,"template":"","meta":{"_acf_changed":false,"inline_featured_image":false},"event_categories":[56],"event_genre":[],"event_themes":[],"event_format":[],"event_consigliati":[],"class_list":["post-23412","event","type-event","status-publish","has-post-thumbnail","hentry","event_categories-musica-classica"],"acf":[],"yoast_head":"<!-- This site is optimized with the Yoast SEO plugin v22.6 - https:\/\/yoast.com\/wordpress\/plugins\/seo\/ -->\n<title>Kaki King | Auditorium Parco della Musica Ennio Morricone<\/title>\n<meta name=\"robots\" content=\"index, follow, max-snippet:-1, max-image-preview:large, max-video-preview:-1\" \/>\n<link rel=\"canonical\" href=\"https:\/\/www.auditorium.com\/it\/event\/kaki-king\/\" \/>\n<meta property=\"og:locale\" content=\"it_IT\" \/>\n<meta property=\"og:type\" content=\"article\" \/>\n<meta property=\"og:title\" content=\"Kaki King | Auditorium Parco della Musica Ennio Morricone\" \/>\n<meta property=\"og:description\" content=\"Fondazione Musica per Roma presenta La rassegna dedicata alla chitarra presenta una delle pi\u00f9 sorprendenti chitarriste\/compositrici degli ultimi dieci anni, Kaki King. La sua musica \u00e8 tanto contraddittoria e movimentata quanto lo \u00e8 la stessa citt\u00e0 di New York, dove si trasfer\u00ec dalla nativa Atlanta. Il suo personalissimo stile percussivo alla chitarra, la sua originalit\u00e0 [&hellip;]\" \/>\n<meta property=\"og:url\" content=\"https:\/\/www.auditorium.com\/it\/event\/kaki-king\/\" \/>\n<meta property=\"og:site_name\" content=\"Auditorium Parco della Musica Ennio Morricone\" \/>\n<meta property=\"article:publisher\" content=\"https:\/\/www.facebook.com\/AuditoriumParcodellaMusica\" \/>\n<meta property=\"og:image\" content=\"https:\/\/www.auditorium.com\/wp-content\/uploads\/2024\/09\/13388_222_mu_kakiking.jpg\" \/>\n\t<meta property=\"og:image:width\" content=\"1920\" \/>\n\t<meta property=\"og:image:height\" content=\"850\" \/>\n\t<meta property=\"og:image:type\" content=\"image\/jpeg\" \/>\n<meta name=\"twitter:card\" content=\"summary_large_image\" \/>\n<meta name=\"twitter:site\" content=\"@auditoriumpdm\" \/>\n<meta name=\"twitter:label1\" content=\"Tempo di lettura stimato\" \/>\n\t<meta name=\"twitter:data1\" content=\"1 minuto\" \/>\n<script type=\"application\/ld+json\" class=\"yoast-schema-graph\">{\"@context\":\"https:\/\/schema.org\",\"@graph\":[{\"@type\":\"WebPage\",\"@id\":\"https:\/\/www.auditorium.com\/it\/event\/kaki-king\/\",\"url\":\"https:\/\/www.auditorium.com\/it\/event\/kaki-king\/\",\"name\":\"Kaki King | Auditorium Parco della Musica Ennio Morricone\",\"isPartOf\":{\"@id\":\"https:\/\/www.auditorium.com\/it\/#website\"},\"primaryImageOfPage\":{\"@id\":\"https:\/\/www.auditorium.com\/it\/event\/kaki-king\/#primaryimage\"},\"image\":{\"@id\":\"https:\/\/www.auditorium.com\/it\/event\/kaki-king\/#primaryimage\"},\"thumbnailUrl\":\"https:\/\/www.auditorium.com\/wp-content\/uploads\/2024\/09\/13388_222_mu_kakiking.jpg\",\"datePublished\":\"2017-11-17T16:46:13+00:00\",\"dateModified\":\"2017-11-17T16:46:13+00:00\",\"breadcrumb\":{\"@id\":\"https:\/\/www.auditorium.com\/it\/event\/kaki-king\/#breadcrumb\"},\"inLanguage\":\"it-IT\",\"potentialAction\":[{\"@type\":\"ReadAction\",\"target\":[\"https:\/\/www.auditorium.com\/it\/event\/kaki-king\/\"]}]},{\"@type\":\"ImageObject\",\"inLanguage\":\"it-IT\",\"@id\":\"https:\/\/www.auditorium.com\/it\/event\/kaki-king\/#primaryimage\",\"url\":\"https:\/\/www.auditorium.com\/wp-content\/uploads\/2024\/09\/13388_222_mu_kakiking.jpg\",\"contentUrl\":\"https:\/\/www.auditorium.com\/wp-content\/uploads\/2024\/09\/13388_222_mu_kakiking.jpg\",\"width\":1920,\"height\":850},{\"@type\":\"BreadcrumbList\",\"@id\":\"https:\/\/www.auditorium.com\/it\/event\/kaki-king\/#breadcrumb\",\"itemListElement\":[{\"@type\":\"ListItem\",\"position\":1,\"name\":\"Home\",\"item\":\"https:\/\/www.auditorium.com\/it\/\"},{\"@type\":\"ListItem\",\"position\":2,\"name\":\"Kaki King\"}]},{\"@type\":\"WebSite\",\"@id\":\"https:\/\/www.auditorium.com\/it\/#website\",\"url\":\"https:\/\/www.auditorium.com\/it\/\",\"name\":\"Auditorium Parco della Musica Ennio Morricone\",\"description\":\"Progettato da Renzo Piano, l&#039;Auditorium rappresenta una sofisticata architettura musicale e uno straordinario intervento di riqualificazione urbana.\",\"publisher\":{\"@id\":\"https:\/\/www.auditorium.com\/it\/#organization\"},\"potentialAction\":[{\"@type\":\"SearchAction\",\"target\":{\"@type\":\"EntryPoint\",\"urlTemplate\":\"https:\/\/www.auditorium.com\/it\/?s={search_term_string}\"},\"query-input\":\"required name=search_term_string\"}],\"inLanguage\":\"it-IT\"},{\"@type\":\"Organization\",\"@id\":\"https:\/\/www.auditorium.com\/it\/#organization\",\"name\":\"Auditorium Parco della Musica Ennio Morricone\",\"url\":\"https:\/\/www.auditorium.com\/it\/\",\"logo\":{\"@type\":\"ImageObject\",\"inLanguage\":\"it-IT\",\"@id\":\"https:\/\/www.auditorium.com\/it\/#\/schema\/logo\/image\/\",\"url\":\"https:\/\/www.auditorium.com\/wp-content\/uploads\/2022\/12\/logo-auditorium.svg\",\"contentUrl\":\"https:\/\/www.auditorium.com\/wp-content\/uploads\/2022\/12\/logo-auditorium.svg\",\"width\":86,\"height\":79,\"caption\":\"Auditorium Parco della Musica Ennio Morricone\"},\"image\":{\"@id\":\"https:\/\/www.auditorium.com\/it\/#\/schema\/logo\/image\/\"},\"sameAs\":[\"https:\/\/www.facebook.com\/AuditoriumParcodellaMusica\",\"https:\/\/x.com\/auditoriumpdm\",\"https:\/\/www.instagram.com\/auditoriumparcodellamusica\/\"]}]}<\/script>\n<!-- \/ Yoast SEO plugin. -->","yoast_head_json":{"title":"Kaki King | Auditorium Parco della Musica Ennio Morricone","robots":{"index":"index","follow":"follow","max-snippet":"max-snippet:-1","max-image-preview":"max-image-preview:large","max-video-preview":"max-video-preview:-1"},"canonical":"https:\/\/www.auditorium.com\/it\/event\/kaki-king\/","og_locale":"it_IT","og_type":"article","og_title":"Kaki King | Auditorium Parco della Musica Ennio Morricone","og_description":"Fondazione Musica per Roma presenta La rassegna dedicata alla chitarra presenta una delle pi\u00f9 sorprendenti chitarriste\/compositrici degli ultimi dieci anni, Kaki King. La sua musica \u00e8 tanto contraddittoria e movimentata quanto lo \u00e8 la stessa citt\u00e0 di New York, dove si trasfer\u00ec dalla nativa Atlanta. Il suo personalissimo stile percussivo alla chitarra, la sua originalit\u00e0 [&hellip;]","og_url":"https:\/\/www.auditorium.com\/it\/event\/kaki-king\/","og_site_name":"Auditorium Parco della Musica Ennio Morricone","article_publisher":"https:\/\/www.facebook.com\/AuditoriumParcodellaMusica","og_image":[{"width":1920,"height":850,"url":"https:\/\/www.auditorium.com\/wp-content\/uploads\/2024\/09\/13388_222_mu_kakiking.jpg","type":"image\/jpeg"}],"twitter_card":"summary_large_image","twitter_site":"@auditoriumpdm","twitter_misc":{"Tempo di lettura stimato":"1 minuto"},"schema":{"@context":"https:\/\/schema.org","@graph":[{"@type":"WebPage","@id":"https:\/\/www.auditorium.com\/it\/event\/kaki-king\/","url":"https:\/\/www.auditorium.com\/it\/event\/kaki-king\/","name":"Kaki King | Auditorium Parco della Musica Ennio Morricone","isPartOf":{"@id":"https:\/\/www.auditorium.com\/it\/#website"},"primaryImageOfPage":{"@id":"https:\/\/www.auditorium.com\/it\/event\/kaki-king\/#primaryimage"},"image":{"@id":"https:\/\/www.auditorium.com\/it\/event\/kaki-king\/#primaryimage"},"thumbnailUrl":"https:\/\/www.auditorium.com\/wp-content\/uploads\/2024\/09\/13388_222_mu_kakiking.jpg","datePublished":"2017-11-17T16:46:13+00:00","dateModified":"2017-11-17T16:46:13+00:00","breadcrumb":{"@id":"https:\/\/www.auditorium.com\/it\/event\/kaki-king\/#breadcrumb"},"inLanguage":"it-IT","potentialAction":[{"@type":"ReadAction","target":["https:\/\/www.auditorium.com\/it\/event\/kaki-king\/"]}]},{"@type":"ImageObject","inLanguage":"it-IT","@id":"https:\/\/www.auditorium.com\/it\/event\/kaki-king\/#primaryimage","url":"https:\/\/www.auditorium.com\/wp-content\/uploads\/2024\/09\/13388_222_mu_kakiking.jpg","contentUrl":"https:\/\/www.auditorium.com\/wp-content\/uploads\/2024\/09\/13388_222_mu_kakiking.jpg","width":1920,"height":850},{"@type":"BreadcrumbList","@id":"https:\/\/www.auditorium.com\/it\/event\/kaki-king\/#breadcrumb","itemListElement":[{"@type":"ListItem","position":1,"name":"Home","item":"https:\/\/www.auditorium.com\/it\/"},{"@type":"ListItem","position":2,"name":"Kaki King"}]},{"@type":"WebSite","@id":"https:\/\/www.auditorium.com\/it\/#website","url":"https:\/\/www.auditorium.com\/it\/","name":"Auditorium Parco della Musica Ennio Morricone","description":"Progettato da Renzo Piano, l&#039;Auditorium rappresenta una sofisticata architettura musicale e uno straordinario intervento di riqualificazione urbana.","publisher":{"@id":"https:\/\/www.auditorium.com\/it\/#organization"},"potentialAction":[{"@type":"SearchAction","target":{"@type":"EntryPoint","urlTemplate":"https:\/\/www.auditorium.com\/it\/?s={search_term_string}"},"query-input":"required name=search_term_string"}],"inLanguage":"it-IT"},{"@type":"Organization","@id":"https:\/\/www.auditorium.com\/it\/#organization","name":"Auditorium Parco della Musica Ennio Morricone","url":"https:\/\/www.auditorium.com\/it\/","logo":{"@type":"ImageObject","inLanguage":"it-IT","@id":"https:\/\/www.auditorium.com\/it\/#\/schema\/logo\/image\/","url":"https:\/\/www.auditorium.com\/wp-content\/uploads\/2022\/12\/logo-auditorium.svg","contentUrl":"https:\/\/www.auditorium.com\/wp-content\/uploads\/2022\/12\/logo-auditorium.svg","width":86,"height":79,"caption":"Auditorium Parco della Musica Ennio Morricone"},"image":{"@id":"https:\/\/www.auditorium.com\/it\/#\/schema\/logo\/image\/"},"sameAs":["https:\/\/www.facebook.com\/AuditoriumParcodellaMusica","https:\/\/x.com\/auditoriumpdm","https:\/\/www.instagram.com\/auditoriumparcodellamusica\/"]}]}},"_links":{"self":[{"href":"https:\/\/www.auditorium.com\/it\/wp-json\/wp\/v2\/event\/23412","targetHints":{"allow":["GET"]}}],"collection":[{"href":"https:\/\/www.auditorium.com\/it\/wp-json\/wp\/v2\/event"}],"about":[{"href":"https:\/\/www.auditorium.com\/it\/wp-json\/wp\/v2\/types\/event"}],"wp:featuredmedia":[{"embeddable":true,"href":"https:\/\/www.auditorium.com\/it\/wp-json\/wp\/v2\/media\/23413"}],"wp:attachment":[{"href":"https:\/\/www.auditorium.com\/it\/wp-json\/wp\/v2\/media?parent=23412"}],"wp:term":[{"taxonomy":"event_categories","embeddable":true,"href":"https:\/\/www.auditorium.com\/it\/wp-json\/wp\/v2\/event_categories?post=23412"},{"taxonomy":"event_genre","embeddable":true,"href":"https:\/\/www.auditorium.com\/it\/wp-json\/wp\/v2\/event_genre?post=23412"},{"taxonomy":"event_themes","embeddable":true,"href":"https:\/\/www.auditorium.com\/it\/wp-json\/wp\/v2\/event_themes?post=23412"},{"taxonomy":"event_format","embeddable":true,"href":"https:\/\/www.auditorium.com\/it\/wp-json\/wp\/v2\/event_format?post=23412"},{"taxonomy":"event_consigliati","embeddable":true,"href":"https:\/\/www.auditorium.com\/it\/wp-json\/wp\/v2\/event_consigliati?post=23412"}],"curies":[{"name":"wp","href":"https:\/\/api.w.org\/{rel}","templated":true}]}}

<p>Fondazione Musica per Roma  presenta </p>
<p>  La rassegna dedicata alla chitarra presenta una delle più sorprendenti chitarriste/compositrici degli ultimi dieci anni, Kaki King. La sua musica è tanto contraddittoria e movimentata quanto lo è la stessa città di New York, dove si trasferì dalla nativa Atlanta. Il suo personalissimo stile percussivo alla chitarra, la sua originalità e spontaneità l’hanno portata dalle esibizioni nella metropolitana di New York ad aprire i concerti di rinomate star internazionali come Marianne Faithfull e David Byrne. Nel 2003 pubblica il suo primo album “Everybody Loves You” che attira l&#8217;attenzione dei critici che la definiscono una delle artiste più interessanti degli ultimi anni. Nel 2007 appare nel film “La musica nel cuore” e collabora alle musiche di “Into the Wild” di Sean Penn, con i brani “Frame” e “Doing the Wrong Thing” che fanno parte del suo secondo album “Legs to Make Us Longer” seguito da “Dreaming of Revenge” del 2008. Kaki King ha da poco terminato la lavorazione di “Mexican Teenagers”, il quarto disco della sua carriera.</p>

Fondazione Musica per Roma presenta La rassegna dedicata alla chitarra presenta una delle più sorprendenti chitarriste/compositrici degli ultimi dieci anni, Kaki King. La sua musica è tanto contraddittoria e movimentata quanto lo è la stessa città di New York, dove si trasferì dalla nativa Atlanta. Il suo personalissimo stile percussivo alla chitarra, la sua originalità [&hellip;]

<!-- This site is optimized with the Yoast SEO plugin v22.6 - https://yoast.com/wordpress/plugins/seo/ -->
<title>Kaki King | Auditorium Parco della Musica Ennio Morricone</title>
<meta name="robots" content="index, follow, max-snippet:-1, max-image-preview:large, max-video-preview:-1" />
<link rel="canonical" href="https://www.auditorium.com/it/event/kaki-king/" />
<meta property="og:locale" content="it_IT" />
<meta property="og:type" content="article" />
<meta property="og:title" content="Kaki King | Auditorium Parco della Musica Ennio Morricone" />
<meta property="og:description" content="Fondazione Musica per Roma presenta La rassegna dedicata alla chitarra presenta una delle più sorprendenti chitarriste/compositrici degli ultimi dieci anni, Kaki King. La sua musica è tanto contraddittoria e movimentata quanto lo è la stessa città di New York, dove si trasferì dalla nativa Atlanta. Il suo personalissimo stile percussivo alla chitarra, la sua originalità [&hellip;]" />
<meta property="og:url" content="https://www.auditorium.com/it/event/kaki-king/" />
<meta property="og:site_name" content="Auditorium Parco della Musica Ennio Morricone" />
<meta property="article:publisher" content="https://www.facebook.com/AuditoriumParcodellaMusica" />
<meta property="og:image" content="https://www.auditorium.com/wp-content/uploads/2024/09/13388_222_mu_kakiking.jpg" />
	<meta property="og:image:width" content="1920" />
	<meta property="og:image:height" content="850" />
	<meta property="og:image:type" content="image/jpeg" />
<meta name="twitter:card" content="summary_large_image" />
<meta name="twitter:site" content="@auditoriumpdm" />
<meta name="twitter:label1" content="Tempo di lettura stimato" />
	<meta name="twitter:data1" content="1 minuto" />
<script type="application/ld+json" class="yoast-schema-graph">{"@context":"https://schema.org","@graph":[{"@type":"WebPage","@id":"https://www.auditorium.com/it/event/kaki-king/","url":"https://www.auditorium.com/it/event/kaki-king/","name":"Kaki King | Auditorium Parco della Musica Ennio Morricone","isPartOf":{"@id":"https://www.auditorium.com/it/#website"},"primaryImageOfPage":{"@id":"https://www.auditorium.com/it/event/kaki-king/#primaryimage"},"image":{"@id":"https://www.auditorium.com/it/event/kaki-king/#primaryimage"},"thumbnailUrl":"https://www.auditorium.com/wp-content/uploads/2024/09/13388_222_mu_kakiking.jpg","datePublished":"2017-11-17T16:46:13+00:00","dateModified":"2017-11-17T16:46:13+00:00","breadcrumb":{"@id":"https://www.auditorium.com/it/event/kaki-king/#breadcrumb"},"inLanguage":"it-IT","potentialAction":[{"@type":"ReadAction","target":["https://www.auditorium.com/it/event/kaki-king/"]}]},{"@type":"ImageObject","inLanguage":"it-IT","@id":"https://www.auditorium.com/it/event/kaki-king/#primaryimage","url":"https://www.auditorium.com/wp-content/uploads/2024/09/13388_222_mu_kakiking.jpg","contentUrl":"https://www.auditorium.com/wp-content/uploads/2024/09/13388_222_mu_kakiking.jpg","width":1920,"height":850},{"@type":"BreadcrumbList","@id":"https://www.auditorium.com/it/event/kaki-king/#breadcrumb","itemListElement":[{"@type":"ListItem","position":1,"name":"Home","item":"https://www.auditorium.com/it/"},{"@type":"ListItem","position":2,"name":"Kaki King"}]},{"@type":"WebSite","@id":"https://www.auditorium.com/it/#website","url":"https://www.auditorium.com/it/","name":"Auditorium Parco della Musica Ennio Morricone","description":"Progettato da Renzo Piano, l&#039;Auditorium rappresenta una sofisticata architettura musicale e uno straordinario intervento di riqualificazione urbana.","publisher":{"@id":"https://www.auditorium.com/it/#organization"},"potentialAction":[{"@type":"SearchAction","target":{"@type":"EntryPoint","urlTemplate":"https://www.auditorium.com/it/?s={search_term_string}"},"query-input":"required name=search_term_string"}],"inLanguage":"it-IT"},{"@type":"Organization","@id":"https://www.auditorium.com/it/#organization","name":"Auditorium Parco della Musica Ennio Morricone","url":"https://www.auditorium.com/it/","logo":{"@type":"ImageObject","inLanguage":"it-IT","@id":"https://www.auditorium.com/it/#/schema/logo/image/","url":"https://www.auditorium.com/wp-content/uploads/2022/12/logo-auditorium.svg","contentUrl":"https://www.auditorium.com/wp-content/uploads/2022/12/logo-auditorium.svg","width":86,"height":79,"caption":"Auditorium Parco della Musica Ennio Morricone"},"image":{"@id":"https://www.auditorium.com/it/#/schema/logo/image/"},"sameAs":["https://www.facebook.com/AuditoriumParcodellaMusica","https://x.com/auditoriumpdm","https://www.instagram.com/auditoriumparcodellamusica/"]}]}</script>
<!-- / Yoast SEO plugin. -->
