{"id":22662,"date":"2017-11-17T17:37:57","date_gmt":"2017-11-17T16:37:57","guid":{"rendered":"https:\/\/www.auditorium.com\/event\/wayne-shorter-quartet-3\/"},"modified":"2017-11-17T17:37:57","modified_gmt":"2017-11-17T16:37:57","slug":"wayne-shorter-quartet-3","status":"publish","type":"event","link":"https:\/\/www.auditorium.com\/it\/event\/wayne-shorter-quartet-3\/","title":{"rendered":"Wayne Shorter Quartet"},"content":{"rendered":"<p>Fondazione Musica per Roma presenta <\/p>\n<p>  Wayne Shorter torna all\u2019Auditorium Parco della Musica con il suo celebre quartetto, composto da musicisti di eccezionale caratura, ognuno dei quali \u00e8 un leader in proprio. Spicca, infatti, la presenza di un giovane ma ormai maturo e affermato interprete come il pianista Danilo Perez, nonch\u00e9 quella di uno fra i grandi virtuosi del contrabbasso contemporaneo, John Patitucci, e quella di un batterista straordinario quanto originalissimo come Brian Blade. Il gruppo fornisce a Shorter un sostegno di eccezionale finezza e profondit\u00e0. Artista nel pieno di una straordinaria maturit\u00e0, strumentista eccelso, fra i pi\u00f9 grandi compositori nella storia della musica improvvisata, Shorter rappresenta oggi una fra le pi\u00f9 importanti personalit\u00e0 musicali dei nostri tempi. La sorprendente chimica del quartetto di Shorter \u00e8 documentata dal disco Footprints Live! del 2002, dall\u2019ambizioso album Alegria (il primo album in studio dopo dieci anni da High Life) che ha ottenuto un Grammy Award nel 2004 come migliore disco strumentale jazz e dal disco Beyond the sound barrier del 2005.<\/p>\n","protected":false},"excerpt":{"rendered":"Fondazione Musica per Roma presenta Wayne Shorter torna all\u2019Auditorium Parco della Musica con il suo celebre quartetto, composto da musicisti di eccezionale caratura, ognuno dei quali \u00e8 un leader in proprio. Spicca, infatti, la presenza di un giovane ma ormai maturo e affermato interprete come il pianista Danilo Perez, nonch\u00e9 quella di uno fra i [&hellip;]","protected":false},"featured_media":22663,"template":"","meta":{"_acf_changed":false,"inline_featured_image":false},"event_categories":[4],"event_genre":[],"event_themes":[],"event_format":[],"event_consigliati":[],"class_list":["post-22662","event","type-event","status-publish","has-post-thumbnail","hentry","event_categories-musica"],"acf":[],"yoast_head":"<!-- This site is optimized with the Yoast SEO plugin v22.6 - https:\/\/yoast.com\/wordpress\/plugins\/seo\/ -->\n<title>Wayne Shorter Quartet | Auditorium Parco della Musica Ennio Morricone<\/title>\n<meta name=\"robots\" content=\"index, follow, max-snippet:-1, max-image-preview:large, max-video-preview:-1\" \/>\n<link rel=\"canonical\" href=\"https:\/\/www.auditorium.com\/it\/event\/wayne-shorter-quartet-3\/\" \/>\n<meta property=\"og:locale\" content=\"it_IT\" \/>\n<meta property=\"og:type\" content=\"article\" \/>\n<meta property=\"og:title\" content=\"Wayne Shorter Quartet | Auditorium Parco della Musica Ennio Morricone\" \/>\n<meta property=\"og:description\" content=\"Fondazione Musica per Roma presenta Wayne Shorter torna all\u2019Auditorium Parco della Musica con il suo celebre quartetto, composto da musicisti di eccezionale caratura, ognuno dei quali \u00e8 un leader in proprio. Spicca, infatti, la presenza di un giovane ma ormai maturo e affermato interprete come il pianista Danilo Perez, nonch\u00e9 quella di uno fra i [&hellip;]\" \/>\n<meta property=\"og:url\" content=\"https:\/\/www.auditorium.com\/it\/event\/wayne-shorter-quartet-3\/\" \/>\n<meta property=\"og:site_name\" content=\"Auditorium Parco della Musica Ennio Morricone\" \/>\n<meta property=\"article:publisher\" content=\"https:\/\/www.facebook.com\/AuditoriumParcodellaMusica\" \/>\n<meta property=\"og:image\" content=\"https:\/\/www.auditorium.com\/wp-content\/uploads\/2024\/09\/12997_222_mu_wayne_0309.jpg\" \/>\n\t<meta property=\"og:image:width\" content=\"1920\" \/>\n\t<meta property=\"og:image:height\" content=\"850\" \/>\n\t<meta property=\"og:image:type\" content=\"image\/jpeg\" \/>\n<meta name=\"twitter:card\" content=\"summary_large_image\" \/>\n<meta name=\"twitter:site\" content=\"@auditoriumpdm\" \/>\n<meta name=\"twitter:label1\" content=\"Tempo di lettura stimato\" \/>\n\t<meta name=\"twitter:data1\" content=\"1 minuto\" \/>\n<script type=\"application\/ld+json\" class=\"yoast-schema-graph\">{\"@context\":\"https:\/\/schema.org\",\"@graph\":[{\"@type\":\"WebPage\",\"@id\":\"https:\/\/www.auditorium.com\/it\/event\/wayne-shorter-quartet-3\/\",\"url\":\"https:\/\/www.auditorium.com\/it\/event\/wayne-shorter-quartet-3\/\",\"name\":\"Wayne Shorter Quartet | Auditorium Parco della Musica Ennio Morricone\",\"isPartOf\":{\"@id\":\"https:\/\/www.auditorium.com\/it\/#website\"},\"primaryImageOfPage\":{\"@id\":\"https:\/\/www.auditorium.com\/it\/event\/wayne-shorter-quartet-3\/#primaryimage\"},\"image\":{\"@id\":\"https:\/\/www.auditorium.com\/it\/event\/wayne-shorter-quartet-3\/#primaryimage\"},\"thumbnailUrl\":\"https:\/\/www.auditorium.com\/wp-content\/uploads\/2024\/09\/12997_222_mu_wayne_0309.jpg\",\"datePublished\":\"2017-11-17T16:37:57+00:00\",\"dateModified\":\"2017-11-17T16:37:57+00:00\",\"breadcrumb\":{\"@id\":\"https:\/\/www.auditorium.com\/it\/event\/wayne-shorter-quartet-3\/#breadcrumb\"},\"inLanguage\":\"it-IT\",\"potentialAction\":[{\"@type\":\"ReadAction\",\"target\":[\"https:\/\/www.auditorium.com\/it\/event\/wayne-shorter-quartet-3\/\"]}]},{\"@type\":\"ImageObject\",\"inLanguage\":\"it-IT\",\"@id\":\"https:\/\/www.auditorium.com\/it\/event\/wayne-shorter-quartet-3\/#primaryimage\",\"url\":\"https:\/\/www.auditorium.com\/wp-content\/uploads\/2024\/09\/12997_222_mu_wayne_0309.jpg\",\"contentUrl\":\"https:\/\/www.auditorium.com\/wp-content\/uploads\/2024\/09\/12997_222_mu_wayne_0309.jpg\",\"width\":1920,\"height\":850},{\"@type\":\"BreadcrumbList\",\"@id\":\"https:\/\/www.auditorium.com\/it\/event\/wayne-shorter-quartet-3\/#breadcrumb\",\"itemListElement\":[{\"@type\":\"ListItem\",\"position\":1,\"name\":\"Home\",\"item\":\"https:\/\/www.auditorium.com\/it\/\"},{\"@type\":\"ListItem\",\"position\":2,\"name\":\"Wayne Shorter Quartet\"}]},{\"@type\":\"WebSite\",\"@id\":\"https:\/\/www.auditorium.com\/it\/#website\",\"url\":\"https:\/\/www.auditorium.com\/it\/\",\"name\":\"Auditorium Parco della Musica Ennio Morricone\",\"description\":\"Progettato da Renzo Piano, l&#039;Auditorium rappresenta una sofisticata architettura musicale e uno straordinario intervento di riqualificazione urbana.\",\"publisher\":{\"@id\":\"https:\/\/www.auditorium.com\/it\/#organization\"},\"potentialAction\":[{\"@type\":\"SearchAction\",\"target\":{\"@type\":\"EntryPoint\",\"urlTemplate\":\"https:\/\/www.auditorium.com\/it\/?s={search_term_string}\"},\"query-input\":\"required name=search_term_string\"}],\"inLanguage\":\"it-IT\"},{\"@type\":\"Organization\",\"@id\":\"https:\/\/www.auditorium.com\/it\/#organization\",\"name\":\"Auditorium Parco della Musica Ennio Morricone\",\"url\":\"https:\/\/www.auditorium.com\/it\/\",\"logo\":{\"@type\":\"ImageObject\",\"inLanguage\":\"it-IT\",\"@id\":\"https:\/\/www.auditorium.com\/it\/#\/schema\/logo\/image\/\",\"url\":\"https:\/\/www.auditorium.com\/wp-content\/uploads\/2022\/12\/logo-auditorium.svg\",\"contentUrl\":\"https:\/\/www.auditorium.com\/wp-content\/uploads\/2022\/12\/logo-auditorium.svg\",\"width\":86,\"height\":79,\"caption\":\"Auditorium Parco della Musica Ennio Morricone\"},\"image\":{\"@id\":\"https:\/\/www.auditorium.com\/it\/#\/schema\/logo\/image\/\"},\"sameAs\":[\"https:\/\/www.facebook.com\/AuditoriumParcodellaMusica\",\"https:\/\/x.com\/auditoriumpdm\",\"https:\/\/www.instagram.com\/auditoriumparcodellamusica\/\"]}]}<\/script>\n<!-- \/ Yoast SEO plugin. -->","yoast_head_json":{"title":"Wayne Shorter Quartet | Auditorium Parco della Musica Ennio Morricone","robots":{"index":"index","follow":"follow","max-snippet":"max-snippet:-1","max-image-preview":"max-image-preview:large","max-video-preview":"max-video-preview:-1"},"canonical":"https:\/\/www.auditorium.com\/it\/event\/wayne-shorter-quartet-3\/","og_locale":"it_IT","og_type":"article","og_title":"Wayne Shorter Quartet | Auditorium Parco della Musica Ennio Morricone","og_description":"Fondazione Musica per Roma presenta Wayne Shorter torna all\u2019Auditorium Parco della Musica con il suo celebre quartetto, composto da musicisti di eccezionale caratura, ognuno dei quali \u00e8 un leader in proprio. Spicca, infatti, la presenza di un giovane ma ormai maturo e affermato interprete come il pianista Danilo Perez, nonch\u00e9 quella di uno fra i [&hellip;]","og_url":"https:\/\/www.auditorium.com\/it\/event\/wayne-shorter-quartet-3\/","og_site_name":"Auditorium Parco della Musica Ennio Morricone","article_publisher":"https:\/\/www.facebook.com\/AuditoriumParcodellaMusica","og_image":[{"width":1920,"height":850,"url":"https:\/\/www.auditorium.com\/wp-content\/uploads\/2024\/09\/12997_222_mu_wayne_0309.jpg","type":"image\/jpeg"}],"twitter_card":"summary_large_image","twitter_site":"@auditoriumpdm","twitter_misc":{"Tempo di lettura stimato":"1 minuto"},"schema":{"@context":"https:\/\/schema.org","@graph":[{"@type":"WebPage","@id":"https:\/\/www.auditorium.com\/it\/event\/wayne-shorter-quartet-3\/","url":"https:\/\/www.auditorium.com\/it\/event\/wayne-shorter-quartet-3\/","name":"Wayne Shorter Quartet | Auditorium Parco della Musica Ennio Morricone","isPartOf":{"@id":"https:\/\/www.auditorium.com\/it\/#website"},"primaryImageOfPage":{"@id":"https:\/\/www.auditorium.com\/it\/event\/wayne-shorter-quartet-3\/#primaryimage"},"image":{"@id":"https:\/\/www.auditorium.com\/it\/event\/wayne-shorter-quartet-3\/#primaryimage"},"thumbnailUrl":"https:\/\/www.auditorium.com\/wp-content\/uploads\/2024\/09\/12997_222_mu_wayne_0309.jpg","datePublished":"2017-11-17T16:37:57+00:00","dateModified":"2017-11-17T16:37:57+00:00","breadcrumb":{"@id":"https:\/\/www.auditorium.com\/it\/event\/wayne-shorter-quartet-3\/#breadcrumb"},"inLanguage":"it-IT","potentialAction":[{"@type":"ReadAction","target":["https:\/\/www.auditorium.com\/it\/event\/wayne-shorter-quartet-3\/"]}]},{"@type":"ImageObject","inLanguage":"it-IT","@id":"https:\/\/www.auditorium.com\/it\/event\/wayne-shorter-quartet-3\/#primaryimage","url":"https:\/\/www.auditorium.com\/wp-content\/uploads\/2024\/09\/12997_222_mu_wayne_0309.jpg","contentUrl":"https:\/\/www.auditorium.com\/wp-content\/uploads\/2024\/09\/12997_222_mu_wayne_0309.jpg","width":1920,"height":850},{"@type":"BreadcrumbList","@id":"https:\/\/www.auditorium.com\/it\/event\/wayne-shorter-quartet-3\/#breadcrumb","itemListElement":[{"@type":"ListItem","position":1,"name":"Home","item":"https:\/\/www.auditorium.com\/it\/"},{"@type":"ListItem","position":2,"name":"Wayne Shorter Quartet"}]},{"@type":"WebSite","@id":"https:\/\/www.auditorium.com\/it\/#website","url":"https:\/\/www.auditorium.com\/it\/","name":"Auditorium Parco della Musica Ennio Morricone","description":"Progettato da Renzo Piano, l&#039;Auditorium rappresenta una sofisticata architettura musicale e uno straordinario intervento di riqualificazione urbana.","publisher":{"@id":"https:\/\/www.auditorium.com\/it\/#organization"},"potentialAction":[{"@type":"SearchAction","target":{"@type":"EntryPoint","urlTemplate":"https:\/\/www.auditorium.com\/it\/?s={search_term_string}"},"query-input":"required name=search_term_string"}],"inLanguage":"it-IT"},{"@type":"Organization","@id":"https:\/\/www.auditorium.com\/it\/#organization","name":"Auditorium Parco della Musica Ennio Morricone","url":"https:\/\/www.auditorium.com\/it\/","logo":{"@type":"ImageObject","inLanguage":"it-IT","@id":"https:\/\/www.auditorium.com\/it\/#\/schema\/logo\/image\/","url":"https:\/\/www.auditorium.com\/wp-content\/uploads\/2022\/12\/logo-auditorium.svg","contentUrl":"https:\/\/www.auditorium.com\/wp-content\/uploads\/2022\/12\/logo-auditorium.svg","width":86,"height":79,"caption":"Auditorium Parco della Musica Ennio Morricone"},"image":{"@id":"https:\/\/www.auditorium.com\/it\/#\/schema\/logo\/image\/"},"sameAs":["https:\/\/www.facebook.com\/AuditoriumParcodellaMusica","https:\/\/x.com\/auditoriumpdm","https:\/\/www.instagram.com\/auditoriumparcodellamusica\/"]}]}},"_links":{"self":[{"href":"https:\/\/www.auditorium.com\/it\/wp-json\/wp\/v2\/event\/22662","targetHints":{"allow":["GET"]}}],"collection":[{"href":"https:\/\/www.auditorium.com\/it\/wp-json\/wp\/v2\/event"}],"about":[{"href":"https:\/\/www.auditorium.com\/it\/wp-json\/wp\/v2\/types\/event"}],"wp:featuredmedia":[{"embeddable":true,"href":"https:\/\/www.auditorium.com\/it\/wp-json\/wp\/v2\/media\/22663"}],"wp:attachment":[{"href":"https:\/\/www.auditorium.com\/it\/wp-json\/wp\/v2\/media?parent=22662"}],"wp:term":[{"taxonomy":"event_categories","embeddable":true,"href":"https:\/\/www.auditorium.com\/it\/wp-json\/wp\/v2\/event_categories?post=22662"},{"taxonomy":"event_genre","embeddable":true,"href":"https:\/\/www.auditorium.com\/it\/wp-json\/wp\/v2\/event_genre?post=22662"},{"taxonomy":"event_themes","embeddable":true,"href":"https:\/\/www.auditorium.com\/it\/wp-json\/wp\/v2\/event_themes?post=22662"},{"taxonomy":"event_format","embeddable":true,"href":"https:\/\/www.auditorium.com\/it\/wp-json\/wp\/v2\/event_format?post=22662"},{"taxonomy":"event_consigliati","embeddable":true,"href":"https:\/\/www.auditorium.com\/it\/wp-json\/wp\/v2\/event_consigliati?post=22662"}],"curies":[{"name":"wp","href":"https:\/\/api.w.org\/{rel}","templated":true}]}}

<p>Fondazione Musica per Roma presenta </p>
<p>  Wayne Shorter torna all’Auditorium Parco della Musica con il suo celebre quartetto, composto da musicisti di eccezionale caratura, ognuno dei quali è un leader in proprio. Spicca, infatti, la presenza di un giovane ma ormai maturo e affermato interprete come il pianista Danilo Perez, nonché quella di uno fra i grandi virtuosi del contrabbasso contemporaneo, John Patitucci, e quella di un batterista straordinario quanto originalissimo come Brian Blade. Il gruppo fornisce a Shorter un sostegno di eccezionale finezza e profondità. Artista nel pieno di una straordinaria maturità, strumentista eccelso, fra i più grandi compositori nella storia della musica improvvisata, Shorter rappresenta oggi una fra le più importanti personalità musicali dei nostri tempi. La sorprendente chimica del quartetto di Shorter è documentata dal disco Footprints Live! del 2002, dall’ambizioso album Alegria (il primo album in studio dopo dieci anni da High Life) che ha ottenuto un Grammy Award nel 2004 come migliore disco strumentale jazz e dal disco Beyond the sound barrier del 2005.</p>

Fondazione Musica per Roma presenta Wayne Shorter torna all’Auditorium Parco della Musica con il suo celebre quartetto, composto da musicisti di eccezionale caratura, ognuno dei quali è un leader in proprio. Spicca, infatti, la presenza di un giovane ma ormai maturo e affermato interprete come il pianista Danilo Perez, nonché quella di uno fra i [&hellip;]

<!-- This site is optimized with the Yoast SEO plugin v22.6 - https://yoast.com/wordpress/plugins/seo/ -->
<title>Wayne Shorter Quartet | Auditorium Parco della Musica Ennio Morricone</title>
<meta name="robots" content="index, follow, max-snippet:-1, max-image-preview:large, max-video-preview:-1" />
<link rel="canonical" href="https://www.auditorium.com/it/event/wayne-shorter-quartet-3/" />
<meta property="og:locale" content="it_IT" />
<meta property="og:type" content="article" />
<meta property="og:title" content="Wayne Shorter Quartet | Auditorium Parco della Musica Ennio Morricone" />
<meta property="og:description" content="Fondazione Musica per Roma presenta Wayne Shorter torna all’Auditorium Parco della Musica con il suo celebre quartetto, composto da musicisti di eccezionale caratura, ognuno dei quali è un leader in proprio. Spicca, infatti, la presenza di un giovane ma ormai maturo e affermato interprete come il pianista Danilo Perez, nonché quella di uno fra i [&hellip;]" />
<meta property="og:url" content="https://www.auditorium.com/it/event/wayne-shorter-quartet-3/" />
<meta property="og:site_name" content="Auditorium Parco della Musica Ennio Morricone" />
<meta property="article:publisher" content="https://www.facebook.com/AuditoriumParcodellaMusica" />
<meta property="og:image" content="https://www.auditorium.com/wp-content/uploads/2024/09/12997_222_mu_wayne_0309.jpg" />
	<meta property="og:image:width" content="1920" />
	<meta property="og:image:height" content="850" />
	<meta property="og:image:type" content="image/jpeg" />
<meta name="twitter:card" content="summary_large_image" />
<meta name="twitter:site" content="@auditoriumpdm" />
<meta name="twitter:label1" content="Tempo di lettura stimato" />
	<meta name="twitter:data1" content="1 minuto" />
<script type="application/ld+json" class="yoast-schema-graph">{"@context":"https://schema.org","@graph":[{"@type":"WebPage","@id":"https://www.auditorium.com/it/event/wayne-shorter-quartet-3/","url":"https://www.auditorium.com/it/event/wayne-shorter-quartet-3/","name":"Wayne Shorter Quartet | Auditorium Parco della Musica Ennio Morricone","isPartOf":{"@id":"https://www.auditorium.com/it/#website"},"primaryImageOfPage":{"@id":"https://www.auditorium.com/it/event/wayne-shorter-quartet-3/#primaryimage"},"image":{"@id":"https://www.auditorium.com/it/event/wayne-shorter-quartet-3/#primaryimage"},"thumbnailUrl":"https://www.auditorium.com/wp-content/uploads/2024/09/12997_222_mu_wayne_0309.jpg","datePublished":"2017-11-17T16:37:57+00:00","dateModified":"2017-11-17T16:37:57+00:00","breadcrumb":{"@id":"https://www.auditorium.com/it/event/wayne-shorter-quartet-3/#breadcrumb"},"inLanguage":"it-IT","potentialAction":[{"@type":"ReadAction","target":["https://www.auditorium.com/it/event/wayne-shorter-quartet-3/"]}]},{"@type":"ImageObject","inLanguage":"it-IT","@id":"https://www.auditorium.com/it/event/wayne-shorter-quartet-3/#primaryimage","url":"https://www.auditorium.com/wp-content/uploads/2024/09/12997_222_mu_wayne_0309.jpg","contentUrl":"https://www.auditorium.com/wp-content/uploads/2024/09/12997_222_mu_wayne_0309.jpg","width":1920,"height":850},{"@type":"BreadcrumbList","@id":"https://www.auditorium.com/it/event/wayne-shorter-quartet-3/#breadcrumb","itemListElement":[{"@type":"ListItem","position":1,"name":"Home","item":"https://www.auditorium.com/it/"},{"@type":"ListItem","position":2,"name":"Wayne Shorter Quartet"}]},{"@type":"WebSite","@id":"https://www.auditorium.com/it/#website","url":"https://www.auditorium.com/it/","name":"Auditorium Parco della Musica Ennio Morricone","description":"Progettato da Renzo Piano, l&#039;Auditorium rappresenta una sofisticata architettura musicale e uno straordinario intervento di riqualificazione urbana.","publisher":{"@id":"https://www.auditorium.com/it/#organization"},"potentialAction":[{"@type":"SearchAction","target":{"@type":"EntryPoint","urlTemplate":"https://www.auditorium.com/it/?s={search_term_string}"},"query-input":"required name=search_term_string"}],"inLanguage":"it-IT"},{"@type":"Organization","@id":"https://www.auditorium.com/it/#organization","name":"Auditorium Parco della Musica Ennio Morricone","url":"https://www.auditorium.com/it/","logo":{"@type":"ImageObject","inLanguage":"it-IT","@id":"https://www.auditorium.com/it/#/schema/logo/image/","url":"https://www.auditorium.com/wp-content/uploads/2022/12/logo-auditorium.svg","contentUrl":"https://www.auditorium.com/wp-content/uploads/2022/12/logo-auditorium.svg","width":86,"height":79,"caption":"Auditorium Parco della Musica Ennio Morricone"},"image":{"@id":"https://www.auditorium.com/it/#/schema/logo/image/"},"sameAs":["https://www.facebook.com/AuditoriumParcodellaMusica","https://x.com/auditoriumpdm","https://www.instagram.com/auditoriumparcodellamusica/"]}]}</script>
<!-- / Yoast SEO plugin. -->
