{"id":21253,"date":"2017-11-17T17:22:24","date_gmt":"2017-11-17T16:22:24","guid":{"rendered":"https:\/\/www.auditorium.com\/event\/rokia-traore-buika\/"},"modified":"2017-11-17T17:22:24","modified_gmt":"2017-11-17T16:22:24","slug":"rokia-traore-buika","status":"publish","type":"event","link":"https:\/\/www.auditorium.com\/it\/event\/rokia-traore-buika\/","title":{"rendered":"Rokia Traor\u00e8. Buika"},"content":{"rendered":"<p>Fondazione Musica per Roma presenta <\/p>\n<p>  In esclusiva per Luglio Suona Bene 2007, Rokia Traor\u00e9 e Buika, due giovani stelle della world music, si esibiranno insieme sul palco della cavea dell\u2019Auditorium Parco della Musica. Due artiste straordinarie dotate di voci difficilmente classificabili, data la complessit\u00e0 delle influenze, che riescono a suscitare emozioni indimenticabili.<\/p>\n<p>  Rokia Traor\u00e9 \u00e8 nata in una famiglia maliana di cultura ed ha seguito suo padre, che era un diplomatico, viaggiando in differenti parti del mondo, dall\u2019America all\u2019Europa al Medio Oriente. E\u2019 stato cos\u00ec che ha potuto assorbire le differenti culture e tradizioni musicali che ha poi rielaborato. Il gruppo etnico di lingua Bamana al quale la musicista appartiene non impone le stesse rigide restrizioni sul cantare in pubblico praticate da altri, cos\u00ec la giovane Rokia ha iniziato a danzare e ad unirsi a diversi gruppi musicali gi\u00e0 durante la scuola superiore. In seguito \u00e8 apparsa sulla TV del Mali interpretando le sue prime composizioni accompagnandosi da sola alla chitarra. Non prese la decisione di diventare una cantante professionista fino al 1996 all\u2019et\u00e0 di 22 anni. Pochi mesi dopo vinceva il premio internazionale di Radio France come \u00abScoperta africana dell\u2019anno\u00bb. Il suo primo album \u00abMoune\u00efssa\u00bb \u00e8 apparso nel 1998 e il secondo \u00abWanita\u00bb del 2000 \u00e8 gi\u00e0 considerato un capolavoro dell\u2019african music. Il suo terzo album \u00e8 \u201cBowmboi\u201d.<\/p>\n<p>  Dotata di una voce irresistibile, originaria della Guinea ma nata a Palma di Mallorca, Concha Buika comincia a cantare nei club locali prima di trasferirsi a Madrid. Nella sua musica confluiscono soul, flamenco, hip hop, jazz, copla, nella sua voce si incontrano le sue radici africane con la tradizione flamenco. Il suo secondo disco \u201cMi Ni\u00f1a Lola\u201d frutto di una ricerca molto personale e ha ottenuto il premio come miglior album spagnolo del 2007.<\/p>\n","protected":false},"excerpt":{"rendered":"Fondazione Musica per Roma presenta In esclusiva per Luglio Suona Bene 2007, Rokia Traor\u00e9 e Buika, due giovani stelle della world music, si esibiranno insieme sul palco della cavea dell\u2019Auditorium Parco della Musica. Due artiste straordinarie dotate di voci difficilmente classificabili, data la complessit\u00e0 delle influenze, che riescono a suscitare emozioni indimenticabili. Rokia Traor\u00e9 \u00e8 [&hellip;]","protected":false},"featured_media":21254,"template":"","meta":{"_acf_changed":false,"inline_featured_image":false},"event_categories":[56],"event_genre":[],"event_themes":[],"event_format":[],"event_consigliati":[],"class_list":["post-21253","event","type-event","status-publish","has-post-thumbnail","hentry","event_categories-musica-classica"],"acf":[],"yoast_head":"<!-- This site is optimized with the Yoast SEO plugin v22.6 - https:\/\/yoast.com\/wordpress\/plugins\/seo\/ -->\n<title>Rokia Traor\u00e8. Buika | Auditorium Parco della Musica Ennio Morricone<\/title>\n<meta name=\"robots\" content=\"index, follow, max-snippet:-1, max-image-preview:large, max-video-preview:-1\" \/>\n<link rel=\"canonical\" href=\"https:\/\/www.auditorium.com\/it\/event\/rokia-traore-buika\/\" \/>\n<meta property=\"og:locale\" content=\"it_IT\" \/>\n<meta property=\"og:type\" content=\"article\" \/>\n<meta property=\"og:title\" content=\"Rokia Traor\u00e8. Buika | Auditorium Parco della Musica Ennio Morricone\" \/>\n<meta property=\"og:description\" content=\"Fondazione Musica per Roma presenta In esclusiva per Luglio Suona Bene 2007, Rokia Traor\u00e9 e Buika, due giovani stelle della world music, si esibiranno insieme sul palco della cavea dell\u2019Auditorium Parco della Musica. Due artiste straordinarie dotate di voci difficilmente classificabili, data la complessit\u00e0 delle influenze, che riescono a suscitare emozioni indimenticabili. Rokia Traor\u00e9 \u00e8 [&hellip;]\" \/>\n<meta property=\"og:url\" content=\"https:\/\/www.auditorium.com\/it\/event\/rokia-traore-buika\/\" \/>\n<meta property=\"og:site_name\" content=\"Auditorium Parco della Musica Ennio Morricone\" \/>\n<meta property=\"article:publisher\" content=\"https:\/\/www.facebook.com\/AuditoriumParcodellaMusica\" \/>\n<meta property=\"og:image\" content=\"https:\/\/www.auditorium.com\/wp-content\/uploads\/2024\/09\/12323_traorebuika.jpg\" \/>\n\t<meta property=\"og:image:width\" content=\"1920\" \/>\n\t<meta property=\"og:image:height\" content=\"850\" \/>\n\t<meta property=\"og:image:type\" content=\"image\/jpeg\" \/>\n<meta name=\"twitter:card\" content=\"summary_large_image\" \/>\n<meta name=\"twitter:site\" content=\"@auditoriumpdm\" \/>\n<meta name=\"twitter:label1\" content=\"Tempo di lettura stimato\" \/>\n\t<meta name=\"twitter:data1\" content=\"1 minuto\" \/>\n<script type=\"application\/ld+json\" class=\"yoast-schema-graph\">{\"@context\":\"https:\/\/schema.org\",\"@graph\":[{\"@type\":\"WebPage\",\"@id\":\"https:\/\/www.auditorium.com\/it\/event\/rokia-traore-buika\/\",\"url\":\"https:\/\/www.auditorium.com\/it\/event\/rokia-traore-buika\/\",\"name\":\"Rokia Traor\u00e8. Buika | Auditorium Parco della Musica Ennio Morricone\",\"isPartOf\":{\"@id\":\"https:\/\/www.auditorium.com\/it\/#website\"},\"primaryImageOfPage\":{\"@id\":\"https:\/\/www.auditorium.com\/it\/event\/rokia-traore-buika\/#primaryimage\"},\"image\":{\"@id\":\"https:\/\/www.auditorium.com\/it\/event\/rokia-traore-buika\/#primaryimage\"},\"thumbnailUrl\":\"https:\/\/www.auditorium.com\/wp-content\/uploads\/2024\/09\/12323_traorebuika.jpg\",\"datePublished\":\"2017-11-17T16:22:24+00:00\",\"dateModified\":\"2017-11-17T16:22:24+00:00\",\"breadcrumb\":{\"@id\":\"https:\/\/www.auditorium.com\/it\/event\/rokia-traore-buika\/#breadcrumb\"},\"inLanguage\":\"it-IT\",\"potentialAction\":[{\"@type\":\"ReadAction\",\"target\":[\"https:\/\/www.auditorium.com\/it\/event\/rokia-traore-buika\/\"]}]},{\"@type\":\"ImageObject\",\"inLanguage\":\"it-IT\",\"@id\":\"https:\/\/www.auditorium.com\/it\/event\/rokia-traore-buika\/#primaryimage\",\"url\":\"https:\/\/www.auditorium.com\/wp-content\/uploads\/2024\/09\/12323_traorebuika.jpg\",\"contentUrl\":\"https:\/\/www.auditorium.com\/wp-content\/uploads\/2024\/09\/12323_traorebuika.jpg\",\"width\":1920,\"height\":850},{\"@type\":\"BreadcrumbList\",\"@id\":\"https:\/\/www.auditorium.com\/it\/event\/rokia-traore-buika\/#breadcrumb\",\"itemListElement\":[{\"@type\":\"ListItem\",\"position\":1,\"name\":\"Home\",\"item\":\"https:\/\/www.auditorium.com\/it\/\"},{\"@type\":\"ListItem\",\"position\":2,\"name\":\"Rokia Traor\u00e8. Buika\"}]},{\"@type\":\"WebSite\",\"@id\":\"https:\/\/www.auditorium.com\/it\/#website\",\"url\":\"https:\/\/www.auditorium.com\/it\/\",\"name\":\"Auditorium Parco della Musica Ennio Morricone\",\"description\":\"Progettato da Renzo Piano, l&#039;Auditorium rappresenta una sofisticata architettura musicale e uno straordinario intervento di riqualificazione urbana.\",\"publisher\":{\"@id\":\"https:\/\/www.auditorium.com\/it\/#organization\"},\"potentialAction\":[{\"@type\":\"SearchAction\",\"target\":{\"@type\":\"EntryPoint\",\"urlTemplate\":\"https:\/\/www.auditorium.com\/it\/?s={search_term_string}\"},\"query-input\":\"required name=search_term_string\"}],\"inLanguage\":\"it-IT\"},{\"@type\":\"Organization\",\"@id\":\"https:\/\/www.auditorium.com\/it\/#organization\",\"name\":\"Auditorium Parco della Musica Ennio Morricone\",\"url\":\"https:\/\/www.auditorium.com\/it\/\",\"logo\":{\"@type\":\"ImageObject\",\"inLanguage\":\"it-IT\",\"@id\":\"https:\/\/www.auditorium.com\/it\/#\/schema\/logo\/image\/\",\"url\":\"https:\/\/www.auditorium.com\/wp-content\/uploads\/2022\/12\/logo-auditorium.svg\",\"contentUrl\":\"https:\/\/www.auditorium.com\/wp-content\/uploads\/2022\/12\/logo-auditorium.svg\",\"width\":86,\"height\":79,\"caption\":\"Auditorium Parco della Musica Ennio Morricone\"},\"image\":{\"@id\":\"https:\/\/www.auditorium.com\/it\/#\/schema\/logo\/image\/\"},\"sameAs\":[\"https:\/\/www.facebook.com\/AuditoriumParcodellaMusica\",\"https:\/\/x.com\/auditoriumpdm\",\"https:\/\/www.instagram.com\/auditoriumparcodellamusica\/\"]}]}<\/script>\n<!-- \/ Yoast SEO plugin. -->","yoast_head_json":{"title":"Rokia Traor\u00e8. Buika | Auditorium Parco della Musica Ennio Morricone","robots":{"index":"index","follow":"follow","max-snippet":"max-snippet:-1","max-image-preview":"max-image-preview:large","max-video-preview":"max-video-preview:-1"},"canonical":"https:\/\/www.auditorium.com\/it\/event\/rokia-traore-buika\/","og_locale":"it_IT","og_type":"article","og_title":"Rokia Traor\u00e8. Buika | Auditorium Parco della Musica Ennio Morricone","og_description":"Fondazione Musica per Roma presenta In esclusiva per Luglio Suona Bene 2007, Rokia Traor\u00e9 e Buika, due giovani stelle della world music, si esibiranno insieme sul palco della cavea dell\u2019Auditorium Parco della Musica. Due artiste straordinarie dotate di voci difficilmente classificabili, data la complessit\u00e0 delle influenze, che riescono a suscitare emozioni indimenticabili. Rokia Traor\u00e9 \u00e8 [&hellip;]","og_url":"https:\/\/www.auditorium.com\/it\/event\/rokia-traore-buika\/","og_site_name":"Auditorium Parco della Musica Ennio Morricone","article_publisher":"https:\/\/www.facebook.com\/AuditoriumParcodellaMusica","og_image":[{"width":1920,"height":850,"url":"https:\/\/www.auditorium.com\/wp-content\/uploads\/2024\/09\/12323_traorebuika.jpg","type":"image\/jpeg"}],"twitter_card":"summary_large_image","twitter_site":"@auditoriumpdm","twitter_misc":{"Tempo di lettura stimato":"1 minuto"},"schema":{"@context":"https:\/\/schema.org","@graph":[{"@type":"WebPage","@id":"https:\/\/www.auditorium.com\/it\/event\/rokia-traore-buika\/","url":"https:\/\/www.auditorium.com\/it\/event\/rokia-traore-buika\/","name":"Rokia Traor\u00e8. Buika | Auditorium Parco della Musica Ennio Morricone","isPartOf":{"@id":"https:\/\/www.auditorium.com\/it\/#website"},"primaryImageOfPage":{"@id":"https:\/\/www.auditorium.com\/it\/event\/rokia-traore-buika\/#primaryimage"},"image":{"@id":"https:\/\/www.auditorium.com\/it\/event\/rokia-traore-buika\/#primaryimage"},"thumbnailUrl":"https:\/\/www.auditorium.com\/wp-content\/uploads\/2024\/09\/12323_traorebuika.jpg","datePublished":"2017-11-17T16:22:24+00:00","dateModified":"2017-11-17T16:22:24+00:00","breadcrumb":{"@id":"https:\/\/www.auditorium.com\/it\/event\/rokia-traore-buika\/#breadcrumb"},"inLanguage":"it-IT","potentialAction":[{"@type":"ReadAction","target":["https:\/\/www.auditorium.com\/it\/event\/rokia-traore-buika\/"]}]},{"@type":"ImageObject","inLanguage":"it-IT","@id":"https:\/\/www.auditorium.com\/it\/event\/rokia-traore-buika\/#primaryimage","url":"https:\/\/www.auditorium.com\/wp-content\/uploads\/2024\/09\/12323_traorebuika.jpg","contentUrl":"https:\/\/www.auditorium.com\/wp-content\/uploads\/2024\/09\/12323_traorebuika.jpg","width":1920,"height":850},{"@type":"BreadcrumbList","@id":"https:\/\/www.auditorium.com\/it\/event\/rokia-traore-buika\/#breadcrumb","itemListElement":[{"@type":"ListItem","position":1,"name":"Home","item":"https:\/\/www.auditorium.com\/it\/"},{"@type":"ListItem","position":2,"name":"Rokia Traor\u00e8. Buika"}]},{"@type":"WebSite","@id":"https:\/\/www.auditorium.com\/it\/#website","url":"https:\/\/www.auditorium.com\/it\/","name":"Auditorium Parco della Musica Ennio Morricone","description":"Progettato da Renzo Piano, l&#039;Auditorium rappresenta una sofisticata architettura musicale e uno straordinario intervento di riqualificazione urbana.","publisher":{"@id":"https:\/\/www.auditorium.com\/it\/#organization"},"potentialAction":[{"@type":"SearchAction","target":{"@type":"EntryPoint","urlTemplate":"https:\/\/www.auditorium.com\/it\/?s={search_term_string}"},"query-input":"required name=search_term_string"}],"inLanguage":"it-IT"},{"@type":"Organization","@id":"https:\/\/www.auditorium.com\/it\/#organization","name":"Auditorium Parco della Musica Ennio Morricone","url":"https:\/\/www.auditorium.com\/it\/","logo":{"@type":"ImageObject","inLanguage":"it-IT","@id":"https:\/\/www.auditorium.com\/it\/#\/schema\/logo\/image\/","url":"https:\/\/www.auditorium.com\/wp-content\/uploads\/2022\/12\/logo-auditorium.svg","contentUrl":"https:\/\/www.auditorium.com\/wp-content\/uploads\/2022\/12\/logo-auditorium.svg","width":86,"height":79,"caption":"Auditorium Parco della Musica Ennio Morricone"},"image":{"@id":"https:\/\/www.auditorium.com\/it\/#\/schema\/logo\/image\/"},"sameAs":["https:\/\/www.facebook.com\/AuditoriumParcodellaMusica","https:\/\/x.com\/auditoriumpdm","https:\/\/www.instagram.com\/auditoriumparcodellamusica\/"]}]}},"_links":{"self":[{"href":"https:\/\/www.auditorium.com\/it\/wp-json\/wp\/v2\/event\/21253","targetHints":{"allow":["GET"]}}],"collection":[{"href":"https:\/\/www.auditorium.com\/it\/wp-json\/wp\/v2\/event"}],"about":[{"href":"https:\/\/www.auditorium.com\/it\/wp-json\/wp\/v2\/types\/event"}],"wp:featuredmedia":[{"embeddable":true,"href":"https:\/\/www.auditorium.com\/it\/wp-json\/wp\/v2\/media\/21254"}],"wp:attachment":[{"href":"https:\/\/www.auditorium.com\/it\/wp-json\/wp\/v2\/media?parent=21253"}],"wp:term":[{"taxonomy":"event_categories","embeddable":true,"href":"https:\/\/www.auditorium.com\/it\/wp-json\/wp\/v2\/event_categories?post=21253"},{"taxonomy":"event_genre","embeddable":true,"href":"https:\/\/www.auditorium.com\/it\/wp-json\/wp\/v2\/event_genre?post=21253"},{"taxonomy":"event_themes","embeddable":true,"href":"https:\/\/www.auditorium.com\/it\/wp-json\/wp\/v2\/event_themes?post=21253"},{"taxonomy":"event_format","embeddable":true,"href":"https:\/\/www.auditorium.com\/it\/wp-json\/wp\/v2\/event_format?post=21253"},{"taxonomy":"event_consigliati","embeddable":true,"href":"https:\/\/www.auditorium.com\/it\/wp-json\/wp\/v2\/event_consigliati?post=21253"}],"curies":[{"name":"wp","href":"https:\/\/api.w.org\/{rel}","templated":true}]}}

Rokia Traorè. Buika

<p>Fondazione Musica per Roma presenta </p>
<p>  In esclusiva per Luglio Suona Bene 2007, Rokia Traoré e Buika, due giovani stelle della world music, si esibiranno insieme sul palco della cavea dell’Auditorium Parco della Musica. Due artiste straordinarie dotate di voci difficilmente classificabili, data la complessità delle influenze, che riescono a suscitare emozioni indimenticabili.</p>
<p>  Rokia Traoré è nata in una famiglia maliana di cultura ed ha seguito suo padre, che era un diplomatico, viaggiando in differenti parti del mondo, dall’America all’Europa al Medio Oriente. E’ stato così che ha potuto assorbire le differenti culture e tradizioni musicali che ha poi rielaborato. Il gruppo etnico di lingua Bamana al quale la musicista appartiene non impone le stesse rigide restrizioni sul cantare in pubblico praticate da altri, così la giovane Rokia ha iniziato a danzare e ad unirsi a diversi gruppi musicali già durante la scuola superiore. In seguito è apparsa sulla TV del Mali interpretando le sue prime composizioni accompagnandosi da sola alla chitarra. Non prese la decisione di diventare una cantante professionista fino al 1996 all’età di 22 anni. Pochi mesi dopo vinceva il premio internazionale di Radio France come «Scoperta africana dell’anno». Il suo primo album «Mouneïssa» è apparso nel 1998 e il secondo «Wanita» del 2000 è già considerato un capolavoro dell’african music. Il suo terzo album è “Bowmboi”.</p>
<p>  Dotata di una voce irresistibile, originaria della Guinea ma nata a Palma di Mallorca, Concha Buika comincia a cantare nei club locali prima di trasferirsi a Madrid. Nella sua musica confluiscono soul, flamenco, hip hop, jazz, copla, nella sua voce si incontrano le sue radici africane con la tradizione flamenco. Il suo secondo disco “Mi Niña Lola” frutto di una ricerca molto personale e ha ottenuto il premio come miglior album spagnolo del 2007.</p>

Fondazione Musica per Roma presenta In esclusiva per Luglio Suona Bene 2007, Rokia Traoré e Buika, due giovani stelle della world music, si esibiranno insieme sul palco della cavea dell’Auditorium Parco della Musica. Due artiste straordinarie dotate di voci difficilmente classificabili, data la complessità delle influenze, che riescono a suscitare emozioni indimenticabili. Rokia Traoré è [&hellip;]

<!-- This site is optimized with the Yoast SEO plugin v22.6 - https://yoast.com/wordpress/plugins/seo/ -->
<title>Rokia Traorè. Buika | Auditorium Parco della Musica Ennio Morricone</title>
<meta name="robots" content="index, follow, max-snippet:-1, max-image-preview:large, max-video-preview:-1" />
<link rel="canonical" href="https://www.auditorium.com/it/event/rokia-traore-buika/" />
<meta property="og:locale" content="it_IT" />
<meta property="og:type" content="article" />
<meta property="og:title" content="Rokia Traorè. Buika | Auditorium Parco della Musica Ennio Morricone" />
<meta property="og:description" content="Fondazione Musica per Roma presenta In esclusiva per Luglio Suona Bene 2007, Rokia Traoré e Buika, due giovani stelle della world music, si esibiranno insieme sul palco della cavea dell’Auditorium Parco della Musica. Due artiste straordinarie dotate di voci difficilmente classificabili, data la complessità delle influenze, che riescono a suscitare emozioni indimenticabili. Rokia Traoré è [&hellip;]" />
<meta property="og:url" content="https://www.auditorium.com/it/event/rokia-traore-buika/" />
<meta property="og:site_name" content="Auditorium Parco della Musica Ennio Morricone" />
<meta property="article:publisher" content="https://www.facebook.com/AuditoriumParcodellaMusica" />
<meta property="og:image" content="https://www.auditorium.com/wp-content/uploads/2024/09/12323_traorebuika.jpg" />
	<meta property="og:image:width" content="1920" />
	<meta property="og:image:height" content="850" />
	<meta property="og:image:type" content="image/jpeg" />
<meta name="twitter:card" content="summary_large_image" />
<meta name="twitter:site" content="@auditoriumpdm" />
<meta name="twitter:label1" content="Tempo di lettura stimato" />
	<meta name="twitter:data1" content="1 minuto" />
<script type="application/ld+json" class="yoast-schema-graph">{"@context":"https://schema.org","@graph":[{"@type":"WebPage","@id":"https://www.auditorium.com/it/event/rokia-traore-buika/","url":"https://www.auditorium.com/it/event/rokia-traore-buika/","name":"Rokia Traorè. Buika | Auditorium Parco della Musica Ennio Morricone","isPartOf":{"@id":"https://www.auditorium.com/it/#website"},"primaryImageOfPage":{"@id":"https://www.auditorium.com/it/event/rokia-traore-buika/#primaryimage"},"image":{"@id":"https://www.auditorium.com/it/event/rokia-traore-buika/#primaryimage"},"thumbnailUrl":"https://www.auditorium.com/wp-content/uploads/2024/09/12323_traorebuika.jpg","datePublished":"2017-11-17T16:22:24+00:00","dateModified":"2017-11-17T16:22:24+00:00","breadcrumb":{"@id":"https://www.auditorium.com/it/event/rokia-traore-buika/#breadcrumb"},"inLanguage":"it-IT","potentialAction":[{"@type":"ReadAction","target":["https://www.auditorium.com/it/event/rokia-traore-buika/"]}]},{"@type":"ImageObject","inLanguage":"it-IT","@id":"https://www.auditorium.com/it/event/rokia-traore-buika/#primaryimage","url":"https://www.auditorium.com/wp-content/uploads/2024/09/12323_traorebuika.jpg","contentUrl":"https://www.auditorium.com/wp-content/uploads/2024/09/12323_traorebuika.jpg","width":1920,"height":850},{"@type":"BreadcrumbList","@id":"https://www.auditorium.com/it/event/rokia-traore-buika/#breadcrumb","itemListElement":[{"@type":"ListItem","position":1,"name":"Home","item":"https://www.auditorium.com/it/"},{"@type":"ListItem","position":2,"name":"Rokia Traorè. Buika"}]},{"@type":"WebSite","@id":"https://www.auditorium.com/it/#website","url":"https://www.auditorium.com/it/","name":"Auditorium Parco della Musica Ennio Morricone","description":"Progettato da Renzo Piano, l&#039;Auditorium rappresenta una sofisticata architettura musicale e uno straordinario intervento di riqualificazione urbana.","publisher":{"@id":"https://www.auditorium.com/it/#organization"},"potentialAction":[{"@type":"SearchAction","target":{"@type":"EntryPoint","urlTemplate":"https://www.auditorium.com/it/?s={search_term_string}"},"query-input":"required name=search_term_string"}],"inLanguage":"it-IT"},{"@type":"Organization","@id":"https://www.auditorium.com/it/#organization","name":"Auditorium Parco della Musica Ennio Morricone","url":"https://www.auditorium.com/it/","logo":{"@type":"ImageObject","inLanguage":"it-IT","@id":"https://www.auditorium.com/it/#/schema/logo/image/","url":"https://www.auditorium.com/wp-content/uploads/2022/12/logo-auditorium.svg","contentUrl":"https://www.auditorium.com/wp-content/uploads/2022/12/logo-auditorium.svg","width":86,"height":79,"caption":"Auditorium Parco della Musica Ennio Morricone"},"image":{"@id":"https://www.auditorium.com/it/#/schema/logo/image/"},"sameAs":["https://www.facebook.com/AuditoriumParcodellaMusica","https://x.com/auditoriumpdm","https://www.instagram.com/auditoriumparcodellamusica/"]}]}</script>
<!-- / Yoast SEO plugin. -->

Rokia Traorè. Buika | Auditorium Parco della Musica Ennio Morricone
