{"id":20199,"date":"2017-11-17T17:09:25","date_gmt":"2017-11-17T16:09:25","guid":{"rendered":"https:\/\/www.auditorium.com\/event\/orquesta-vale-tango-entre-augustin-bardi-y-carlos-gardel\/"},"modified":"2017-11-17T17:09:25","modified_gmt":"2017-11-17T16:09:25","slug":"orquesta-vale-tango-entre-augustin-bardi-y-carlos-gardel","status":"publish","type":"event","link":"https:\/\/www.auditorium.com\/it\/event\/orquesta-vale-tango-entre-augustin-bardi-y-carlos-gardel\/","title":{"rendered":"Orquesta Vale Tango &#8220;Entre Augustin Bardi y Carlos Gardel&#8221;"},"content":{"rendered":"<p>  La formazione Vale Tango offre al pubblico del Festival Buenos Aires Tango alcuni dei brani pi\u00f9 celebri della tradizione tanghera, composti da due importanti esponenti di questo stile: Agustin Bardi e Carlos Gardel. Per l\u2019occasione \u00e8 stata invitata una delle interpreti pi\u00f9 raffinate del tango di oggi: Lidia Borda che insieme al cantante dei Vale Tango Esteban Riera ricreer\u00e0 le atmosfere suggestive dei tanghi pi\u00f9 celebri. Anche mantenendo uno stile tradizionale, ogni brano interpretato da Vale Tango gode della freschezza e dell\u2019originalit\u00e0 degli arrangiamenti del pianista Andr\u00e9s Linetzky. Insieme vanno alla ricerca di una nuova alchimia del tango senza snaturarne la grandezza dello stile.<\/p>\n","protected":false},"excerpt":{"rendered":"La formazione Vale Tango offre al pubblico del Festival Buenos Aires Tango alcuni dei brani pi\u00f9 celebri della tradizione tanghera, composti da due importanti esponenti di questo stile: Agustin Bardi e Carlos Gardel. Per l\u2019occasione \u00e8 stata invitata una delle interpreti pi\u00f9 raffinate del tango di oggi: Lidia Borda che insieme al cantante dei Vale [&hellip;]","protected":false},"featured_media":20200,"template":"","meta":{"_acf_changed":false,"inline_featured_image":false},"event_categories":[51],"event_genre":[],"event_themes":[],"event_format":[],"event_consigliati":[],"class_list":["post-20199","event","type-event","status-publish","has-post-thumbnail","hentry","event_categories-danza"],"acf":[],"yoast_head":"<!-- This site is optimized with the Yoast SEO plugin v22.6 - https:\/\/yoast.com\/wordpress\/plugins\/seo\/ -->\n<title>Orquesta Vale Tango &quot;Entre Augustin Bardi y Carlos Gardel&quot; | Auditorium Parco della Musica Ennio Morricone<\/title>\n<meta name=\"robots\" content=\"index, follow, max-snippet:-1, max-image-preview:large, max-video-preview:-1\" \/>\n<link rel=\"canonical\" href=\"https:\/\/www.auditorium.com\/it\/event\/orquesta-vale-tango-entre-augustin-bardi-y-carlos-gardel\/\" \/>\n<meta property=\"og:locale\" content=\"it_IT\" \/>\n<meta property=\"og:type\" content=\"article\" \/>\n<meta property=\"og:title\" content=\"Orquesta Vale Tango &quot;Entre Augustin Bardi y Carlos Gardel&quot; | Auditorium Parco della Musica Ennio Morricone\" \/>\n<meta property=\"og:description\" content=\"La formazione Vale Tango offre al pubblico del Festival Buenos Aires Tango alcuni dei brani pi\u00f9 celebri della tradizione tanghera, composti da due importanti esponenti di questo stile: Agustin Bardi e Carlos Gardel. Per l\u2019occasione \u00e8 stata invitata una delle interpreti pi\u00f9 raffinate del tango di oggi: Lidia Borda che insieme al cantante dei Vale [&hellip;]\" \/>\n<meta property=\"og:url\" content=\"https:\/\/www.auditorium.com\/it\/event\/orquesta-vale-tango-entre-augustin-bardi-y-carlos-gardel\/\" \/>\n<meta property=\"og:site_name\" content=\"Auditorium Parco della Musica Ennio Morricone\" \/>\n<meta property=\"article:publisher\" content=\"https:\/\/www.facebook.com\/AuditoriumParcodellaMusica\" \/>\n<meta property=\"og:image\" content=\"https:\/\/www.auditorium.com\/wp-content\/uploads\/2024\/09\/11869_vale_tango222x192.jpg\" \/>\n\t<meta property=\"og:image:width\" content=\"1920\" \/>\n\t<meta property=\"og:image:height\" content=\"850\" \/>\n\t<meta property=\"og:image:type\" content=\"image\/jpeg\" \/>\n<meta name=\"twitter:card\" content=\"summary_large_image\" \/>\n<meta name=\"twitter:site\" content=\"@auditoriumpdm\" \/>\n<meta name=\"twitter:label1\" content=\"Tempo di lettura stimato\" \/>\n\t<meta name=\"twitter:data1\" content=\"1 minuto\" \/>\n<script type=\"application\/ld+json\" class=\"yoast-schema-graph\">{\"@context\":\"https:\/\/schema.org\",\"@graph\":[{\"@type\":\"WebPage\",\"@id\":\"https:\/\/www.auditorium.com\/it\/event\/orquesta-vale-tango-entre-augustin-bardi-y-carlos-gardel\/\",\"url\":\"https:\/\/www.auditorium.com\/it\/event\/orquesta-vale-tango-entre-augustin-bardi-y-carlos-gardel\/\",\"name\":\"Orquesta Vale Tango \\\"Entre Augustin Bardi y Carlos Gardel\\\" | Auditorium Parco della Musica Ennio Morricone\",\"isPartOf\":{\"@id\":\"https:\/\/www.auditorium.com\/it\/#website\"},\"primaryImageOfPage\":{\"@id\":\"https:\/\/www.auditorium.com\/it\/event\/orquesta-vale-tango-entre-augustin-bardi-y-carlos-gardel\/#primaryimage\"},\"image\":{\"@id\":\"https:\/\/www.auditorium.com\/it\/event\/orquesta-vale-tango-entre-augustin-bardi-y-carlos-gardel\/#primaryimage\"},\"thumbnailUrl\":\"https:\/\/www.auditorium.com\/wp-content\/uploads\/2024\/09\/11869_vale_tango222x192.jpg\",\"datePublished\":\"2017-11-17T16:09:25+00:00\",\"dateModified\":\"2017-11-17T16:09:25+00:00\",\"breadcrumb\":{\"@id\":\"https:\/\/www.auditorium.com\/it\/event\/orquesta-vale-tango-entre-augustin-bardi-y-carlos-gardel\/#breadcrumb\"},\"inLanguage\":\"it-IT\",\"potentialAction\":[{\"@type\":\"ReadAction\",\"target\":[\"https:\/\/www.auditorium.com\/it\/event\/orquesta-vale-tango-entre-augustin-bardi-y-carlos-gardel\/\"]}]},{\"@type\":\"ImageObject\",\"inLanguage\":\"it-IT\",\"@id\":\"https:\/\/www.auditorium.com\/it\/event\/orquesta-vale-tango-entre-augustin-bardi-y-carlos-gardel\/#primaryimage\",\"url\":\"https:\/\/www.auditorium.com\/wp-content\/uploads\/2024\/09\/11869_vale_tango222x192.jpg\",\"contentUrl\":\"https:\/\/www.auditorium.com\/wp-content\/uploads\/2024\/09\/11869_vale_tango222x192.jpg\",\"width\":1920,\"height\":850},{\"@type\":\"BreadcrumbList\",\"@id\":\"https:\/\/www.auditorium.com\/it\/event\/orquesta-vale-tango-entre-augustin-bardi-y-carlos-gardel\/#breadcrumb\",\"itemListElement\":[{\"@type\":\"ListItem\",\"position\":1,\"name\":\"Home\",\"item\":\"https:\/\/www.auditorium.com\/it\/\"},{\"@type\":\"ListItem\",\"position\":2,\"name\":\"Orquesta Vale Tango &#8220;Entre Augustin Bardi y Carlos Gardel&#8221;\"}]},{\"@type\":\"WebSite\",\"@id\":\"https:\/\/www.auditorium.com\/it\/#website\",\"url\":\"https:\/\/www.auditorium.com\/it\/\",\"name\":\"Auditorium Parco della Musica Ennio Morricone\",\"description\":\"Progettato da Renzo Piano, l&#039;Auditorium rappresenta una sofisticata architettura musicale e uno straordinario intervento di riqualificazione urbana.\",\"publisher\":{\"@id\":\"https:\/\/www.auditorium.com\/it\/#organization\"},\"potentialAction\":[{\"@type\":\"SearchAction\",\"target\":{\"@type\":\"EntryPoint\",\"urlTemplate\":\"https:\/\/www.auditorium.com\/it\/?s={search_term_string}\"},\"query-input\":\"required name=search_term_string\"}],\"inLanguage\":\"it-IT\"},{\"@type\":\"Organization\",\"@id\":\"https:\/\/www.auditorium.com\/it\/#organization\",\"name\":\"Auditorium Parco della Musica Ennio Morricone\",\"url\":\"https:\/\/www.auditorium.com\/it\/\",\"logo\":{\"@type\":\"ImageObject\",\"inLanguage\":\"it-IT\",\"@id\":\"https:\/\/www.auditorium.com\/it\/#\/schema\/logo\/image\/\",\"url\":\"https:\/\/www.auditorium.com\/wp-content\/uploads\/2022\/12\/logo-auditorium.svg\",\"contentUrl\":\"https:\/\/www.auditorium.com\/wp-content\/uploads\/2022\/12\/logo-auditorium.svg\",\"width\":86,\"height\":79,\"caption\":\"Auditorium Parco della Musica Ennio Morricone\"},\"image\":{\"@id\":\"https:\/\/www.auditorium.com\/it\/#\/schema\/logo\/image\/\"},\"sameAs\":[\"https:\/\/www.facebook.com\/AuditoriumParcodellaMusica\",\"https:\/\/x.com\/auditoriumpdm\",\"https:\/\/www.instagram.com\/auditoriumparcodellamusica\/\"]}]}<\/script>\n<!-- \/ Yoast SEO plugin. -->","yoast_head_json":{"title":"Orquesta Vale Tango \"Entre Augustin Bardi y Carlos Gardel\" | Auditorium Parco della Musica Ennio Morricone","robots":{"index":"index","follow":"follow","max-snippet":"max-snippet:-1","max-image-preview":"max-image-preview:large","max-video-preview":"max-video-preview:-1"},"canonical":"https:\/\/www.auditorium.com\/it\/event\/orquesta-vale-tango-entre-augustin-bardi-y-carlos-gardel\/","og_locale":"it_IT","og_type":"article","og_title":"Orquesta Vale Tango \"Entre Augustin Bardi y Carlos Gardel\" | Auditorium Parco della Musica Ennio Morricone","og_description":"La formazione Vale Tango offre al pubblico del Festival Buenos Aires Tango alcuni dei brani pi\u00f9 celebri della tradizione tanghera, composti da due importanti esponenti di questo stile: Agustin Bardi e Carlos Gardel. Per l\u2019occasione \u00e8 stata invitata una delle interpreti pi\u00f9 raffinate del tango di oggi: Lidia Borda che insieme al cantante dei Vale [&hellip;]","og_url":"https:\/\/www.auditorium.com\/it\/event\/orquesta-vale-tango-entre-augustin-bardi-y-carlos-gardel\/","og_site_name":"Auditorium Parco della Musica Ennio Morricone","article_publisher":"https:\/\/www.facebook.com\/AuditoriumParcodellaMusica","og_image":[{"width":1920,"height":850,"url":"https:\/\/www.auditorium.com\/wp-content\/uploads\/2024\/09\/11869_vale_tango222x192.jpg","type":"image\/jpeg"}],"twitter_card":"summary_large_image","twitter_site":"@auditoriumpdm","twitter_misc":{"Tempo di lettura stimato":"1 minuto"},"schema":{"@context":"https:\/\/schema.org","@graph":[{"@type":"WebPage","@id":"https:\/\/www.auditorium.com\/it\/event\/orquesta-vale-tango-entre-augustin-bardi-y-carlos-gardel\/","url":"https:\/\/www.auditorium.com\/it\/event\/orquesta-vale-tango-entre-augustin-bardi-y-carlos-gardel\/","name":"Orquesta Vale Tango \"Entre Augustin Bardi y Carlos Gardel\" | Auditorium Parco della Musica Ennio Morricone","isPartOf":{"@id":"https:\/\/www.auditorium.com\/it\/#website"},"primaryImageOfPage":{"@id":"https:\/\/www.auditorium.com\/it\/event\/orquesta-vale-tango-entre-augustin-bardi-y-carlos-gardel\/#primaryimage"},"image":{"@id":"https:\/\/www.auditorium.com\/it\/event\/orquesta-vale-tango-entre-augustin-bardi-y-carlos-gardel\/#primaryimage"},"thumbnailUrl":"https:\/\/www.auditorium.com\/wp-content\/uploads\/2024\/09\/11869_vale_tango222x192.jpg","datePublished":"2017-11-17T16:09:25+00:00","dateModified":"2017-11-17T16:09:25+00:00","breadcrumb":{"@id":"https:\/\/www.auditorium.com\/it\/event\/orquesta-vale-tango-entre-augustin-bardi-y-carlos-gardel\/#breadcrumb"},"inLanguage":"it-IT","potentialAction":[{"@type":"ReadAction","target":["https:\/\/www.auditorium.com\/it\/event\/orquesta-vale-tango-entre-augustin-bardi-y-carlos-gardel\/"]}]},{"@type":"ImageObject","inLanguage":"it-IT","@id":"https:\/\/www.auditorium.com\/it\/event\/orquesta-vale-tango-entre-augustin-bardi-y-carlos-gardel\/#primaryimage","url":"https:\/\/www.auditorium.com\/wp-content\/uploads\/2024\/09\/11869_vale_tango222x192.jpg","contentUrl":"https:\/\/www.auditorium.com\/wp-content\/uploads\/2024\/09\/11869_vale_tango222x192.jpg","width":1920,"height":850},{"@type":"BreadcrumbList","@id":"https:\/\/www.auditorium.com\/it\/event\/orquesta-vale-tango-entre-augustin-bardi-y-carlos-gardel\/#breadcrumb","itemListElement":[{"@type":"ListItem","position":1,"name":"Home","item":"https:\/\/www.auditorium.com\/it\/"},{"@type":"ListItem","position":2,"name":"Orquesta Vale Tango &#8220;Entre Augustin Bardi y Carlos Gardel&#8221;"}]},{"@type":"WebSite","@id":"https:\/\/www.auditorium.com\/it\/#website","url":"https:\/\/www.auditorium.com\/it\/","name":"Auditorium Parco della Musica Ennio Morricone","description":"Progettato da Renzo Piano, l&#039;Auditorium rappresenta una sofisticata architettura musicale e uno straordinario intervento di riqualificazione urbana.","publisher":{"@id":"https:\/\/www.auditorium.com\/it\/#organization"},"potentialAction":[{"@type":"SearchAction","target":{"@type":"EntryPoint","urlTemplate":"https:\/\/www.auditorium.com\/it\/?s={search_term_string}"},"query-input":"required name=search_term_string"}],"inLanguage":"it-IT"},{"@type":"Organization","@id":"https:\/\/www.auditorium.com\/it\/#organization","name":"Auditorium Parco della Musica Ennio Morricone","url":"https:\/\/www.auditorium.com\/it\/","logo":{"@type":"ImageObject","inLanguage":"it-IT","@id":"https:\/\/www.auditorium.com\/it\/#\/schema\/logo\/image\/","url":"https:\/\/www.auditorium.com\/wp-content\/uploads\/2022\/12\/logo-auditorium.svg","contentUrl":"https:\/\/www.auditorium.com\/wp-content\/uploads\/2022\/12\/logo-auditorium.svg","width":86,"height":79,"caption":"Auditorium Parco della Musica Ennio Morricone"},"image":{"@id":"https:\/\/www.auditorium.com\/it\/#\/schema\/logo\/image\/"},"sameAs":["https:\/\/www.facebook.com\/AuditoriumParcodellaMusica","https:\/\/x.com\/auditoriumpdm","https:\/\/www.instagram.com\/auditoriumparcodellamusica\/"]}]}},"_links":{"self":[{"href":"https:\/\/www.auditorium.com\/it\/wp-json\/wp\/v2\/event\/20199","targetHints":{"allow":["GET"]}}],"collection":[{"href":"https:\/\/www.auditorium.com\/it\/wp-json\/wp\/v2\/event"}],"about":[{"href":"https:\/\/www.auditorium.com\/it\/wp-json\/wp\/v2\/types\/event"}],"wp:featuredmedia":[{"embeddable":true,"href":"https:\/\/www.auditorium.com\/it\/wp-json\/wp\/v2\/media\/20200"}],"wp:attachment":[{"href":"https:\/\/www.auditorium.com\/it\/wp-json\/wp\/v2\/media?parent=20199"}],"wp:term":[{"taxonomy":"event_categories","embeddable":true,"href":"https:\/\/www.auditorium.com\/it\/wp-json\/wp\/v2\/event_categories?post=20199"},{"taxonomy":"event_genre","embeddable":true,"href":"https:\/\/www.auditorium.com\/it\/wp-json\/wp\/v2\/event_genre?post=20199"},{"taxonomy":"event_themes","embeddable":true,"href":"https:\/\/www.auditorium.com\/it\/wp-json\/wp\/v2\/event_themes?post=20199"},{"taxonomy":"event_format","embeddable":true,"href":"https:\/\/www.auditorium.com\/it\/wp-json\/wp\/v2\/event_format?post=20199"},{"taxonomy":"event_consigliati","embeddable":true,"href":"https:\/\/www.auditorium.com\/it\/wp-json\/wp\/v2\/event_consigliati?post=20199"}],"curies":[{"name":"wp","href":"https:\/\/api.w.org\/{rel}","templated":true}]}}

<p>  La formazione Vale Tango offre al pubblico del Festival Buenos Aires Tango alcuni dei brani più celebri della tradizione tanghera, composti da due importanti esponenti di questo stile: Agustin Bardi e Carlos Gardel. Per l’occasione è stata invitata una delle interpreti più raffinate del tango di oggi: Lidia Borda che insieme al cantante dei Vale Tango Esteban Riera ricreerà le atmosfere suggestive dei tanghi più celebri. Anche mantenendo uno stile tradizionale, ogni brano interpretato da Vale Tango gode della freschezza e dell’originalità degli arrangiamenti del pianista Andrés Linetzky. Insieme vanno alla ricerca di una nuova alchimia del tango senza snaturarne la grandezza dello stile.</p>

La formazione Vale Tango offre al pubblico del Festival Buenos Aires Tango alcuni dei brani più celebri della tradizione tanghera, composti da due importanti esponenti di questo stile: Agustin Bardi e Carlos Gardel. Per l’occasione è stata invitata una delle interpreti più raffinate del tango di oggi: Lidia Borda che insieme al cantante dei Vale [&hellip;]

<!-- This site is optimized with the Yoast SEO plugin v22.6 - https://yoast.com/wordpress/plugins/seo/ -->
<title>Orquesta Vale Tango &quot;Entre Augustin Bardi y Carlos Gardel&quot; | Auditorium Parco della Musica Ennio Morricone</title>
<meta name="robots" content="index, follow, max-snippet:-1, max-image-preview:large, max-video-preview:-1" />
<link rel="canonical" href="https://www.auditorium.com/it/event/orquesta-vale-tango-entre-augustin-bardi-y-carlos-gardel/" />
<meta property="og:locale" content="it_IT" />
<meta property="og:type" content="article" />
<meta property="og:title" content="Orquesta Vale Tango &quot;Entre Augustin Bardi y Carlos Gardel&quot; | Auditorium Parco della Musica Ennio Morricone" />
<meta property="og:description" content="La formazione Vale Tango offre al pubblico del Festival Buenos Aires Tango alcuni dei brani più celebri della tradizione tanghera, composti da due importanti esponenti di questo stile: Agustin Bardi e Carlos Gardel. Per l’occasione è stata invitata una delle interpreti più raffinate del tango di oggi: Lidia Borda che insieme al cantante dei Vale [&hellip;]" />
<meta property="og:url" content="https://www.auditorium.com/it/event/orquesta-vale-tango-entre-augustin-bardi-y-carlos-gardel/" />
<meta property="og:site_name" content="Auditorium Parco della Musica Ennio Morricone" />
<meta property="article:publisher" content="https://www.facebook.com/AuditoriumParcodellaMusica" />
<meta property="og:image" content="https://www.auditorium.com/wp-content/uploads/2024/09/11869_vale_tango222x192.jpg" />
	<meta property="og:image:width" content="1920" />
	<meta property="og:image:height" content="850" />
	<meta property="og:image:type" content="image/jpeg" />
<meta name="twitter:card" content="summary_large_image" />
<meta name="twitter:site" content="@auditoriumpdm" />
<meta name="twitter:label1" content="Tempo di lettura stimato" />
	<meta name="twitter:data1" content="1 minuto" />
<script type="application/ld+json" class="yoast-schema-graph">{"@context":"https://schema.org","@graph":[{"@type":"WebPage","@id":"https://www.auditorium.com/it/event/orquesta-vale-tango-entre-augustin-bardi-y-carlos-gardel/","url":"https://www.auditorium.com/it/event/orquesta-vale-tango-entre-augustin-bardi-y-carlos-gardel/","name":"Orquesta Vale Tango \"Entre Augustin Bardi y Carlos Gardel\" | Auditorium Parco della Musica Ennio Morricone","isPartOf":{"@id":"https://www.auditorium.com/it/#website"},"primaryImageOfPage":{"@id":"https://www.auditorium.com/it/event/orquesta-vale-tango-entre-augustin-bardi-y-carlos-gardel/#primaryimage"},"image":{"@id":"https://www.auditorium.com/it/event/orquesta-vale-tango-entre-augustin-bardi-y-carlos-gardel/#primaryimage"},"thumbnailUrl":"https://www.auditorium.com/wp-content/uploads/2024/09/11869_vale_tango222x192.jpg","datePublished":"2017-11-17T16:09:25+00:00","dateModified":"2017-11-17T16:09:25+00:00","breadcrumb":{"@id":"https://www.auditorium.com/it/event/orquesta-vale-tango-entre-augustin-bardi-y-carlos-gardel/#breadcrumb"},"inLanguage":"it-IT","potentialAction":[{"@type":"ReadAction","target":["https://www.auditorium.com/it/event/orquesta-vale-tango-entre-augustin-bardi-y-carlos-gardel/"]}]},{"@type":"ImageObject","inLanguage":"it-IT","@id":"https://www.auditorium.com/it/event/orquesta-vale-tango-entre-augustin-bardi-y-carlos-gardel/#primaryimage","url":"https://www.auditorium.com/wp-content/uploads/2024/09/11869_vale_tango222x192.jpg","contentUrl":"https://www.auditorium.com/wp-content/uploads/2024/09/11869_vale_tango222x192.jpg","width":1920,"height":850},{"@type":"BreadcrumbList","@id":"https://www.auditorium.com/it/event/orquesta-vale-tango-entre-augustin-bardi-y-carlos-gardel/#breadcrumb","itemListElement":[{"@type":"ListItem","position":1,"name":"Home","item":"https://www.auditorium.com/it/"},{"@type":"ListItem","position":2,"name":"Orquesta Vale Tango &#8220;Entre Augustin Bardi y Carlos Gardel&#8221;"}]},{"@type":"WebSite","@id":"https://www.auditorium.com/it/#website","url":"https://www.auditorium.com/it/","name":"Auditorium Parco della Musica Ennio Morricone","description":"Progettato da Renzo Piano, l&#039;Auditorium rappresenta una sofisticata architettura musicale e uno straordinario intervento di riqualificazione urbana.","publisher":{"@id":"https://www.auditorium.com/it/#organization"},"potentialAction":[{"@type":"SearchAction","target":{"@type":"EntryPoint","urlTemplate":"https://www.auditorium.com/it/?s={search_term_string}"},"query-input":"required name=search_term_string"}],"inLanguage":"it-IT"},{"@type":"Organization","@id":"https://www.auditorium.com/it/#organization","name":"Auditorium Parco della Musica Ennio Morricone","url":"https://www.auditorium.com/it/","logo":{"@type":"ImageObject","inLanguage":"it-IT","@id":"https://www.auditorium.com/it/#/schema/logo/image/","url":"https://www.auditorium.com/wp-content/uploads/2022/12/logo-auditorium.svg","contentUrl":"https://www.auditorium.com/wp-content/uploads/2022/12/logo-auditorium.svg","width":86,"height":79,"caption":"Auditorium Parco della Musica Ennio Morricone"},"image":{"@id":"https://www.auditorium.com/it/#/schema/logo/image/"},"sameAs":["https://www.facebook.com/AuditoriumParcodellaMusica","https://x.com/auditoriumpdm","https://www.instagram.com/auditoriumparcodellamusica/"]}]}</script>
<!-- / Yoast SEO plugin. -->
