{"id":1850,"date":"2023-01-16T11:54:13","date_gmt":"2023-01-16T11:54:13","guid":{"rendered":"https:\/\/www.auditorium.com\/?post_type=event&#038;p=1850"},"modified":"2023-04-06T13:03:34","modified_gmt":"2023-04-06T12:03:34","slug":"lombra-del-tiranno-antonio-pappano-14-aprile","status":"publish","type":"event","link":"https:\/\/www.auditorium.com\/it\/event\/lombra-del-tiranno-antonio-pappano-14-aprile\/","title":{"rendered":"L&#8217;ombra del tiranno \/ Antonio Pappano"},"content":{"rendered":"<p><strong>Orchestra dell\u2019Accademia Nazionale di Santa Cecilia<\/strong><br \/>\n<em>direttore<\/em> <strong>Antonio Pappano<\/strong><br \/>\n<em>soprano<\/em> <strong>Asmik Grigorian<\/strong><\/p>\n<p><em>L\u2019ombra del tiranno<\/em><br \/>\n<strong>Ambrosini Dos\u00e0na n\u00f3va<\/strong>\u00a0<em>prima esecuzione assoluta \u2013 commissione Accademia di Santa Cecilia<\/em><br \/>\n<strong>R. Strauss<\/strong> Quattro ultimi lieder<br \/>\n<strong>\u0160ostak\u00f3vi\u010d<\/strong>\u00a0Sinfonia n. 10<\/p>\n","protected":false},"excerpt":{"rendered":"Orchestra dell\u2019Accademia Nazionale di Santa Cecilia direttore Antonio Pappano soprano Asmik Grigorian L\u2019ombra del tiranno Ambrosini Dos\u00e0na n\u00f3va\u00a0prima esecuzione assoluta \u2013 commissione Accademia di Santa Cecilia R. Strauss Quattro ultimi lieder \u0160ostak\u00f3vi\u010d\u00a0Sinfonia n. 10","protected":false},"featured_media":6392,"template":"","meta":{"_acf_changed":false,"inline_featured_image":false},"event_categories":[],"event_genre":[60],"event_themes":[],"event_format":[],"event_consigliati":[],"class_list":["post-1850","event","type-event","status-publish","has-post-thumbnail","hentry","event_genre-classica"],"acf":[],"yoast_head":"<!-- This site is optimized with the Yoast SEO plugin v22.6 - https:\/\/yoast.com\/wordpress\/plugins\/seo\/ -->\n<title>L&#039;ombra del tiranno \/ Antonio Pappano | Auditorium Parco della Musica Ennio Morricone<\/title>\n<meta name=\"robots\" content=\"index, follow, max-snippet:-1, max-image-preview:large, max-video-preview:-1\" \/>\n<link rel=\"canonical\" href=\"https:\/\/www.auditorium.com\/it\/event\/lombra-del-tiranno-antonio-pappano-14-aprile\/\" \/>\n<meta property=\"og:locale\" content=\"it_IT\" \/>\n<meta property=\"og:type\" content=\"article\" \/>\n<meta property=\"og:title\" content=\"L&#039;ombra del tiranno \/ Antonio Pappano | Auditorium Parco della Musica Ennio Morricone\" \/>\n<meta property=\"og:description\" content=\"Orchestra dell\u2019Accademia Nazionale di Santa Cecilia direttore Antonio Pappano soprano Asmik Grigorian L\u2019ombra del tiranno Ambrosini Dos\u00e0na n\u00f3va\u00a0prima esecuzione assoluta \u2013 commissione Accademia di Santa Cecilia R. Strauss Quattro ultimi lieder \u0160ostak\u00f3vi\u010d\u00a0Sinfonia n. 10\" \/>\n<meta property=\"og:url\" content=\"https:\/\/www.auditorium.com\/it\/event\/lombra-del-tiranno-antonio-pappano-14-aprile\/\" \/>\n<meta property=\"og:site_name\" content=\"Auditorium Parco della Musica Ennio Morricone\" \/>\n<meta property=\"article:publisher\" content=\"https:\/\/www.facebook.com\/AuditoriumParcodellaMusica\" \/>\n<meta property=\"article:modified_time\" content=\"2023-04-06T12:03:34+00:00\" \/>\n<meta property=\"og:image\" content=\"https:\/\/www.auditorium.com\/wp-content\/uploads\/2023\/01\/pappano-1920-scaled.jpg\" \/>\n\t<meta property=\"og:image:width\" content=\"2560\" \/>\n\t<meta property=\"og:image:height\" content=\"1273\" \/>\n\t<meta property=\"og:image:type\" content=\"image\/jpeg\" \/>\n<meta name=\"twitter:card\" content=\"summary_large_image\" \/>\n<meta name=\"twitter:site\" content=\"@auditoriumpdm\" \/>\n<meta name=\"twitter:label1\" content=\"Tempo di lettura stimato\" \/>\n\t<meta name=\"twitter:data1\" content=\"1 minuto\" \/>\n<script type=\"application\/ld+json\" class=\"yoast-schema-graph\">{\"@context\":\"https:\/\/schema.org\",\"@graph\":[{\"@type\":\"WebPage\",\"@id\":\"https:\/\/www.auditorium.com\/it\/event\/lombra-del-tiranno-antonio-pappano-14-aprile\/\",\"url\":\"https:\/\/www.auditorium.com\/it\/event\/lombra-del-tiranno-antonio-pappano-14-aprile\/\",\"name\":\"L'ombra del tiranno \/ Antonio Pappano | Auditorium Parco della Musica Ennio Morricone\",\"isPartOf\":{\"@id\":\"https:\/\/www.auditorium.com\/it\/#website\"},\"primaryImageOfPage\":{\"@id\":\"https:\/\/www.auditorium.com\/it\/event\/lombra-del-tiranno-antonio-pappano-14-aprile\/#primaryimage\"},\"image\":{\"@id\":\"https:\/\/www.auditorium.com\/it\/event\/lombra-del-tiranno-antonio-pappano-14-aprile\/#primaryimage\"},\"thumbnailUrl\":\"https:\/\/www.auditorium.com\/wp-content\/uploads\/2023\/01\/pappano-1920-scaled.jpg\",\"datePublished\":\"2023-01-16T11:54:13+00:00\",\"dateModified\":\"2023-04-06T12:03:34+00:00\",\"breadcrumb\":{\"@id\":\"https:\/\/www.auditorium.com\/it\/event\/lombra-del-tiranno-antonio-pappano-14-aprile\/#breadcrumb\"},\"inLanguage\":\"it-IT\",\"potentialAction\":[{\"@type\":\"ReadAction\",\"target\":[\"https:\/\/www.auditorium.com\/it\/event\/lombra-del-tiranno-antonio-pappano-14-aprile\/\"]}]},{\"@type\":\"ImageObject\",\"inLanguage\":\"it-IT\",\"@id\":\"https:\/\/www.auditorium.com\/it\/event\/lombra-del-tiranno-antonio-pappano-14-aprile\/#primaryimage\",\"url\":\"https:\/\/www.auditorium.com\/wp-content\/uploads\/2023\/01\/pappano-1920-scaled.jpg\",\"contentUrl\":\"https:\/\/www.auditorium.com\/wp-content\/uploads\/2023\/01\/pappano-1920-scaled.jpg\",\"width\":2560,\"height\":1273,\"caption\":\"Roma, Auditorium Parco della Musica 13 12 2022 Orchestra dell\u2019Accademia Nazionale di Santa Cecilia direttore Antonio Pappano Il canto della notte Mahler Sinfonia n. 7 \u00a9Accademia Nazionale di Santa Cecilia \/ Musacchio, Ianniello &amp; Pasqualini ******************* NB la presente foto puo' essere utilizzata esclusivamente per l'avvenimento in oggetto o per pubblicazioni riguardanti l'Accademia Nazionale di Santa Cecilia *******************\"},{\"@type\":\"BreadcrumbList\",\"@id\":\"https:\/\/www.auditorium.com\/it\/event\/lombra-del-tiranno-antonio-pappano-14-aprile\/#breadcrumb\",\"itemListElement\":[{\"@type\":\"ListItem\",\"position\":1,\"name\":\"Home\",\"item\":\"https:\/\/www.auditorium.com\/it\/\"},{\"@type\":\"ListItem\",\"position\":2,\"name\":\"L&#8217;ombra del tiranno \/ Antonio Pappano\"}]},{\"@type\":\"WebSite\",\"@id\":\"https:\/\/www.auditorium.com\/it\/#website\",\"url\":\"https:\/\/www.auditorium.com\/it\/\",\"name\":\"Auditorium Parco della Musica Ennio Morricone\",\"description\":\"Progettato da Renzo Piano, l&#039;Auditorium rappresenta una sofisticata architettura musicale e uno straordinario intervento di riqualificazione urbana.\",\"publisher\":{\"@id\":\"https:\/\/www.auditorium.com\/it\/#organization\"},\"potentialAction\":[{\"@type\":\"SearchAction\",\"target\":{\"@type\":\"EntryPoint\",\"urlTemplate\":\"https:\/\/www.auditorium.com\/it\/?s={search_term_string}\"},\"query-input\":\"required name=search_term_string\"}],\"inLanguage\":\"it-IT\"},{\"@type\":\"Organization\",\"@id\":\"https:\/\/www.auditorium.com\/it\/#organization\",\"name\":\"Auditorium Parco della Musica Ennio Morricone\",\"url\":\"https:\/\/www.auditorium.com\/it\/\",\"logo\":{\"@type\":\"ImageObject\",\"inLanguage\":\"it-IT\",\"@id\":\"https:\/\/www.auditorium.com\/it\/#\/schema\/logo\/image\/\",\"url\":\"https:\/\/www.auditorium.com\/wp-content\/uploads\/2022\/12\/logo-auditorium.svg\",\"contentUrl\":\"https:\/\/www.auditorium.com\/wp-content\/uploads\/2022\/12\/logo-auditorium.svg\",\"width\":86,\"height\":79,\"caption\":\"Auditorium Parco della Musica Ennio Morricone\"},\"image\":{\"@id\":\"https:\/\/www.auditorium.com\/it\/#\/schema\/logo\/image\/\"},\"sameAs\":[\"https:\/\/www.facebook.com\/AuditoriumParcodellaMusica\",\"https:\/\/x.com\/auditoriumpdm\",\"https:\/\/www.instagram.com\/auditoriumparcodellamusica\/\"]}]}<\/script>\n<!-- \/ Yoast SEO plugin. -->","yoast_head_json":{"title":"L'ombra del tiranno \/ Antonio Pappano | Auditorium Parco della Musica Ennio Morricone","robots":{"index":"index","follow":"follow","max-snippet":"max-snippet:-1","max-image-preview":"max-image-preview:large","max-video-preview":"max-video-preview:-1"},"canonical":"https:\/\/www.auditorium.com\/it\/event\/lombra-del-tiranno-antonio-pappano-14-aprile\/","og_locale":"it_IT","og_type":"article","og_title":"L'ombra del tiranno \/ Antonio Pappano | Auditorium Parco della Musica Ennio Morricone","og_description":"Orchestra dell\u2019Accademia Nazionale di Santa Cecilia direttore Antonio Pappano soprano Asmik Grigorian L\u2019ombra del tiranno Ambrosini Dos\u00e0na n\u00f3va\u00a0prima esecuzione assoluta \u2013 commissione Accademia di Santa Cecilia R. Strauss Quattro ultimi lieder \u0160ostak\u00f3vi\u010d\u00a0Sinfonia n. 10","og_url":"https:\/\/www.auditorium.com\/it\/event\/lombra-del-tiranno-antonio-pappano-14-aprile\/","og_site_name":"Auditorium Parco della Musica Ennio Morricone","article_publisher":"https:\/\/www.facebook.com\/AuditoriumParcodellaMusica","article_modified_time":"2023-04-06T12:03:34+00:00","og_image":[{"width":2560,"height":1273,"url":"https:\/\/www.auditorium.com\/wp-content\/uploads\/2023\/01\/pappano-1920-scaled.jpg","type":"image\/jpeg"}],"twitter_card":"summary_large_image","twitter_site":"@auditoriumpdm","twitter_misc":{"Tempo di lettura stimato":"1 minuto"},"schema":{"@context":"https:\/\/schema.org","@graph":[{"@type":"WebPage","@id":"https:\/\/www.auditorium.com\/it\/event\/lombra-del-tiranno-antonio-pappano-14-aprile\/","url":"https:\/\/www.auditorium.com\/it\/event\/lombra-del-tiranno-antonio-pappano-14-aprile\/","name":"L'ombra del tiranno \/ Antonio Pappano | Auditorium Parco della Musica Ennio Morricone","isPartOf":{"@id":"https:\/\/www.auditorium.com\/it\/#website"},"primaryImageOfPage":{"@id":"https:\/\/www.auditorium.com\/it\/event\/lombra-del-tiranno-antonio-pappano-14-aprile\/#primaryimage"},"image":{"@id":"https:\/\/www.auditorium.com\/it\/event\/lombra-del-tiranno-antonio-pappano-14-aprile\/#primaryimage"},"thumbnailUrl":"https:\/\/www.auditorium.com\/wp-content\/uploads\/2023\/01\/pappano-1920-scaled.jpg","datePublished":"2023-01-16T11:54:13+00:00","dateModified":"2023-04-06T12:03:34+00:00","breadcrumb":{"@id":"https:\/\/www.auditorium.com\/it\/event\/lombra-del-tiranno-antonio-pappano-14-aprile\/#breadcrumb"},"inLanguage":"it-IT","potentialAction":[{"@type":"ReadAction","target":["https:\/\/www.auditorium.com\/it\/event\/lombra-del-tiranno-antonio-pappano-14-aprile\/"]}]},{"@type":"ImageObject","inLanguage":"it-IT","@id":"https:\/\/www.auditorium.com\/it\/event\/lombra-del-tiranno-antonio-pappano-14-aprile\/#primaryimage","url":"https:\/\/www.auditorium.com\/wp-content\/uploads\/2023\/01\/pappano-1920-scaled.jpg","contentUrl":"https:\/\/www.auditorium.com\/wp-content\/uploads\/2023\/01\/pappano-1920-scaled.jpg","width":2560,"height":1273,"caption":"Roma, Auditorium Parco della Musica 13 12 2022 Orchestra dell\u2019Accademia Nazionale di Santa Cecilia direttore Antonio Pappano Il canto della notte Mahler Sinfonia n. 7 \u00a9Accademia Nazionale di Santa Cecilia \/ Musacchio, Ianniello &amp; Pasqualini ******************* NB la presente foto puo' essere utilizzata esclusivamente per l'avvenimento in oggetto o per pubblicazioni riguardanti l'Accademia Nazionale di Santa Cecilia *******************"},{"@type":"BreadcrumbList","@id":"https:\/\/www.auditorium.com\/it\/event\/lombra-del-tiranno-antonio-pappano-14-aprile\/#breadcrumb","itemListElement":[{"@type":"ListItem","position":1,"name":"Home","item":"https:\/\/www.auditorium.com\/it\/"},{"@type":"ListItem","position":2,"name":"L&#8217;ombra del tiranno \/ Antonio Pappano"}]},{"@type":"WebSite","@id":"https:\/\/www.auditorium.com\/it\/#website","url":"https:\/\/www.auditorium.com\/it\/","name":"Auditorium Parco della Musica Ennio Morricone","description":"Progettato da Renzo Piano, l&#039;Auditorium rappresenta una sofisticata architettura musicale e uno straordinario intervento di riqualificazione urbana.","publisher":{"@id":"https:\/\/www.auditorium.com\/it\/#organization"},"potentialAction":[{"@type":"SearchAction","target":{"@type":"EntryPoint","urlTemplate":"https:\/\/www.auditorium.com\/it\/?s={search_term_string}"},"query-input":"required name=search_term_string"}],"inLanguage":"it-IT"},{"@type":"Organization","@id":"https:\/\/www.auditorium.com\/it\/#organization","name":"Auditorium Parco della Musica Ennio Morricone","url":"https:\/\/www.auditorium.com\/it\/","logo":{"@type":"ImageObject","inLanguage":"it-IT","@id":"https:\/\/www.auditorium.com\/it\/#\/schema\/logo\/image\/","url":"https:\/\/www.auditorium.com\/wp-content\/uploads\/2022\/12\/logo-auditorium.svg","contentUrl":"https:\/\/www.auditorium.com\/wp-content\/uploads\/2022\/12\/logo-auditorium.svg","width":86,"height":79,"caption":"Auditorium Parco della Musica Ennio Morricone"},"image":{"@id":"https:\/\/www.auditorium.com\/it\/#\/schema\/logo\/image\/"},"sameAs":["https:\/\/www.facebook.com\/AuditoriumParcodellaMusica","https:\/\/x.com\/auditoriumpdm","https:\/\/www.instagram.com\/auditoriumparcodellamusica\/"]}]}},"_links":{"self":[{"href":"https:\/\/www.auditorium.com\/it\/wp-json\/wp\/v2\/event\/1850","targetHints":{"allow":["GET"]}}],"collection":[{"href":"https:\/\/www.auditorium.com\/it\/wp-json\/wp\/v2\/event"}],"about":[{"href":"https:\/\/www.auditorium.com\/it\/wp-json\/wp\/v2\/types\/event"}],"wp:featuredmedia":[{"embeddable":true,"href":"https:\/\/www.auditorium.com\/it\/wp-json\/wp\/v2\/media\/6392"}],"wp:attachment":[{"href":"https:\/\/www.auditorium.com\/it\/wp-json\/wp\/v2\/media?parent=1850"}],"wp:term":[{"taxonomy":"event_categories","embeddable":true,"href":"https:\/\/www.auditorium.com\/it\/wp-json\/wp\/v2\/event_categories?post=1850"},{"taxonomy":"event_genre","embeddable":true,"href":"https:\/\/www.auditorium.com\/it\/wp-json\/wp\/v2\/event_genre?post=1850"},{"taxonomy":"event_themes","embeddable":true,"href":"https:\/\/www.auditorium.com\/it\/wp-json\/wp\/v2\/event_themes?post=1850"},{"taxonomy":"event_format","embeddable":true,"href":"https:\/\/www.auditorium.com\/it\/wp-json\/wp\/v2\/event_format?post=1850"},{"taxonomy":"event_consigliati","embeddable":true,"href":"https:\/\/www.auditorium.com\/it\/wp-json\/wp\/v2\/event_consigliati?post=1850"}],"curies":[{"name":"wp","href":"https:\/\/api.w.org\/{rel}","templated":true}]}}

<p><strong>Orchestra dell’Accademia Nazionale di Santa Cecilia</strong><br />
<em>direttore</em> <strong>Antonio Pappano</strong><br />
<em>soprano</em> <strong>Asmik Grigorian</strong></p>
<p><em>L’ombra del tiranno</em><br />
<strong>Ambrosini Dosàna nóva</strong> <em>prima esecuzione assoluta – commissione Accademia di Santa Cecilia</em><br />
<strong>R. Strauss</strong> Quattro ultimi lieder<br />
<strong>Šostakóvič</strong> Sinfonia n. 10</p>

Orchestra dell’Accademia Nazionale di Santa Cecilia direttore Antonio Pappano soprano Asmik Grigorian L’ombra del tiranno Ambrosini Dosàna nóva prima esecuzione assoluta – commissione Accademia di Santa Cecilia R. Strauss Quattro ultimi lieder Šostakóvič Sinfonia n. 10

<!-- This site is optimized with the Yoast SEO plugin v22.6 - https://yoast.com/wordpress/plugins/seo/ -->
<title>L&#039;ombra del tiranno / Antonio Pappano | Auditorium Parco della Musica Ennio Morricone</title>
<meta name="robots" content="index, follow, max-snippet:-1, max-image-preview:large, max-video-preview:-1" />
<link rel="canonical" href="https://www.auditorium.com/it/event/lombra-del-tiranno-antonio-pappano-14-aprile/" />
<meta property="og:locale" content="it_IT" />
<meta property="og:type" content="article" />
<meta property="og:title" content="L&#039;ombra del tiranno / Antonio Pappano | Auditorium Parco della Musica Ennio Morricone" />
<meta property="og:description" content="Orchestra dell’Accademia Nazionale di Santa Cecilia direttore Antonio Pappano soprano Asmik Grigorian L’ombra del tiranno Ambrosini Dosàna nóva prima esecuzione assoluta – commissione Accademia di Santa Cecilia R. Strauss Quattro ultimi lieder Šostakóvič Sinfonia n. 10" />
<meta property="og:url" content="https://www.auditorium.com/it/event/lombra-del-tiranno-antonio-pappano-14-aprile/" />
<meta property="og:site_name" content="Auditorium Parco della Musica Ennio Morricone" />
<meta property="article:publisher" content="https://www.facebook.com/AuditoriumParcodellaMusica" />
<meta property="article:modified_time" content="2023-04-06T12:03:34+00:00" />
<meta property="og:image" content="https://www.auditorium.com/wp-content/uploads/2023/01/pappano-1920-scaled.jpg" />
	<meta property="og:image:width" content="2560" />
	<meta property="og:image:height" content="1273" />
	<meta property="og:image:type" content="image/jpeg" />
<meta name="twitter:card" content="summary_large_image" />
<meta name="twitter:site" content="@auditoriumpdm" />
<meta name="twitter:label1" content="Tempo di lettura stimato" />
	<meta name="twitter:data1" content="1 minuto" />
<script type="application/ld+json" class="yoast-schema-graph">{"@context":"https://schema.org","@graph":[{"@type":"WebPage","@id":"https://www.auditorium.com/it/event/lombra-del-tiranno-antonio-pappano-14-aprile/","url":"https://www.auditorium.com/it/event/lombra-del-tiranno-antonio-pappano-14-aprile/","name":"L'ombra del tiranno / Antonio Pappano | Auditorium Parco della Musica Ennio Morricone","isPartOf":{"@id":"https://www.auditorium.com/it/#website"},"primaryImageOfPage":{"@id":"https://www.auditorium.com/it/event/lombra-del-tiranno-antonio-pappano-14-aprile/#primaryimage"},"image":{"@id":"https://www.auditorium.com/it/event/lombra-del-tiranno-antonio-pappano-14-aprile/#primaryimage"},"thumbnailUrl":"https://www.auditorium.com/wp-content/uploads/2023/01/pappano-1920-scaled.jpg","datePublished":"2023-01-16T11:54:13+00:00","dateModified":"2023-04-06T12:03:34+00:00","breadcrumb":{"@id":"https://www.auditorium.com/it/event/lombra-del-tiranno-antonio-pappano-14-aprile/#breadcrumb"},"inLanguage":"it-IT","potentialAction":[{"@type":"ReadAction","target":["https://www.auditorium.com/it/event/lombra-del-tiranno-antonio-pappano-14-aprile/"]}]},{"@type":"ImageObject","inLanguage":"it-IT","@id":"https://www.auditorium.com/it/event/lombra-del-tiranno-antonio-pappano-14-aprile/#primaryimage","url":"https://www.auditorium.com/wp-content/uploads/2023/01/pappano-1920-scaled.jpg","contentUrl":"https://www.auditorium.com/wp-content/uploads/2023/01/pappano-1920-scaled.jpg","width":2560,"height":1273,"caption":"Roma, Auditorium Parco della Musica 13 12 2022 Orchestra dell’Accademia Nazionale di Santa Cecilia direttore Antonio Pappano Il canto della notte Mahler Sinfonia n. 7 ©Accademia Nazionale di Santa Cecilia / Musacchio, Ianniello &amp; Pasqualini ******************* NB la presente foto puo' essere utilizzata esclusivamente per l'avvenimento in oggetto o per pubblicazioni riguardanti l'Accademia Nazionale di Santa Cecilia *******************"},{"@type":"BreadcrumbList","@id":"https://www.auditorium.com/it/event/lombra-del-tiranno-antonio-pappano-14-aprile/#breadcrumb","itemListElement":[{"@type":"ListItem","position":1,"name":"Home","item":"https://www.auditorium.com/it/"},{"@type":"ListItem","position":2,"name":"L&#8217;ombra del tiranno / Antonio Pappano"}]},{"@type":"WebSite","@id":"https://www.auditorium.com/it/#website","url":"https://www.auditorium.com/it/","name":"Auditorium Parco della Musica Ennio Morricone","description":"Progettato da Renzo Piano, l&#039;Auditorium rappresenta una sofisticata architettura musicale e uno straordinario intervento di riqualificazione urbana.","publisher":{"@id":"https://www.auditorium.com/it/#organization"},"potentialAction":[{"@type":"SearchAction","target":{"@type":"EntryPoint","urlTemplate":"https://www.auditorium.com/it/?s={search_term_string}"},"query-input":"required name=search_term_string"}],"inLanguage":"it-IT"},{"@type":"Organization","@id":"https://www.auditorium.com/it/#organization","name":"Auditorium Parco della Musica Ennio Morricone","url":"https://www.auditorium.com/it/","logo":{"@type":"ImageObject","inLanguage":"it-IT","@id":"https://www.auditorium.com/it/#/schema/logo/image/","url":"https://www.auditorium.com/wp-content/uploads/2022/12/logo-auditorium.svg","contentUrl":"https://www.auditorium.com/wp-content/uploads/2022/12/logo-auditorium.svg","width":86,"height":79,"caption":"Auditorium Parco della Musica Ennio Morricone"},"image":{"@id":"https://www.auditorium.com/it/#/schema/logo/image/"},"sameAs":["https://www.facebook.com/AuditoriumParcodellaMusica","https://x.com/auditoriumpdm","https://www.instagram.com/auditoriumparcodellamusica/"]}]}</script>
<!-- / Yoast SEO plugin. -->
