{"id":14252,"date":"2024-03-05T19:49:33","date_gmt":"2024-03-05T18:49:33","guid":{"rendered":"https:\/\/www.auditorium.com\/?post_type=event&#038;p=14252"},"modified":"2025-04-01T09:41:50","modified_gmt":"2025-04-01T08:41:50","slug":"linfinito-dentro-di-me","status":"publish","type":"event","link":"https:\/\/www.auditorium.com\/it\/event\/linfinito-dentro-di-me\/","title":{"rendered":"L&#8217;infinito dentro di me"},"content":{"rendered":"<p><span style=\"font-weight: 400;\">In collaborazione con De Agostini<\/span><\/p>\n<p><a href=\"https:\/\/www.auditorium.com\/it\/artist\/barbara-gallavotti\/\"><strong>Barbara Gallavotti<\/strong><\/a> \u2013 Giornalista, autrice e divulgatrice scientifica<\/p>\n<p><strong>TARGET: 10-14 anni | Durata 60&#8242; | Anche in Live Streaming<\/strong><\/p>\n<p>Cos\u2019hanno in comune un sasso, una lumaca e tutto ci\u00f2 che pu\u00f2 venire in mente? Sono fatti di materia. Ma di che cosa \u00e8 composta la materia? <strong>Barbara Gallavotti<\/strong> ci svela la ricetta \u201cper fabbricare l\u2019Universo\u201d: in questo incontro si conosceranno le scienziate e gli scienziati che hanno portato alle scoperte pi\u00f9 sensazionali della Storia e si incontrer\u00e0 qualsiasi tipo di essere vivente, dai giganteschi dinosauri ai batteri pi\u00f9 microscopici, capendo che ognuno di noi concorre a scrivere la storia della Vita sulla Terra: l\u2019unico posto dell\u2019Universo dove possiamo sentirci a casa.<\/p>\n<p><strong>Evento riservato alle scuole con prenotazione obbligatoria: <a href=\"mailto:info@altacademy.it\">info@altacademy.it<\/a><\/strong><\/p>\n","protected":false},"excerpt":{"rendered":"Dal 16 al 21 aprile 2024 il Festival delle Scienze di Roma torna all\u2019Auditorium Parco della Musica Ennio Morricone con la sua XIX edizione.","protected":false},"featured_media":14780,"template":"","meta":{"_acf_changed":false,"inline_featured_image":false},"event_categories":[],"event_genre":[],"event_themes":[],"event_format":[77,74],"event_consigliati":[],"class_list":["post-14252","event","type-event","status-publish","has-post-thumbnail","hentry","event_format-educational","event_format-festival"],"acf":[],"yoast_head":"<!-- This site is optimized with the Yoast SEO plugin v22.6 - https:\/\/yoast.com\/wordpress\/plugins\/seo\/ -->\n<title>L&#039;infinito dentro di me | Auditorium Parco della Musica Ennio Morricone<\/title>\n<meta name=\"description\" content=\"Dal 16 al 21 aprile 2024 il Festival delle Scienze di Roma torna all\u2019Auditorium Parco della Musica Ennio Morricone con la sua XIX edizione.\" \/>\n<meta name=\"robots\" content=\"index, follow, max-snippet:-1, max-image-preview:large, max-video-preview:-1\" \/>\n<link rel=\"canonical\" href=\"https:\/\/www.auditorium.com\/it\/event\/linfinito-dentro-di-me\/\" \/>\n<meta property=\"og:locale\" content=\"it_IT\" \/>\n<meta property=\"og:type\" content=\"article\" \/>\n<meta property=\"og:title\" content=\"L&#039;infinito dentro di me | Auditorium Parco della Musica Ennio Morricone\" \/>\n<meta property=\"og:description\" content=\"Dal 16 al 21 aprile 2024 il Festival delle Scienze di Roma torna all\u2019Auditorium Parco della Musica Ennio Morricone con la sua XIX edizione.\" \/>\n<meta property=\"og:url\" content=\"https:\/\/www.auditorium.com\/it\/event\/linfinito-dentro-di-me\/\" \/>\n<meta property=\"og:site_name\" content=\"Auditorium Parco della Musica Ennio Morricone\" \/>\n<meta property=\"article:publisher\" content=\"https:\/\/www.facebook.com\/AuditoriumParcodellaMusica\" \/>\n<meta property=\"article:modified_time\" content=\"2025-04-01T08:41:50+00:00\" \/>\n<meta property=\"og:image\" content=\"https:\/\/www.auditorium.com\/wp-content\/uploads\/2024\/03\/16_04_24_930_petrassi_Infinito_.jpg\" \/>\n\t<meta property=\"og:image:width\" content=\"1920\" \/>\n\t<meta property=\"og:image:height\" content=\"1080\" \/>\n\t<meta property=\"og:image:type\" content=\"image\/jpeg\" \/>\n<meta name=\"twitter:card\" content=\"summary_large_image\" \/>\n<meta name=\"twitter:site\" content=\"@auditoriumpdm\" \/>\n<meta name=\"twitter:label1\" content=\"Tempo di lettura stimato\" \/>\n\t<meta name=\"twitter:data1\" content=\"1 minuto\" \/>\n<script type=\"application\/ld+json\" class=\"yoast-schema-graph\">{\"@context\":\"https:\/\/schema.org\",\"@graph\":[{\"@type\":\"WebPage\",\"@id\":\"https:\/\/www.auditorium.com\/it\/event\/linfinito-dentro-di-me\/\",\"url\":\"https:\/\/www.auditorium.com\/it\/event\/linfinito-dentro-di-me\/\",\"name\":\"L'infinito dentro di me | Auditorium Parco della Musica Ennio Morricone\",\"isPartOf\":{\"@id\":\"https:\/\/www.auditorium.com\/it\/#website\"},\"primaryImageOfPage\":{\"@id\":\"https:\/\/www.auditorium.com\/it\/event\/linfinito-dentro-di-me\/#primaryimage\"},\"image\":{\"@id\":\"https:\/\/www.auditorium.com\/it\/event\/linfinito-dentro-di-me\/#primaryimage\"},\"thumbnailUrl\":\"https:\/\/www.auditorium.com\/wp-content\/uploads\/2024\/03\/16_04_24_930_petrassi_Infinito_.jpg\",\"datePublished\":\"2024-03-05T18:49:33+00:00\",\"dateModified\":\"2025-04-01T08:41:50+00:00\",\"description\":\"Dal 16 al 21 aprile 2024 il Festival delle Scienze di Roma torna all\u2019Auditorium Parco della Musica Ennio Morricone con la sua XIX edizione.\",\"breadcrumb\":{\"@id\":\"https:\/\/www.auditorium.com\/it\/event\/linfinito-dentro-di-me\/#breadcrumb\"},\"inLanguage\":\"it-IT\",\"potentialAction\":[{\"@type\":\"ReadAction\",\"target\":[\"https:\/\/www.auditorium.com\/it\/event\/linfinito-dentro-di-me\/\"]}]},{\"@type\":\"ImageObject\",\"inLanguage\":\"it-IT\",\"@id\":\"https:\/\/www.auditorium.com\/it\/event\/linfinito-dentro-di-me\/#primaryimage\",\"url\":\"https:\/\/www.auditorium.com\/wp-content\/uploads\/2024\/03\/16_04_24_930_petrassi_Infinito_.jpg\",\"contentUrl\":\"https:\/\/www.auditorium.com\/wp-content\/uploads\/2024\/03\/16_04_24_930_petrassi_Infinito_.jpg\",\"width\":1920,\"height\":1080},{\"@type\":\"BreadcrumbList\",\"@id\":\"https:\/\/www.auditorium.com\/it\/event\/linfinito-dentro-di-me\/#breadcrumb\",\"itemListElement\":[{\"@type\":\"ListItem\",\"position\":1,\"name\":\"Home\",\"item\":\"https:\/\/www.auditorium.com\/it\/\"},{\"@type\":\"ListItem\",\"position\":2,\"name\":\"L&#8217;infinito dentro di me\"}]},{\"@type\":\"WebSite\",\"@id\":\"https:\/\/www.auditorium.com\/it\/#website\",\"url\":\"https:\/\/www.auditorium.com\/it\/\",\"name\":\"Auditorium Parco della Musica Ennio Morricone\",\"description\":\"Progettato da Renzo Piano, l&#039;Auditorium rappresenta una sofisticata architettura musicale e uno straordinario intervento di riqualificazione urbana.\",\"publisher\":{\"@id\":\"https:\/\/www.auditorium.com\/it\/#organization\"},\"potentialAction\":[{\"@type\":\"SearchAction\",\"target\":{\"@type\":\"EntryPoint\",\"urlTemplate\":\"https:\/\/www.auditorium.com\/it\/?s={search_term_string}\"},\"query-input\":\"required name=search_term_string\"}],\"inLanguage\":\"it-IT\"},{\"@type\":\"Organization\",\"@id\":\"https:\/\/www.auditorium.com\/it\/#organization\",\"name\":\"Auditorium Parco della Musica Ennio Morricone\",\"url\":\"https:\/\/www.auditorium.com\/it\/\",\"logo\":{\"@type\":\"ImageObject\",\"inLanguage\":\"it-IT\",\"@id\":\"https:\/\/www.auditorium.com\/it\/#\/schema\/logo\/image\/\",\"url\":\"https:\/\/www.auditorium.com\/wp-content\/uploads\/2022\/12\/logo-auditorium.svg\",\"contentUrl\":\"https:\/\/www.auditorium.com\/wp-content\/uploads\/2022\/12\/logo-auditorium.svg\",\"width\":86,\"height\":79,\"caption\":\"Auditorium Parco della Musica Ennio Morricone\"},\"image\":{\"@id\":\"https:\/\/www.auditorium.com\/it\/#\/schema\/logo\/image\/\"},\"sameAs\":[\"https:\/\/www.facebook.com\/AuditoriumParcodellaMusica\",\"https:\/\/x.com\/auditoriumpdm\",\"https:\/\/www.instagram.com\/auditoriumparcodellamusica\/\"]}]}<\/script>\n<!-- \/ Yoast SEO plugin. -->","yoast_head_json":{"title":"L'infinito dentro di me | Auditorium Parco della Musica Ennio Morricone","description":"Dal 16 al 21 aprile 2024 il Festival delle Scienze di Roma torna all\u2019Auditorium Parco della Musica Ennio Morricone con la sua XIX edizione.","robots":{"index":"index","follow":"follow","max-snippet":"max-snippet:-1","max-image-preview":"max-image-preview:large","max-video-preview":"max-video-preview:-1"},"canonical":"https:\/\/www.auditorium.com\/it\/event\/linfinito-dentro-di-me\/","og_locale":"it_IT","og_type":"article","og_title":"L'infinito dentro di me | Auditorium Parco della Musica Ennio Morricone","og_description":"Dal 16 al 21 aprile 2024 il Festival delle Scienze di Roma torna all\u2019Auditorium Parco della Musica Ennio Morricone con la sua XIX edizione.","og_url":"https:\/\/www.auditorium.com\/it\/event\/linfinito-dentro-di-me\/","og_site_name":"Auditorium Parco della Musica Ennio Morricone","article_publisher":"https:\/\/www.facebook.com\/AuditoriumParcodellaMusica","article_modified_time":"2025-04-01T08:41:50+00:00","og_image":[{"width":1920,"height":1080,"url":"https:\/\/www.auditorium.com\/wp-content\/uploads\/2024\/03\/16_04_24_930_petrassi_Infinito_.jpg","type":"image\/jpeg"}],"twitter_card":"summary_large_image","twitter_site":"@auditoriumpdm","twitter_misc":{"Tempo di lettura stimato":"1 minuto"},"schema":{"@context":"https:\/\/schema.org","@graph":[{"@type":"WebPage","@id":"https:\/\/www.auditorium.com\/it\/event\/linfinito-dentro-di-me\/","url":"https:\/\/www.auditorium.com\/it\/event\/linfinito-dentro-di-me\/","name":"L'infinito dentro di me | Auditorium Parco della Musica Ennio Morricone","isPartOf":{"@id":"https:\/\/www.auditorium.com\/it\/#website"},"primaryImageOfPage":{"@id":"https:\/\/www.auditorium.com\/it\/event\/linfinito-dentro-di-me\/#primaryimage"},"image":{"@id":"https:\/\/www.auditorium.com\/it\/event\/linfinito-dentro-di-me\/#primaryimage"},"thumbnailUrl":"https:\/\/www.auditorium.com\/wp-content\/uploads\/2024\/03\/16_04_24_930_petrassi_Infinito_.jpg","datePublished":"2024-03-05T18:49:33+00:00","dateModified":"2025-04-01T08:41:50+00:00","description":"Dal 16 al 21 aprile 2024 il Festival delle Scienze di Roma torna all\u2019Auditorium Parco della Musica Ennio Morricone con la sua XIX edizione.","breadcrumb":{"@id":"https:\/\/www.auditorium.com\/it\/event\/linfinito-dentro-di-me\/#breadcrumb"},"inLanguage":"it-IT","potentialAction":[{"@type":"ReadAction","target":["https:\/\/www.auditorium.com\/it\/event\/linfinito-dentro-di-me\/"]}]},{"@type":"ImageObject","inLanguage":"it-IT","@id":"https:\/\/www.auditorium.com\/it\/event\/linfinito-dentro-di-me\/#primaryimage","url":"https:\/\/www.auditorium.com\/wp-content\/uploads\/2024\/03\/16_04_24_930_petrassi_Infinito_.jpg","contentUrl":"https:\/\/www.auditorium.com\/wp-content\/uploads\/2024\/03\/16_04_24_930_petrassi_Infinito_.jpg","width":1920,"height":1080},{"@type":"BreadcrumbList","@id":"https:\/\/www.auditorium.com\/it\/event\/linfinito-dentro-di-me\/#breadcrumb","itemListElement":[{"@type":"ListItem","position":1,"name":"Home","item":"https:\/\/www.auditorium.com\/it\/"},{"@type":"ListItem","position":2,"name":"L&#8217;infinito dentro di me"}]},{"@type":"WebSite","@id":"https:\/\/www.auditorium.com\/it\/#website","url":"https:\/\/www.auditorium.com\/it\/","name":"Auditorium Parco della Musica Ennio Morricone","description":"Progettato da Renzo Piano, l&#039;Auditorium rappresenta una sofisticata architettura musicale e uno straordinario intervento di riqualificazione urbana.","publisher":{"@id":"https:\/\/www.auditorium.com\/it\/#organization"},"potentialAction":[{"@type":"SearchAction","target":{"@type":"EntryPoint","urlTemplate":"https:\/\/www.auditorium.com\/it\/?s={search_term_string}"},"query-input":"required name=search_term_string"}],"inLanguage":"it-IT"},{"@type":"Organization","@id":"https:\/\/www.auditorium.com\/it\/#organization","name":"Auditorium Parco della Musica Ennio Morricone","url":"https:\/\/www.auditorium.com\/it\/","logo":{"@type":"ImageObject","inLanguage":"it-IT","@id":"https:\/\/www.auditorium.com\/it\/#\/schema\/logo\/image\/","url":"https:\/\/www.auditorium.com\/wp-content\/uploads\/2022\/12\/logo-auditorium.svg","contentUrl":"https:\/\/www.auditorium.com\/wp-content\/uploads\/2022\/12\/logo-auditorium.svg","width":86,"height":79,"caption":"Auditorium Parco della Musica Ennio Morricone"},"image":{"@id":"https:\/\/www.auditorium.com\/it\/#\/schema\/logo\/image\/"},"sameAs":["https:\/\/www.facebook.com\/AuditoriumParcodellaMusica","https:\/\/x.com\/auditoriumpdm","https:\/\/www.instagram.com\/auditoriumparcodellamusica\/"]}]}},"_links":{"self":[{"href":"https:\/\/www.auditorium.com\/it\/wp-json\/wp\/v2\/event\/14252","targetHints":{"allow":["GET"]}}],"collection":[{"href":"https:\/\/www.auditorium.com\/it\/wp-json\/wp\/v2\/event"}],"about":[{"href":"https:\/\/www.auditorium.com\/it\/wp-json\/wp\/v2\/types\/event"}],"wp:featuredmedia":[{"embeddable":true,"href":"https:\/\/www.auditorium.com\/it\/wp-json\/wp\/v2\/media\/14780"}],"wp:attachment":[{"href":"https:\/\/www.auditorium.com\/it\/wp-json\/wp\/v2\/media?parent=14252"}],"wp:term":[{"taxonomy":"event_categories","embeddable":true,"href":"https:\/\/www.auditorium.com\/it\/wp-json\/wp\/v2\/event_categories?post=14252"},{"taxonomy":"event_genre","embeddable":true,"href":"https:\/\/www.auditorium.com\/it\/wp-json\/wp\/v2\/event_genre?post=14252"},{"taxonomy":"event_themes","embeddable":true,"href":"https:\/\/www.auditorium.com\/it\/wp-json\/wp\/v2\/event_themes?post=14252"},{"taxonomy":"event_format","embeddable":true,"href":"https:\/\/www.auditorium.com\/it\/wp-json\/wp\/v2\/event_format?post=14252"},{"taxonomy":"event_consigliati","embeddable":true,"href":"https:\/\/www.auditorium.com\/it\/wp-json\/wp\/v2\/event_consigliati?post=14252"}],"curies":[{"name":"wp","href":"https:\/\/api.w.org\/{rel}","templated":true}]}}

<p><span style="font-weight: 400;">In collaborazione con De Agostini</span></p>
<p><a href="https://www.auditorium.com/it/artist/barbara-gallavotti/"><strong>Barbara Gallavotti</strong></a> – Giornalista, autrice e divulgatrice scientifica</p>
<p><strong>TARGET: 10-14 anni | Durata 60&#8242; | Anche in Live Streaming</strong></p>
<p>Cos’hanno in comune un sasso, una lumaca e tutto ciò che può venire in mente? Sono fatti di materia. Ma di che cosa è composta la materia? <strong>Barbara Gallavotti</strong> ci svela la ricetta “per fabbricare l’Universo”: in questo incontro si conosceranno le scienziate e gli scienziati che hanno portato alle scoperte più sensazionali della Storia e si incontrerà qualsiasi tipo di essere vivente, dai giganteschi dinosauri ai batteri più microscopici, capendo che ognuno di noi concorre a scrivere la storia della Vita sulla Terra: l’unico posto dell’Universo dove possiamo sentirci a casa.</p>
<p><strong>Evento riservato alle scuole con prenotazione obbligatoria: <a href="mailto:info@altacademy.it">info@altacademy.it</a></strong></p>
