{"id":13558,"date":"2024-02-06T15:04:17","date_gmt":"2024-02-06T14:04:17","guid":{"rendered":"https:\/\/www.auditorium.com\/?post_type=event&#038;p=13558"},"modified":"2024-02-07T20:44:37","modified_gmt":"2024-02-07T19:44:37","slug":"mario-venuti","status":"publish","type":"event","link":"https:\/\/www.auditorium.com\/it\/event\/mario-venuti\/","title":{"rendered":"Mario Venuti"},"content":{"rendered":"<p>Con la sua versatilit\u00e0\u0300 artistica, <strong>Mario Venuti<\/strong> ci regaler\u00e0\u0300 un concerto unico, caratterizzato dalle calde sonorit\u00e0 jazz e con uno sguardo al suo tanto amato Brasile. Il cantautore interpreter\u00e0 i suoi brani pi\u00f9 celebri, oltre a molte canzoni italiane, facendo rivivere emozioni e ricordi legati a brani intramontabili. 60+40 100% <strong>Mario Venuti<\/strong> promette di regalare al pubblico una serata indimenticabile dove le \u00a0note calde e coinvolgenti del jazz si fonderanno con la voce unica di <strong>Venuti<\/strong>.<\/p>\n<p>I musicisti che accompagneranno <strong>Mario Venut<\/strong>i:<br \/>\n<strong>Pierpaolo Latina<\/strong> (pianoforte)<br \/>\n<strong>Giuseppe Tringali<\/strong> (batteria)<br \/>\n<strong>Vincenzo Virgillito<\/strong> (contrabbasso)<\/p>\n","protected":false},"excerpt":{"rendered":"Con la sua versatilit\u00e0\u0300 artistica, Mario Venuti ci regaler\u00e0\u0300 un concerto unico, caratterizzato dalle calde sonorit\u00e0 jazz.","protected":false},"featured_media":13563,"template":"","meta":{"_acf_changed":false,"inline_featured_image":false},"event_categories":[82],"event_genre":[63],"event_themes":[],"event_format":[],"event_consigliati":[],"class_list":["post-13558","event","type-event","status-publish","has-post-thumbnail","hentry","event_categories-dautore","event_genre-autore"],"acf":[],"yoast_head":"<!-- This site is optimized with the Yoast SEO plugin v22.6 - https:\/\/yoast.com\/wordpress\/plugins\/seo\/ -->\n<title>Mario Venuti | Auditorium Parco della Musica Ennio Morricone<\/title>\n<meta name=\"description\" content=\"Con la sua versatilit\u00e0\u0300 artistica, Mario Venuti ci regaler\u00e0\u0300 un concerto unico, caratterizzato dalle calde sonorit\u00e0 jazz.\" \/>\n<meta name=\"robots\" content=\"index, follow, max-snippet:-1, max-image-preview:large, max-video-preview:-1\" \/>\n<link rel=\"canonical\" href=\"https:\/\/www.auditorium.com\/it\/event\/mario-venuti\/\" \/>\n<meta property=\"og:locale\" content=\"it_IT\" \/>\n<meta property=\"og:type\" content=\"article\" \/>\n<meta property=\"og:title\" content=\"Mario Venuti | Auditorium Parco della Musica Ennio Morricone\" \/>\n<meta property=\"og:description\" content=\"Con la sua versatilit\u00e0\u0300 artistica, Mario Venuti ci regaler\u00e0\u0300 un concerto unico, caratterizzato dalle calde sonorit\u00e0 jazz.\" \/>\n<meta property=\"og:url\" content=\"https:\/\/www.auditorium.com\/it\/event\/mario-venuti\/\" \/>\n<meta property=\"og:site_name\" content=\"Auditorium Parco della Musica Ennio Morricone\" \/>\n<meta property=\"article:publisher\" content=\"https:\/\/www.facebook.com\/AuditoriumParcodellaMusica\" \/>\n<meta property=\"article:modified_time\" content=\"2024-02-07T19:44:37+00:00\" \/>\n<meta property=\"og:image\" content=\"https:\/\/www.auditorium.com\/wp-content\/uploads\/2024\/02\/Schermata-2024-02-06-alle-15.26.43-700x438.png\" \/>\n\t<meta property=\"og:image:width\" content=\"700\" \/>\n\t<meta property=\"og:image:height\" content=\"438\" \/>\n\t<meta property=\"og:image:type\" content=\"image\/png\" \/>\n<meta name=\"twitter:card\" content=\"summary_large_image\" \/>\n<meta name=\"twitter:site\" content=\"@auditoriumpdm\" \/>\n<meta name=\"twitter:label1\" content=\"Tempo di lettura stimato\" \/>\n\t<meta name=\"twitter:data1\" content=\"1 minuto\" \/>\n<script type=\"application\/ld+json\" class=\"yoast-schema-graph\">{\"@context\":\"https:\/\/schema.org\",\"@graph\":[{\"@type\":\"WebPage\",\"@id\":\"https:\/\/www.auditorium.com\/it\/event\/mario-venuti\/\",\"url\":\"https:\/\/www.auditorium.com\/it\/event\/mario-venuti\/\",\"name\":\"Mario Venuti | Auditorium Parco della Musica Ennio Morricone\",\"isPartOf\":{\"@id\":\"https:\/\/www.auditorium.com\/it\/#website\"},\"primaryImageOfPage\":{\"@id\":\"https:\/\/www.auditorium.com\/it\/event\/mario-venuti\/#primaryimage\"},\"image\":{\"@id\":\"https:\/\/www.auditorium.com\/it\/event\/mario-venuti\/#primaryimage\"},\"thumbnailUrl\":\"https:\/\/www.auditorium.com\/wp-content\/uploads\/2024\/02\/Schermata-2024-02-06-alle-15.26.43.png\",\"datePublished\":\"2024-02-06T14:04:17+00:00\",\"dateModified\":\"2024-02-07T19:44:37+00:00\",\"description\":\"Con la sua versatilit\u00e0\u0300 artistica, Mario Venuti ci regaler\u00e0\u0300 un concerto unico, caratterizzato dalle calde sonorit\u00e0 jazz.\",\"breadcrumb\":{\"@id\":\"https:\/\/www.auditorium.com\/it\/event\/mario-venuti\/#breadcrumb\"},\"inLanguage\":\"it-IT\",\"potentialAction\":[{\"@type\":\"ReadAction\",\"target\":[\"https:\/\/www.auditorium.com\/it\/event\/mario-venuti\/\"]}]},{\"@type\":\"ImageObject\",\"inLanguage\":\"it-IT\",\"@id\":\"https:\/\/www.auditorium.com\/it\/event\/mario-venuti\/#primaryimage\",\"url\":\"https:\/\/www.auditorium.com\/wp-content\/uploads\/2024\/02\/Schermata-2024-02-06-alle-15.26.43.png\",\"contentUrl\":\"https:\/\/www.auditorium.com\/wp-content\/uploads\/2024\/02\/Schermata-2024-02-06-alle-15.26.43.png\",\"width\":1440,\"height\":900},{\"@type\":\"BreadcrumbList\",\"@id\":\"https:\/\/www.auditorium.com\/it\/event\/mario-venuti\/#breadcrumb\",\"itemListElement\":[{\"@type\":\"ListItem\",\"position\":1,\"name\":\"Home\",\"item\":\"https:\/\/www.auditorium.com\/it\/\"},{\"@type\":\"ListItem\",\"position\":2,\"name\":\"Mario Venuti\"}]},{\"@type\":\"WebSite\",\"@id\":\"https:\/\/www.auditorium.com\/it\/#website\",\"url\":\"https:\/\/www.auditorium.com\/it\/\",\"name\":\"Auditorium Parco della Musica Ennio Morricone\",\"description\":\"Progettato da Renzo Piano, l&#039;Auditorium rappresenta una sofisticata architettura musicale e uno straordinario intervento di riqualificazione urbana.\",\"publisher\":{\"@id\":\"https:\/\/www.auditorium.com\/it\/#organization\"},\"potentialAction\":[{\"@type\":\"SearchAction\",\"target\":{\"@type\":\"EntryPoint\",\"urlTemplate\":\"https:\/\/www.auditorium.com\/it\/?s={search_term_string}\"},\"query-input\":\"required name=search_term_string\"}],\"inLanguage\":\"it-IT\"},{\"@type\":\"Organization\",\"@id\":\"https:\/\/www.auditorium.com\/it\/#organization\",\"name\":\"Auditorium Parco della Musica Ennio Morricone\",\"url\":\"https:\/\/www.auditorium.com\/it\/\",\"logo\":{\"@type\":\"ImageObject\",\"inLanguage\":\"it-IT\",\"@id\":\"https:\/\/www.auditorium.com\/it\/#\/schema\/logo\/image\/\",\"url\":\"https:\/\/www.auditorium.com\/wp-content\/uploads\/2022\/12\/logo-auditorium.svg\",\"contentUrl\":\"https:\/\/www.auditorium.com\/wp-content\/uploads\/2022\/12\/logo-auditorium.svg\",\"width\":86,\"height\":79,\"caption\":\"Auditorium Parco della Musica Ennio Morricone\"},\"image\":{\"@id\":\"https:\/\/www.auditorium.com\/it\/#\/schema\/logo\/image\/\"},\"sameAs\":[\"https:\/\/www.facebook.com\/AuditoriumParcodellaMusica\",\"https:\/\/x.com\/auditoriumpdm\",\"https:\/\/www.instagram.com\/auditoriumparcodellamusica\/\"]}]}<\/script>\n<!-- \/ Yoast SEO plugin. -->","yoast_head_json":{"title":"Mario Venuti | Auditorium Parco della Musica Ennio Morricone","description":"Con la sua versatilit\u00e0\u0300 artistica, Mario Venuti ci regaler\u00e0\u0300 un concerto unico, caratterizzato dalle calde sonorit\u00e0 jazz.","robots":{"index":"index","follow":"follow","max-snippet":"max-snippet:-1","max-image-preview":"max-image-preview:large","max-video-preview":"max-video-preview:-1"},"canonical":"https:\/\/www.auditorium.com\/it\/event\/mario-venuti\/","og_locale":"it_IT","og_type":"article","og_title":"Mario Venuti | Auditorium Parco della Musica Ennio Morricone","og_description":"Con la sua versatilit\u00e0\u0300 artistica, Mario Venuti ci regaler\u00e0\u0300 un concerto unico, caratterizzato dalle calde sonorit\u00e0 jazz.","og_url":"https:\/\/www.auditorium.com\/it\/event\/mario-venuti\/","og_site_name":"Auditorium Parco della Musica Ennio Morricone","article_publisher":"https:\/\/www.facebook.com\/AuditoriumParcodellaMusica","article_modified_time":"2024-02-07T19:44:37+00:00","og_image":[{"width":700,"height":438,"url":"https:\/\/www.auditorium.com\/wp-content\/uploads\/2024\/02\/Schermata-2024-02-06-alle-15.26.43-700x438.png","type":"image\/png"}],"twitter_card":"summary_large_image","twitter_site":"@auditoriumpdm","twitter_misc":{"Tempo di lettura stimato":"1 minuto"},"schema":{"@context":"https:\/\/schema.org","@graph":[{"@type":"WebPage","@id":"https:\/\/www.auditorium.com\/it\/event\/mario-venuti\/","url":"https:\/\/www.auditorium.com\/it\/event\/mario-venuti\/","name":"Mario Venuti | Auditorium Parco della Musica Ennio Morricone","isPartOf":{"@id":"https:\/\/www.auditorium.com\/it\/#website"},"primaryImageOfPage":{"@id":"https:\/\/www.auditorium.com\/it\/event\/mario-venuti\/#primaryimage"},"image":{"@id":"https:\/\/www.auditorium.com\/it\/event\/mario-venuti\/#primaryimage"},"thumbnailUrl":"https:\/\/www.auditorium.com\/wp-content\/uploads\/2024\/02\/Schermata-2024-02-06-alle-15.26.43.png","datePublished":"2024-02-06T14:04:17+00:00","dateModified":"2024-02-07T19:44:37+00:00","description":"Con la sua versatilit\u00e0\u0300 artistica, Mario Venuti ci regaler\u00e0\u0300 un concerto unico, caratterizzato dalle calde sonorit\u00e0 jazz.","breadcrumb":{"@id":"https:\/\/www.auditorium.com\/it\/event\/mario-venuti\/#breadcrumb"},"inLanguage":"it-IT","potentialAction":[{"@type":"ReadAction","target":["https:\/\/www.auditorium.com\/it\/event\/mario-venuti\/"]}]},{"@type":"ImageObject","inLanguage":"it-IT","@id":"https:\/\/www.auditorium.com\/it\/event\/mario-venuti\/#primaryimage","url":"https:\/\/www.auditorium.com\/wp-content\/uploads\/2024\/02\/Schermata-2024-02-06-alle-15.26.43.png","contentUrl":"https:\/\/www.auditorium.com\/wp-content\/uploads\/2024\/02\/Schermata-2024-02-06-alle-15.26.43.png","width":1440,"height":900},{"@type":"BreadcrumbList","@id":"https:\/\/www.auditorium.com\/it\/event\/mario-venuti\/#breadcrumb","itemListElement":[{"@type":"ListItem","position":1,"name":"Home","item":"https:\/\/www.auditorium.com\/it\/"},{"@type":"ListItem","position":2,"name":"Mario Venuti"}]},{"@type":"WebSite","@id":"https:\/\/www.auditorium.com\/it\/#website","url":"https:\/\/www.auditorium.com\/it\/","name":"Auditorium Parco della Musica Ennio Morricone","description":"Progettato da Renzo Piano, l&#039;Auditorium rappresenta una sofisticata architettura musicale e uno straordinario intervento di riqualificazione urbana.","publisher":{"@id":"https:\/\/www.auditorium.com\/it\/#organization"},"potentialAction":[{"@type":"SearchAction","target":{"@type":"EntryPoint","urlTemplate":"https:\/\/www.auditorium.com\/it\/?s={search_term_string}"},"query-input":"required name=search_term_string"}],"inLanguage":"it-IT"},{"@type":"Organization","@id":"https:\/\/www.auditorium.com\/it\/#organization","name":"Auditorium Parco della Musica Ennio Morricone","url":"https:\/\/www.auditorium.com\/it\/","logo":{"@type":"ImageObject","inLanguage":"it-IT","@id":"https:\/\/www.auditorium.com\/it\/#\/schema\/logo\/image\/","url":"https:\/\/www.auditorium.com\/wp-content\/uploads\/2022\/12\/logo-auditorium.svg","contentUrl":"https:\/\/www.auditorium.com\/wp-content\/uploads\/2022\/12\/logo-auditorium.svg","width":86,"height":79,"caption":"Auditorium Parco della Musica Ennio Morricone"},"image":{"@id":"https:\/\/www.auditorium.com\/it\/#\/schema\/logo\/image\/"},"sameAs":["https:\/\/www.facebook.com\/AuditoriumParcodellaMusica","https:\/\/x.com\/auditoriumpdm","https:\/\/www.instagram.com\/auditoriumparcodellamusica\/"]}]}},"_links":{"self":[{"href":"https:\/\/www.auditorium.com\/it\/wp-json\/wp\/v2\/event\/13558","targetHints":{"allow":["GET"]}}],"collection":[{"href":"https:\/\/www.auditorium.com\/it\/wp-json\/wp\/v2\/event"}],"about":[{"href":"https:\/\/www.auditorium.com\/it\/wp-json\/wp\/v2\/types\/event"}],"wp:featuredmedia":[{"embeddable":true,"href":"https:\/\/www.auditorium.com\/it\/wp-json\/wp\/v2\/media\/13563"}],"wp:attachment":[{"href":"https:\/\/www.auditorium.com\/it\/wp-json\/wp\/v2\/media?parent=13558"}],"wp:term":[{"taxonomy":"event_categories","embeddable":true,"href":"https:\/\/www.auditorium.com\/it\/wp-json\/wp\/v2\/event_categories?post=13558"},{"taxonomy":"event_genre","embeddable":true,"href":"https:\/\/www.auditorium.com\/it\/wp-json\/wp\/v2\/event_genre?post=13558"},{"taxonomy":"event_themes","embeddable":true,"href":"https:\/\/www.auditorium.com\/it\/wp-json\/wp\/v2\/event_themes?post=13558"},{"taxonomy":"event_format","embeddable":true,"href":"https:\/\/www.auditorium.com\/it\/wp-json\/wp\/v2\/event_format?post=13558"},{"taxonomy":"event_consigliati","embeddable":true,"href":"https:\/\/www.auditorium.com\/it\/wp-json\/wp\/v2\/event_consigliati?post=13558"}],"curies":[{"name":"wp","href":"https:\/\/api.w.org\/{rel}","templated":true}]}}

<p>Con la sua versatilità̀ artistica, <strong>Mario Venuti</strong> ci regalerà̀ un concerto unico, caratterizzato dalle calde sonorità jazz e con uno sguardo al suo tanto amato Brasile. Il cantautore interpreterà i suoi brani più celebri, oltre a molte canzoni italiane, facendo rivivere emozioni e ricordi legati a brani intramontabili. 60+40 100% <strong>Mario Venuti</strong> promette di regalare al pubblico una serata indimenticabile dove le  note calde e coinvolgenti del jazz si fonderanno con la voce unica di <strong>Venuti</strong>.</p>
<p>I musicisti che accompagneranno <strong>Mario Venut</strong>i:<br />
<strong>Pierpaolo Latina</strong> (pianoforte)<br />
<strong>Giuseppe Tringali</strong> (batteria)<br />
<strong>Vincenzo Virgillito</strong> (contrabbasso)</p>

Con la sua versatilità̀ artistica, Mario Venuti ci regalerà̀ un concerto unico, caratterizzato dalle calde sonorità jazz.

<!-- This site is optimized with the Yoast SEO plugin v22.6 - https://yoast.com/wordpress/plugins/seo/ -->
<title>Mario Venuti | Auditorium Parco della Musica Ennio Morricone</title>
<meta name="description" content="Con la sua versatilità̀ artistica, Mario Venuti ci regalerà̀ un concerto unico, caratterizzato dalle calde sonorità jazz." />
<meta name="robots" content="index, follow, max-snippet:-1, max-image-preview:large, max-video-preview:-1" />
<link rel="canonical" href="https://www.auditorium.com/it/event/mario-venuti/" />
<meta property="og:locale" content="it_IT" />
<meta property="og:type" content="article" />
<meta property="og:title" content="Mario Venuti | Auditorium Parco della Musica Ennio Morricone" />
<meta property="og:description" content="Con la sua versatilità̀ artistica, Mario Venuti ci regalerà̀ un concerto unico, caratterizzato dalle calde sonorità jazz." />
<meta property="og:url" content="https://www.auditorium.com/it/event/mario-venuti/" />
<meta property="og:site_name" content="Auditorium Parco della Musica Ennio Morricone" />
<meta property="article:publisher" content="https://www.facebook.com/AuditoriumParcodellaMusica" />
<meta property="article:modified_time" content="2024-02-07T19:44:37+00:00" />
<meta property="og:image" content="https://www.auditorium.com/wp-content/uploads/2024/02/Schermata-2024-02-06-alle-15.26.43-700x438.png" />
	<meta property="og:image:width" content="700" />
	<meta property="og:image:height" content="438" />
	<meta property="og:image:type" content="image/png" />
<meta name="twitter:card" content="summary_large_image" />
<meta name="twitter:site" content="@auditoriumpdm" />
<meta name="twitter:label1" content="Tempo di lettura stimato" />
	<meta name="twitter:data1" content="1 minuto" />
<script type="application/ld+json" class="yoast-schema-graph">{"@context":"https://schema.org","@graph":[{"@type":"WebPage","@id":"https://www.auditorium.com/it/event/mario-venuti/","url":"https://www.auditorium.com/it/event/mario-venuti/","name":"Mario Venuti | Auditorium Parco della Musica Ennio Morricone","isPartOf":{"@id":"https://www.auditorium.com/it/#website"},"primaryImageOfPage":{"@id":"https://www.auditorium.com/it/event/mario-venuti/#primaryimage"},"image":{"@id":"https://www.auditorium.com/it/event/mario-venuti/#primaryimage"},"thumbnailUrl":"https://www.auditorium.com/wp-content/uploads/2024/02/Schermata-2024-02-06-alle-15.26.43.png","datePublished":"2024-02-06T14:04:17+00:00","dateModified":"2024-02-07T19:44:37+00:00","description":"Con la sua versatilità̀ artistica, Mario Venuti ci regalerà̀ un concerto unico, caratterizzato dalle calde sonorità jazz.","breadcrumb":{"@id":"https://www.auditorium.com/it/event/mario-venuti/#breadcrumb"},"inLanguage":"it-IT","potentialAction":[{"@type":"ReadAction","target":["https://www.auditorium.com/it/event/mario-venuti/"]}]},{"@type":"ImageObject","inLanguage":"it-IT","@id":"https://www.auditorium.com/it/event/mario-venuti/#primaryimage","url":"https://www.auditorium.com/wp-content/uploads/2024/02/Schermata-2024-02-06-alle-15.26.43.png","contentUrl":"https://www.auditorium.com/wp-content/uploads/2024/02/Schermata-2024-02-06-alle-15.26.43.png","width":1440,"height":900},{"@type":"BreadcrumbList","@id":"https://www.auditorium.com/it/event/mario-venuti/#breadcrumb","itemListElement":[{"@type":"ListItem","position":1,"name":"Home","item":"https://www.auditorium.com/it/"},{"@type":"ListItem","position":2,"name":"Mario Venuti"}]},{"@type":"WebSite","@id":"https://www.auditorium.com/it/#website","url":"https://www.auditorium.com/it/","name":"Auditorium Parco della Musica Ennio Morricone","description":"Progettato da Renzo Piano, l&#039;Auditorium rappresenta una sofisticata architettura musicale e uno straordinario intervento di riqualificazione urbana.","publisher":{"@id":"https://www.auditorium.com/it/#organization"},"potentialAction":[{"@type":"SearchAction","target":{"@type":"EntryPoint","urlTemplate":"https://www.auditorium.com/it/?s={search_term_string}"},"query-input":"required name=search_term_string"}],"inLanguage":"it-IT"},{"@type":"Organization","@id":"https://www.auditorium.com/it/#organization","name":"Auditorium Parco della Musica Ennio Morricone","url":"https://www.auditorium.com/it/","logo":{"@type":"ImageObject","inLanguage":"it-IT","@id":"https://www.auditorium.com/it/#/schema/logo/image/","url":"https://www.auditorium.com/wp-content/uploads/2022/12/logo-auditorium.svg","contentUrl":"https://www.auditorium.com/wp-content/uploads/2022/12/logo-auditorium.svg","width":86,"height":79,"caption":"Auditorium Parco della Musica Ennio Morricone"},"image":{"@id":"https://www.auditorium.com/it/#/schema/logo/image/"},"sameAs":["https://www.facebook.com/AuditoriumParcodellaMusica","https://x.com/auditoriumpdm","https://www.instagram.com/auditoriumparcodellamusica/"]}]}</script>
<!-- / Yoast SEO plugin. -->
