{"id":10009,"date":"2023-07-31T14:03:07","date_gmt":"2023-07-31T13:03:07","guid":{"rendered":"https:\/\/www.auditorium.com\/?post_type=event&#038;p=10009"},"modified":"2023-07-31T14:03:07","modified_gmt":"2023-07-31T13:03:07","slug":"avishai-cohen-trio","status":"publish","type":"event","link":"https:\/\/www.auditorium.com\/it\/event\/avishai-cohen-trio\/","title":{"rendered":"Avishai Cohen Trio"},"content":{"rendered":"<p><strong>Avishai Cohen<\/strong>, nato a Kabri, un kibbutz del nord d&#8217;Israele nel 1970, ha sviluppato fin da giovane un enorme talento musicale. Nei suoi primi anni di attivit\u00e0 a New York, Cohen ha collaborato con diverse formazioni, tra cui il trio del pianista <strong>Danilo P\u00e9rez<\/strong>. Nel 1996 inizi\u00f2 ad esibirsi con il famoso pianista <strong>Chick Corea<\/strong>, collaborazione che gli consent\u00ec di raggiungere i grandi festival jazz internazionali. Sotto l&#8217;etichetta Stretch Records di Corea, Cohen registr\u00f2 i suoi primi quattro album come band leader. La musica di <strong>Avishai<\/strong> \u00e8 caratterizzata da una notevole abilit\u00e0 tecnica, il suo stile incorpora influenze di diversi generi musicali, ci\u00f2 che ne risulta \u00e8 un suono che si distingue per la sua profondit\u00e0 espressiva e la sua capacit\u00e0 di creare melodie coinvolgenti. Con il suo nuovo trio, <strong>Cohen<\/strong> presenta il suo ultimo album &#8220;Shifting Sands&#8221;. Composizioni originali, linee melodiche fresche, ritmi diversi e sofisticati e un&#8217;eleganza musicale che solo lui pu\u00f2 raggiungere. Insieme a <strong>Guy Moskovich<\/strong> e <strong>Roni Kaspi<\/strong> riscono a produrre una miscela di destrezza musicale, precisione, lirismo pianistico, virtuosismo in una atmosfera piacevolmente ottimista.<\/p>\n<p>&nbsp;<\/p>\n","protected":false},"excerpt":{"rendered":"Avishai Cohen, nato a Kabri, un kibbutz del nord d&#8217;Israele nel 1970, ha sviluppato fin da giovane un enorme talento musicale.","protected":false},"featured_media":10016,"template":"","meta":{"_acf_changed":false,"inline_featured_image":false},"event_categories":[],"event_genre":[65],"event_themes":[],"event_format":[74],"event_consigliati":[],"class_list":["post-10009","event","type-event","status-publish","has-post-thumbnail","hentry","event_genre-jazz","event_format-festival"],"acf":[],"yoast_head":"<!-- This site is optimized with the Yoast SEO plugin v22.6 - https:\/\/yoast.com\/wordpress\/plugins\/seo\/ -->\n<title>Avishai Cohen Trio | Auditorium Parco della Musica Ennio Morricone<\/title>\n<meta name=\"description\" content=\"Avishai Cohen, nato a Kabri, un kibbutz del nord d&#039;Israele nel 1970, ha sviluppato fin da giovane un enorme talento musicale.\" \/>\n<meta name=\"robots\" content=\"index, follow, max-snippet:-1, max-image-preview:large, max-video-preview:-1\" \/>\n<link rel=\"canonical\" href=\"https:\/\/www.auditorium.com\/it\/event\/avishai-cohen-trio\/\" \/>\n<meta property=\"og:locale\" content=\"it_IT\" \/>\n<meta property=\"og:type\" content=\"article\" \/>\n<meta property=\"og:title\" content=\"Avishai Cohen Trio | Auditorium Parco della Musica Ennio Morricone\" \/>\n<meta property=\"og:description\" content=\"Avishai Cohen, nato a Kabri, un kibbutz del nord d&#039;Israele nel 1970, ha sviluppato fin da giovane un enorme talento musicale.\" \/>\n<meta property=\"og:url\" content=\"https:\/\/www.auditorium.com\/it\/event\/avishai-cohen-trio\/\" \/>\n<meta property=\"og:site_name\" content=\"Auditorium Parco della Musica Ennio Morricone\" \/>\n<meta property=\"article:publisher\" content=\"https:\/\/www.facebook.com\/AuditoriumParcodellaMusica\" \/>\n<meta property=\"og:image\" content=\"https:\/\/www.auditorium.com\/wp-content\/uploads\/2023\/07\/Avishai_Cohen_HR_01_Andreas_Terlaak-1-scaled-e1690804892699.jpg\" \/>\n\t<meta property=\"og:image:width\" content=\"1713\" \/>\n\t<meta property=\"og:image:height\" content=\"1088\" \/>\n\t<meta property=\"og:image:type\" content=\"image\/jpeg\" \/>\n<meta name=\"twitter:card\" content=\"summary_large_image\" \/>\n<meta name=\"twitter:site\" content=\"@auditoriumpdm\" \/>\n<meta name=\"twitter:label1\" content=\"Tempo di lettura stimato\" \/>\n\t<meta name=\"twitter:data1\" content=\"1 minuto\" \/>\n<script type=\"application\/ld+json\" class=\"yoast-schema-graph\">{\"@context\":\"https:\/\/schema.org\",\"@graph\":[{\"@type\":\"WebPage\",\"@id\":\"https:\/\/www.auditorium.com\/it\/event\/avishai-cohen-trio\/\",\"url\":\"https:\/\/www.auditorium.com\/it\/event\/avishai-cohen-trio\/\",\"name\":\"Avishai Cohen Trio | Auditorium Parco della Musica Ennio Morricone\",\"isPartOf\":{\"@id\":\"https:\/\/www.auditorium.com\/it\/#website\"},\"primaryImageOfPage\":{\"@id\":\"https:\/\/www.auditorium.com\/it\/event\/avishai-cohen-trio\/#primaryimage\"},\"image\":{\"@id\":\"https:\/\/www.auditorium.com\/it\/event\/avishai-cohen-trio\/#primaryimage\"},\"thumbnailUrl\":\"https:\/\/www.auditorium.com\/wp-content\/uploads\/2023\/07\/Avishai_Cohen_HR_01_Andreas_Terlaak-1-scaled-e1690804892699.jpg\",\"datePublished\":\"2023-07-31T13:03:07+00:00\",\"dateModified\":\"2023-07-31T13:03:07+00:00\",\"description\":\"Avishai Cohen, nato a Kabri, un kibbutz del nord d'Israele nel 1970, ha sviluppato fin da giovane un enorme talento musicale.\",\"breadcrumb\":{\"@id\":\"https:\/\/www.auditorium.com\/it\/event\/avishai-cohen-trio\/#breadcrumb\"},\"inLanguage\":\"it-IT\",\"potentialAction\":[{\"@type\":\"ReadAction\",\"target\":[\"https:\/\/www.auditorium.com\/it\/event\/avishai-cohen-trio\/\"]}]},{\"@type\":\"ImageObject\",\"inLanguage\":\"it-IT\",\"@id\":\"https:\/\/www.auditorium.com\/it\/event\/avishai-cohen-trio\/#primaryimage\",\"url\":\"https:\/\/www.auditorium.com\/wp-content\/uploads\/2023\/07\/Avishai_Cohen_HR_01_Andreas_Terlaak-1-scaled-e1690804892699.jpg\",\"contentUrl\":\"https:\/\/www.auditorium.com\/wp-content\/uploads\/2023\/07\/Avishai_Cohen_HR_01_Andreas_Terlaak-1-scaled-e1690804892699.jpg\",\"width\":1713,\"height\":1088,\"caption\":\"Portrait of Avishai Cohen. Photo: Andreas Terlaak\"},{\"@type\":\"BreadcrumbList\",\"@id\":\"https:\/\/www.auditorium.com\/it\/event\/avishai-cohen-trio\/#breadcrumb\",\"itemListElement\":[{\"@type\":\"ListItem\",\"position\":1,\"name\":\"Home\",\"item\":\"https:\/\/www.auditorium.com\/it\/\"},{\"@type\":\"ListItem\",\"position\":2,\"name\":\"Avishai Cohen Trio\"}]},{\"@type\":\"WebSite\",\"@id\":\"https:\/\/www.auditorium.com\/it\/#website\",\"url\":\"https:\/\/www.auditorium.com\/it\/\",\"name\":\"Auditorium Parco della Musica Ennio Morricone\",\"description\":\"Progettato da Renzo Piano, l&#039;Auditorium rappresenta una sofisticata architettura musicale e uno straordinario intervento di riqualificazione urbana.\",\"publisher\":{\"@id\":\"https:\/\/www.auditorium.com\/it\/#organization\"},\"potentialAction\":[{\"@type\":\"SearchAction\",\"target\":{\"@type\":\"EntryPoint\",\"urlTemplate\":\"https:\/\/www.auditorium.com\/it\/?s={search_term_string}\"},\"query-input\":\"required name=search_term_string\"}],\"inLanguage\":\"it-IT\"},{\"@type\":\"Organization\",\"@id\":\"https:\/\/www.auditorium.com\/it\/#organization\",\"name\":\"Auditorium Parco della Musica Ennio Morricone\",\"url\":\"https:\/\/www.auditorium.com\/it\/\",\"logo\":{\"@type\":\"ImageObject\",\"inLanguage\":\"it-IT\",\"@id\":\"https:\/\/www.auditorium.com\/it\/#\/schema\/logo\/image\/\",\"url\":\"https:\/\/www.auditorium.com\/wp-content\/uploads\/2022\/12\/logo-auditorium.svg\",\"contentUrl\":\"https:\/\/www.auditorium.com\/wp-content\/uploads\/2022\/12\/logo-auditorium.svg\",\"width\":86,\"height\":79,\"caption\":\"Auditorium Parco della Musica Ennio Morricone\"},\"image\":{\"@id\":\"https:\/\/www.auditorium.com\/it\/#\/schema\/logo\/image\/\"},\"sameAs\":[\"https:\/\/www.facebook.com\/AuditoriumParcodellaMusica\",\"https:\/\/x.com\/auditoriumpdm\",\"https:\/\/www.instagram.com\/auditoriumparcodellamusica\/\"]}]}<\/script>\n<!-- \/ Yoast SEO plugin. -->","yoast_head_json":{"title":"Avishai Cohen Trio | Auditorium Parco della Musica Ennio Morricone","description":"Avishai Cohen, nato a Kabri, un kibbutz del nord d'Israele nel 1970, ha sviluppato fin da giovane un enorme talento musicale.","robots":{"index":"index","follow":"follow","max-snippet":"max-snippet:-1","max-image-preview":"max-image-preview:large","max-video-preview":"max-video-preview:-1"},"canonical":"https:\/\/www.auditorium.com\/it\/event\/avishai-cohen-trio\/","og_locale":"it_IT","og_type":"article","og_title":"Avishai Cohen Trio | Auditorium Parco della Musica Ennio Morricone","og_description":"Avishai Cohen, nato a Kabri, un kibbutz del nord d'Israele nel 1970, ha sviluppato fin da giovane un enorme talento musicale.","og_url":"https:\/\/www.auditorium.com\/it\/event\/avishai-cohen-trio\/","og_site_name":"Auditorium Parco della Musica Ennio Morricone","article_publisher":"https:\/\/www.facebook.com\/AuditoriumParcodellaMusica","og_image":[{"width":1713,"height":1088,"url":"https:\/\/www.auditorium.com\/wp-content\/uploads\/2023\/07\/Avishai_Cohen_HR_01_Andreas_Terlaak-1-scaled-e1690804892699.jpg","type":"image\/jpeg"}],"twitter_card":"summary_large_image","twitter_site":"@auditoriumpdm","twitter_misc":{"Tempo di lettura stimato":"1 minuto"},"schema":{"@context":"https:\/\/schema.org","@graph":[{"@type":"WebPage","@id":"https:\/\/www.auditorium.com\/it\/event\/avishai-cohen-trio\/","url":"https:\/\/www.auditorium.com\/it\/event\/avishai-cohen-trio\/","name":"Avishai Cohen Trio | Auditorium Parco della Musica Ennio Morricone","isPartOf":{"@id":"https:\/\/www.auditorium.com\/it\/#website"},"primaryImageOfPage":{"@id":"https:\/\/www.auditorium.com\/it\/event\/avishai-cohen-trio\/#primaryimage"},"image":{"@id":"https:\/\/www.auditorium.com\/it\/event\/avishai-cohen-trio\/#primaryimage"},"thumbnailUrl":"https:\/\/www.auditorium.com\/wp-content\/uploads\/2023\/07\/Avishai_Cohen_HR_01_Andreas_Terlaak-1-scaled-e1690804892699.jpg","datePublished":"2023-07-31T13:03:07+00:00","dateModified":"2023-07-31T13:03:07+00:00","description":"Avishai Cohen, nato a Kabri, un kibbutz del nord d'Israele nel 1970, ha sviluppato fin da giovane un enorme talento musicale.","breadcrumb":{"@id":"https:\/\/www.auditorium.com\/it\/event\/avishai-cohen-trio\/#breadcrumb"},"inLanguage":"it-IT","potentialAction":[{"@type":"ReadAction","target":["https:\/\/www.auditorium.com\/it\/event\/avishai-cohen-trio\/"]}]},{"@type":"ImageObject","inLanguage":"it-IT","@id":"https:\/\/www.auditorium.com\/it\/event\/avishai-cohen-trio\/#primaryimage","url":"https:\/\/www.auditorium.com\/wp-content\/uploads\/2023\/07\/Avishai_Cohen_HR_01_Andreas_Terlaak-1-scaled-e1690804892699.jpg","contentUrl":"https:\/\/www.auditorium.com\/wp-content\/uploads\/2023\/07\/Avishai_Cohen_HR_01_Andreas_Terlaak-1-scaled-e1690804892699.jpg","width":1713,"height":1088,"caption":"Portrait of Avishai Cohen. Photo: Andreas Terlaak"},{"@type":"BreadcrumbList","@id":"https:\/\/www.auditorium.com\/it\/event\/avishai-cohen-trio\/#breadcrumb","itemListElement":[{"@type":"ListItem","position":1,"name":"Home","item":"https:\/\/www.auditorium.com\/it\/"},{"@type":"ListItem","position":2,"name":"Avishai Cohen Trio"}]},{"@type":"WebSite","@id":"https:\/\/www.auditorium.com\/it\/#website","url":"https:\/\/www.auditorium.com\/it\/","name":"Auditorium Parco della Musica Ennio Morricone","description":"Progettato da Renzo Piano, l&#039;Auditorium rappresenta una sofisticata architettura musicale e uno straordinario intervento di riqualificazione urbana.","publisher":{"@id":"https:\/\/www.auditorium.com\/it\/#organization"},"potentialAction":[{"@type":"SearchAction","target":{"@type":"EntryPoint","urlTemplate":"https:\/\/www.auditorium.com\/it\/?s={search_term_string}"},"query-input":"required name=search_term_string"}],"inLanguage":"it-IT"},{"@type":"Organization","@id":"https:\/\/www.auditorium.com\/it\/#organization","name":"Auditorium Parco della Musica Ennio Morricone","url":"https:\/\/www.auditorium.com\/it\/","logo":{"@type":"ImageObject","inLanguage":"it-IT","@id":"https:\/\/www.auditorium.com\/it\/#\/schema\/logo\/image\/","url":"https:\/\/www.auditorium.com\/wp-content\/uploads\/2022\/12\/logo-auditorium.svg","contentUrl":"https:\/\/www.auditorium.com\/wp-content\/uploads\/2022\/12\/logo-auditorium.svg","width":86,"height":79,"caption":"Auditorium Parco della Musica Ennio Morricone"},"image":{"@id":"https:\/\/www.auditorium.com\/it\/#\/schema\/logo\/image\/"},"sameAs":["https:\/\/www.facebook.com\/AuditoriumParcodellaMusica","https:\/\/x.com\/auditoriumpdm","https:\/\/www.instagram.com\/auditoriumparcodellamusica\/"]}]}},"_links":{"self":[{"href":"https:\/\/www.auditorium.com\/it\/wp-json\/wp\/v2\/event\/10009","targetHints":{"allow":["GET"]}}],"collection":[{"href":"https:\/\/www.auditorium.com\/it\/wp-json\/wp\/v2\/event"}],"about":[{"href":"https:\/\/www.auditorium.com\/it\/wp-json\/wp\/v2\/types\/event"}],"wp:featuredmedia":[{"embeddable":true,"href":"https:\/\/www.auditorium.com\/it\/wp-json\/wp\/v2\/media\/10016"}],"wp:attachment":[{"href":"https:\/\/www.auditorium.com\/it\/wp-json\/wp\/v2\/media?parent=10009"}],"wp:term":[{"taxonomy":"event_categories","embeddable":true,"href":"https:\/\/www.auditorium.com\/it\/wp-json\/wp\/v2\/event_categories?post=10009"},{"taxonomy":"event_genre","embeddable":true,"href":"https:\/\/www.auditorium.com\/it\/wp-json\/wp\/v2\/event_genre?post=10009"},{"taxonomy":"event_themes","embeddable":true,"href":"https:\/\/www.auditorium.com\/it\/wp-json\/wp\/v2\/event_themes?post=10009"},{"taxonomy":"event_format","embeddable":true,"href":"https:\/\/www.auditorium.com\/it\/wp-json\/wp\/v2\/event_format?post=10009"},{"taxonomy":"event_consigliati","embeddable":true,"href":"https:\/\/www.auditorium.com\/it\/wp-json\/wp\/v2\/event_consigliati?post=10009"}],"curies":[{"name":"wp","href":"https:\/\/api.w.org\/{rel}","templated":true}]}}

<p><strong>Avishai Cohen</strong>, nato a Kabri, un kibbutz del nord d&#8217;Israele nel 1970, ha sviluppato fin da giovane un enorme talento musicale. Nei suoi primi anni di attività a New York, Cohen ha collaborato con diverse formazioni, tra cui il trio del pianista <strong>Danilo Pérez</strong>. Nel 1996 iniziò ad esibirsi con il famoso pianista <strong>Chick Corea</strong>, collaborazione che gli consentì di raggiungere i grandi festival jazz internazionali. Sotto l&#8217;etichetta Stretch Records di Corea, Cohen registrò i suoi primi quattro album come band leader. La musica di <strong>Avishai</strong> è caratterizzata da una notevole abilità tecnica, il suo stile incorpora influenze di diversi generi musicali, ciò che ne risulta è un suono che si distingue per la sua profondità espressiva e la sua capacità di creare melodie coinvolgenti. Con il suo nuovo trio, <strong>Cohen</strong> presenta il suo ultimo album &#8220;Shifting Sands&#8221;. Composizioni originali, linee melodiche fresche, ritmi diversi e sofisticati e un&#8217;eleganza musicale che solo lui può raggiungere. Insieme a <strong>Guy Moskovich</strong> e <strong>Roni Kaspi</strong> riscono a produrre una miscela di destrezza musicale, precisione, lirismo pianistico, virtuosismo in una atmosfera piacevolmente ottimista.</p>
<p>&nbsp;</p>
