{"id":44189,"date":"2026-01-27T14:38:21","date_gmt":"2026-01-27T13:38:21","guid":{"rendered":"https:\/\/www.auditorium.com\/?post_type=artist&#038;p=44189"},"modified":"2026-01-27T14:38:21","modified_gmt":"2026-01-27T13:38:21","slug":"filippo-pala","status":"publish","type":"artist","link":"https:\/\/www.auditorium.com\/it\/artist\/filippo-pala\/","title":{"rendered":"Filippo Pala"},"content":{"rendered":"<p style=\"font-weight: 400;\">Filippo Pala \u00e8 nato a Sassari, risiede a Roma da oltre vent\u2019anni ed \u00e8 un giornalista iscritto all\u2019Ordine dal 2002: lavora per la RAI come redattore della Testata giornalistica regionale ed \u00e8 laureato in Scienze politiche, con indirizzo storico-internazionale, all\u2019Universit\u00e0 di Cagliari. Si \u00e8 occupato a lungo di temi ambientali e scientifici durante la sua attivit\u00e0 lavorativa, con esperienze all\u2019ISPRA e al Ministero dell\u2019Ambiente.<\/p>\n","protected":false},"excerpt":{"rendered":"Filippo Pala \u00e8 nato a Sassari, risiede a Roma da oltre vent\u2019anni ed \u00e8 un giornalista iscritto all\u2019Ordine dal 2002: lavora per la RAI come redattore della Testata giornalistica regionale ed \u00e8 laureato in Scienze politiche, con indirizzo storico-internazionale, all\u2019Universit\u00e0 di Cagliari. Si \u00e8 occupato a lungo di temi ambientali e scientifici durante la sua [&hellip;]","protected":false},"featured_media":44190,"template":"","meta":{"_acf_changed":false,"inline_featured_image":false},"artist_categories":[],"class_list":["post-44189","artist","type-artist","status-publish","has-post-thumbnail","hentry"],"acf":[],"yoast_head":"<!-- This site is optimized with the Yoast SEO plugin v22.6 - https:\/\/yoast.com\/wordpress\/plugins\/seo\/ -->\n<title>Filippo Pala | Auditorium Parco della Musica Ennio Morricone<\/title>\n<meta name=\"robots\" content=\"noindex, follow\" \/>\n<meta property=\"og:locale\" content=\"it_IT\" \/>\n<meta property=\"og:type\" content=\"article\" \/>\n<meta property=\"og:title\" content=\"Filippo Pala | Auditorium Parco della Musica Ennio Morricone\" \/>\n<meta property=\"og:description\" content=\"Filippo Pala \u00e8 nato a Sassari, risiede a Roma da oltre vent\u2019anni ed \u00e8 un giornalista iscritto all\u2019Ordine dal 2002: lavora per la RAI come redattore della Testata giornalistica regionale ed \u00e8 laureato in Scienze politiche, con indirizzo storico-internazionale, all\u2019Universit\u00e0 di Cagliari. Si \u00e8 occupato a lungo di temi ambientali e scientifici durante la sua [&hellip;]\" \/>\n<meta property=\"og:url\" content=\"https:\/\/www.auditorium.com\/it\/artist\/filippo-pala\/\" \/>\n<meta property=\"og:site_name\" content=\"Auditorium Parco della Musica Ennio Morricone\" \/>\n<meta property=\"article:publisher\" content=\"https:\/\/www.facebook.com\/AuditoriumParcodellaMusica\" \/>\n<meta property=\"og:image\" content=\"https:\/\/www.auditorium.com\/wp-content\/uploads\/2026\/01\/pala-orizzontale-700x399.png\" \/>\n\t<meta property=\"og:image:width\" content=\"700\" \/>\n\t<meta property=\"og:image:height\" content=\"399\" \/>\n\t<meta property=\"og:image:type\" content=\"image\/png\" \/>\n<meta name=\"twitter:card\" content=\"summary_large_image\" \/>\n<meta name=\"twitter:site\" content=\"@auditoriumpdm\" \/>\n<script type=\"application\/ld+json\" class=\"yoast-schema-graph\">{\"@context\":\"https:\/\/schema.org\",\"@graph\":[{\"@type\":\"WebPage\",\"@id\":\"https:\/\/www.auditorium.com\/it\/artist\/filippo-pala\/\",\"url\":\"https:\/\/www.auditorium.com\/it\/artist\/filippo-pala\/\",\"name\":\"Filippo Pala | Auditorium Parco della Musica Ennio Morricone\",\"isPartOf\":{\"@id\":\"https:\/\/www.auditorium.com\/it\/#website\"},\"primaryImageOfPage\":{\"@id\":\"https:\/\/www.auditorium.com\/it\/artist\/filippo-pala\/#primaryimage\"},\"image\":{\"@id\":\"https:\/\/www.auditorium.com\/it\/artist\/filippo-pala\/#primaryimage\"},\"thumbnailUrl\":\"https:\/\/www.auditorium.com\/wp-content\/uploads\/2026\/01\/pala-orizzontale-scaled.png\",\"datePublished\":\"2026-01-27T13:38:21+00:00\",\"dateModified\":\"2026-01-27T13:38:21+00:00\",\"breadcrumb\":{\"@id\":\"https:\/\/www.auditorium.com\/it\/artist\/filippo-pala\/#breadcrumb\"},\"inLanguage\":\"it-IT\",\"potentialAction\":[{\"@type\":\"ReadAction\",\"target\":[\"https:\/\/www.auditorium.com\/it\/artist\/filippo-pala\/\"]}]},{\"@type\":\"ImageObject\",\"inLanguage\":\"it-IT\",\"@id\":\"https:\/\/www.auditorium.com\/it\/artist\/filippo-pala\/#primaryimage\",\"url\":\"https:\/\/www.auditorium.com\/wp-content\/uploads\/2026\/01\/pala-orizzontale-scaled.png\",\"contentUrl\":\"https:\/\/www.auditorium.com\/wp-content\/uploads\/2026\/01\/pala-orizzontale-scaled.png\",\"width\":2560,\"height\":1460},{\"@type\":\"BreadcrumbList\",\"@id\":\"https:\/\/www.auditorium.com\/it\/artist\/filippo-pala\/#breadcrumb\",\"itemListElement\":[{\"@type\":\"ListItem\",\"position\":1,\"name\":\"Home\",\"item\":\"https:\/\/www.auditorium.com\/it\/\"},{\"@type\":\"ListItem\",\"position\":2,\"name\":\"Artists\",\"item\":\"https:\/\/www.auditorium.com\/it\/artist\/\"},{\"@type\":\"ListItem\",\"position\":3,\"name\":\"Filippo Pala\"}]},{\"@type\":\"WebSite\",\"@id\":\"https:\/\/www.auditorium.com\/it\/#website\",\"url\":\"https:\/\/www.auditorium.com\/it\/\",\"name\":\"Auditorium Parco della Musica Ennio Morricone\",\"description\":\"Progettato da Renzo Piano, l&#039;Auditorium rappresenta una sofisticata architettura musicale e uno straordinario intervento di riqualificazione urbana.\",\"publisher\":{\"@id\":\"https:\/\/www.auditorium.com\/it\/#organization\"},\"potentialAction\":[{\"@type\":\"SearchAction\",\"target\":{\"@type\":\"EntryPoint\",\"urlTemplate\":\"https:\/\/www.auditorium.com\/it\/?s={search_term_string}\"},\"query-input\":\"required name=search_term_string\"}],\"inLanguage\":\"it-IT\"},{\"@type\":\"Organization\",\"@id\":\"https:\/\/www.auditorium.com\/it\/#organization\",\"name\":\"Auditorium Parco della Musica Ennio Morricone\",\"url\":\"https:\/\/www.auditorium.com\/it\/\",\"logo\":{\"@type\":\"ImageObject\",\"inLanguage\":\"it-IT\",\"@id\":\"https:\/\/www.auditorium.com\/it\/#\/schema\/logo\/image\/\",\"url\":\"https:\/\/www.auditorium.com\/wp-content\/uploads\/2022\/12\/logo-auditorium.svg\",\"contentUrl\":\"https:\/\/www.auditorium.com\/wp-content\/uploads\/2022\/12\/logo-auditorium.svg\",\"width\":86,\"height\":79,\"caption\":\"Auditorium Parco della Musica Ennio Morricone\"},\"image\":{\"@id\":\"https:\/\/www.auditorium.com\/it\/#\/schema\/logo\/image\/\"},\"sameAs\":[\"https:\/\/www.facebook.com\/AuditoriumParcodellaMusica\",\"https:\/\/x.com\/auditoriumpdm\",\"https:\/\/www.instagram.com\/auditoriumparcodellamusica\/\"]}]}<\/script>\n<!-- \/ Yoast SEO plugin. -->","yoast_head_json":{"title":"Filippo Pala | Auditorium Parco della Musica Ennio Morricone","robots":{"index":"noindex","follow":"follow"},"og_locale":"it_IT","og_type":"article","og_title":"Filippo Pala | Auditorium Parco della Musica Ennio Morricone","og_description":"Filippo Pala \u00e8 nato a Sassari, risiede a Roma da oltre vent\u2019anni ed \u00e8 un giornalista iscritto all\u2019Ordine dal 2002: lavora per la RAI come redattore della Testata giornalistica regionale ed \u00e8 laureato in Scienze politiche, con indirizzo storico-internazionale, all\u2019Universit\u00e0 di Cagliari. Si \u00e8 occupato a lungo di temi ambientali e scientifici durante la sua [&hellip;]","og_url":"https:\/\/www.auditorium.com\/it\/artist\/filippo-pala\/","og_site_name":"Auditorium Parco della Musica Ennio Morricone","article_publisher":"https:\/\/www.facebook.com\/AuditoriumParcodellaMusica","og_image":[{"width":700,"height":399,"url":"https:\/\/www.auditorium.com\/wp-content\/uploads\/2026\/01\/pala-orizzontale-700x399.png","type":"image\/png"}],"twitter_card":"summary_large_image","twitter_site":"@auditoriumpdm","schema":{"@context":"https:\/\/schema.org","@graph":[{"@type":"WebPage","@id":"https:\/\/www.auditorium.com\/it\/artist\/filippo-pala\/","url":"https:\/\/www.auditorium.com\/it\/artist\/filippo-pala\/","name":"Filippo Pala | Auditorium Parco della Musica Ennio Morricone","isPartOf":{"@id":"https:\/\/www.auditorium.com\/it\/#website"},"primaryImageOfPage":{"@id":"https:\/\/www.auditorium.com\/it\/artist\/filippo-pala\/#primaryimage"},"image":{"@id":"https:\/\/www.auditorium.com\/it\/artist\/filippo-pala\/#primaryimage"},"thumbnailUrl":"https:\/\/www.auditorium.com\/wp-content\/uploads\/2026\/01\/pala-orizzontale-scaled.png","datePublished":"2026-01-27T13:38:21+00:00","dateModified":"2026-01-27T13:38:21+00:00","breadcrumb":{"@id":"https:\/\/www.auditorium.com\/it\/artist\/filippo-pala\/#breadcrumb"},"inLanguage":"it-IT","potentialAction":[{"@type":"ReadAction","target":["https:\/\/www.auditorium.com\/it\/artist\/filippo-pala\/"]}]},{"@type":"ImageObject","inLanguage":"it-IT","@id":"https:\/\/www.auditorium.com\/it\/artist\/filippo-pala\/#primaryimage","url":"https:\/\/www.auditorium.com\/wp-content\/uploads\/2026\/01\/pala-orizzontale-scaled.png","contentUrl":"https:\/\/www.auditorium.com\/wp-content\/uploads\/2026\/01\/pala-orizzontale-scaled.png","width":2560,"height":1460},{"@type":"BreadcrumbList","@id":"https:\/\/www.auditorium.com\/it\/artist\/filippo-pala\/#breadcrumb","itemListElement":[{"@type":"ListItem","position":1,"name":"Home","item":"https:\/\/www.auditorium.com\/it\/"},{"@type":"ListItem","position":2,"name":"Artists","item":"https:\/\/www.auditorium.com\/it\/artist\/"},{"@type":"ListItem","position":3,"name":"Filippo Pala"}]},{"@type":"WebSite","@id":"https:\/\/www.auditorium.com\/it\/#website","url":"https:\/\/www.auditorium.com\/it\/","name":"Auditorium Parco della Musica Ennio Morricone","description":"Progettato da Renzo Piano, l&#039;Auditorium rappresenta una sofisticata architettura musicale e uno straordinario intervento di riqualificazione urbana.","publisher":{"@id":"https:\/\/www.auditorium.com\/it\/#organization"},"potentialAction":[{"@type":"SearchAction","target":{"@type":"EntryPoint","urlTemplate":"https:\/\/www.auditorium.com\/it\/?s={search_term_string}"},"query-input":"required name=search_term_string"}],"inLanguage":"it-IT"},{"@type":"Organization","@id":"https:\/\/www.auditorium.com\/it\/#organization","name":"Auditorium Parco della Musica Ennio Morricone","url":"https:\/\/www.auditorium.com\/it\/","logo":{"@type":"ImageObject","inLanguage":"it-IT","@id":"https:\/\/www.auditorium.com\/it\/#\/schema\/logo\/image\/","url":"https:\/\/www.auditorium.com\/wp-content\/uploads\/2022\/12\/logo-auditorium.svg","contentUrl":"https:\/\/www.auditorium.com\/wp-content\/uploads\/2022\/12\/logo-auditorium.svg","width":86,"height":79,"caption":"Auditorium Parco della Musica Ennio Morricone"},"image":{"@id":"https:\/\/www.auditorium.com\/it\/#\/schema\/logo\/image\/"},"sameAs":["https:\/\/www.facebook.com\/AuditoriumParcodellaMusica","https:\/\/x.com\/auditoriumpdm","https:\/\/www.instagram.com\/auditoriumparcodellamusica\/"]}]}},"_links":{"self":[{"href":"https:\/\/www.auditorium.com\/it\/wp-json\/wp\/v2\/artist\/44189","targetHints":{"allow":["GET"]}}],"collection":[{"href":"https:\/\/www.auditorium.com\/it\/wp-json\/wp\/v2\/artist"}],"about":[{"href":"https:\/\/www.auditorium.com\/it\/wp-json\/wp\/v2\/types\/artist"}],"wp:featuredmedia":[{"embeddable":true,"href":"https:\/\/www.auditorium.com\/it\/wp-json\/wp\/v2\/media\/44190"}],"wp:attachment":[{"href":"https:\/\/www.auditorium.com\/it\/wp-json\/wp\/v2\/media?parent=44189"}],"wp:term":[{"taxonomy":"artist_categories","embeddable":true,"href":"https:\/\/www.auditorium.com\/it\/wp-json\/wp\/v2\/artist_categories?post=44189"}],"curies":[{"name":"wp","href":"https:\/\/api.w.org\/{rel}","templated":true}]}}

<p style="font-weight: 400;">Filippo Pala è nato a Sassari, risiede a Roma da oltre vent’anni ed è un giornalista iscritto all’Ordine dal 2002: lavora per la RAI come redattore della Testata giornalistica regionale ed è laureato in Scienze politiche, con indirizzo storico-internazionale, all’Università di Cagliari. Si è occupato a lungo di temi ambientali e scientifici durante la sua attività lavorativa, con esperienze all’ISPRA e al Ministero dell’Ambiente.</p>

Filippo Pala è nato a Sassari, risiede a Roma da oltre vent’anni ed è un giornalista iscritto all’Ordine dal 2002: lavora per la RAI come redattore della Testata giornalistica regionale ed è laureato in Scienze politiche, con indirizzo storico-internazionale, all’Università di Cagliari. Si è occupato a lungo di temi ambientali e scientifici durante la sua [&hellip;]

<!-- This site is optimized with the Yoast SEO plugin v22.6 - https://yoast.com/wordpress/plugins/seo/ -->
<title>Filippo Pala | Auditorium Parco della Musica Ennio Morricone</title>
<meta name="robots" content="noindex, follow" />
<meta property="og:locale" content="it_IT" />
<meta property="og:type" content="article" />
<meta property="og:title" content="Filippo Pala | Auditorium Parco della Musica Ennio Morricone" />
<meta property="og:description" content="Filippo Pala è nato a Sassari, risiede a Roma da oltre vent’anni ed è un giornalista iscritto all’Ordine dal 2002: lavora per la RAI come redattore della Testata giornalistica regionale ed è laureato in Scienze politiche, con indirizzo storico-internazionale, all’Università di Cagliari. Si è occupato a lungo di temi ambientali e scientifici durante la sua [&hellip;]" />
<meta property="og:url" content="https://www.auditorium.com/it/artist/filippo-pala/" />
<meta property="og:site_name" content="Auditorium Parco della Musica Ennio Morricone" />
<meta property="article:publisher" content="https://www.facebook.com/AuditoriumParcodellaMusica" />
<meta property="og:image" content="https://www.auditorium.com/wp-content/uploads/2026/01/pala-orizzontale-700x399.png" />
	<meta property="og:image:width" content="700" />
	<meta property="og:image:height" content="399" />
	<meta property="og:image:type" content="image/png" />
<meta name="twitter:card" content="summary_large_image" />
<meta name="twitter:site" content="@auditoriumpdm" />
<script type="application/ld+json" class="yoast-schema-graph">{"@context":"https://schema.org","@graph":[{"@type":"WebPage","@id":"https://www.auditorium.com/it/artist/filippo-pala/","url":"https://www.auditorium.com/it/artist/filippo-pala/","name":"Filippo Pala | Auditorium Parco della Musica Ennio Morricone","isPartOf":{"@id":"https://www.auditorium.com/it/#website"},"primaryImageOfPage":{"@id":"https://www.auditorium.com/it/artist/filippo-pala/#primaryimage"},"image":{"@id":"https://www.auditorium.com/it/artist/filippo-pala/#primaryimage"},"thumbnailUrl":"https://www.auditorium.com/wp-content/uploads/2026/01/pala-orizzontale-scaled.png","datePublished":"2026-01-27T13:38:21+00:00","dateModified":"2026-01-27T13:38:21+00:00","breadcrumb":{"@id":"https://www.auditorium.com/it/artist/filippo-pala/#breadcrumb"},"inLanguage":"it-IT","potentialAction":[{"@type":"ReadAction","target":["https://www.auditorium.com/it/artist/filippo-pala/"]}]},{"@type":"ImageObject","inLanguage":"it-IT","@id":"https://www.auditorium.com/it/artist/filippo-pala/#primaryimage","url":"https://www.auditorium.com/wp-content/uploads/2026/01/pala-orizzontale-scaled.png","contentUrl":"https://www.auditorium.com/wp-content/uploads/2026/01/pala-orizzontale-scaled.png","width":2560,"height":1460},{"@type":"BreadcrumbList","@id":"https://www.auditorium.com/it/artist/filippo-pala/#breadcrumb","itemListElement":[{"@type":"ListItem","position":1,"name":"Home","item":"https://www.auditorium.com/it/"},{"@type":"ListItem","position":2,"name":"Artists","item":"https://www.auditorium.com/it/artist/"},{"@type":"ListItem","position":3,"name":"Filippo Pala"}]},{"@type":"WebSite","@id":"https://www.auditorium.com/it/#website","url":"https://www.auditorium.com/it/","name":"Auditorium Parco della Musica Ennio Morricone","description":"Progettato da Renzo Piano, l&#039;Auditorium rappresenta una sofisticata architettura musicale e uno straordinario intervento di riqualificazione urbana.","publisher":{"@id":"https://www.auditorium.com/it/#organization"},"potentialAction":[{"@type":"SearchAction","target":{"@type":"EntryPoint","urlTemplate":"https://www.auditorium.com/it/?s={search_term_string}"},"query-input":"required name=search_term_string"}],"inLanguage":"it-IT"},{"@type":"Organization","@id":"https://www.auditorium.com/it/#organization","name":"Auditorium Parco della Musica Ennio Morricone","url":"https://www.auditorium.com/it/","logo":{"@type":"ImageObject","inLanguage":"it-IT","@id":"https://www.auditorium.com/it/#/schema/logo/image/","url":"https://www.auditorium.com/wp-content/uploads/2022/12/logo-auditorium.svg","contentUrl":"https://www.auditorium.com/wp-content/uploads/2022/12/logo-auditorium.svg","width":86,"height":79,"caption":"Auditorium Parco della Musica Ennio Morricone"},"image":{"@id":"https://www.auditorium.com/it/#/schema/logo/image/"},"sameAs":["https://www.facebook.com/AuditoriumParcodellaMusica","https://x.com/auditoriumpdm","https://www.instagram.com/auditoriumparcodellamusica/"]}]}</script>
<!-- / Yoast SEO plugin. -->
