{"version":"1.0","provider_name":"Auditorium Parco della Musica Ennio Morricone","provider_url":"https:\/\/www.auditorium.com\/it\/","author_name":"Noemi Quarantelli","author_url":"https:\/\/www.auditorium.com\/it\/author\/n-quarantelli\/","title":"Sal Da Vinci | Auditorium Parco della Musica Ennio Morricone","type":"rich","width":600,"height":338,"html":"<blockquote class=\"wp-embedded-content\" data-secret=\"M2ey3iTxM6\"><a href=\"https:\/\/www.auditorium.com\/it\/event\/sal-da-vinci\/\">Sal Da Vinci<\/a><\/blockquote><iframe sandbox=\"allow-scripts\" security=\"restricted\" src=\"https:\/\/www.auditorium.com\/it\/event\/sal-da-vinci\/embed\/#?secret=M2ey3iTxM6\" width=\"600\" height=\"338\" title=\"&#8220;Sal Da Vinci&#8221; &#8212; Auditorium Parco della Musica Ennio Morricone\" data-secret=\"M2ey3iTxM6\" frameborder=\"0\" marginwidth=\"0\" marginheight=\"0\" scrolling=\"no\" class=\"wp-embedded-content\"><\/iframe><script type=\"text\/javascript\">\n\/* <![CDATA[ *\/\n\/*! This file is auto-generated *\/\n!function(d,l){\"use strict\";l.querySelector&&d.addEventListener&&\"undefined\"!=typeof URL&&(d.wp=d.wp||{},d.wp.receiveEmbedMessage||(d.wp.receiveEmbedMessage=function(e){var t=e.data;if((t||t.secret||t.message||t.value)&&!\/[^a-zA-Z0-9]\/.test(t.secret)){for(var s,r,n,a=l.querySelectorAll('iframe[data-secret=\"'+t.secret+'\"]'),o=l.querySelectorAll('blockquote[data-secret=\"'+t.secret+'\"]'),c=new RegExp(\"^https?:$\",\"i\"),i=0;i<o.length;i++)o[i].style.display=\"none\";for(i=0;i<a.length;i++)s=a[i],e.source===s.contentWindow&&(s.removeAttribute(\"style\"),\"height\"===t.message?(1e3<(r=parseInt(t.value,10))?r=1e3:~~r<200&&(r=200),s.height=r):\"link\"===t.message&&(r=new URL(s.getAttribute(\"src\")),n=new URL(t.value),c.test(n.protocol))&&n.host===r.host&&l.activeElement===s&&(d.top.location.href=t.value))}},d.addEventListener(\"message\",d.wp.receiveEmbedMessage,!1),l.addEventListener(\"DOMContentLoaded\",function(){for(var e,t,s=l.querySelectorAll(\"iframe.wp-embedded-content\"),r=0;r<s.length;r++)(t=(e=s[r]).getAttribute(\"data-secret\"))||(t=Math.random().toString(36).substring(2,12),e.src+=\"#?secret=\"+t,e.setAttribute(\"data-secret\",t)),e.contentWindow.postMessage({message:\"ready\",secret:t},\"*\")},!1)))}(window,document);\n\/\/# sourceURL=https:\/\/www.auditorium.com\/wp-includes\/js\/wp-embed.min.js\n\/* ]]> *\/\n<\/script>\n","thumbnail_url":"https:\/\/www.auditorium.com\/wp-content\/uploads\/2026\/03\/DSC_4842.jpeg","thumbnail_width":1997,"thumbnail_height":1333,"description":"Dopo la vittoria al Festival di Sanremo 2026 con il brano Per sempre s\u00ec, Sal Da Vinci inaugura una nuova stagione dal vivo con il tour estivo 2026, una tourn\u00e9e che dal 18 luglio attraverser\u00e0 l\u2019Italia toccando festival e arene tra i pi\u00f9 prestigiosi della stagione. Il tour estivo 2026 sar\u00e0 ospitato anche presso la [&hellip;]"}

Dopo la vittoria al Festival di Sanremo 2026 con il brano Per sempre sì, Sal Da Vinci inaugura una nuova stagione dal vivo con il tour estivo 2026, una tournée che dal 18 luglio attraverserà l’Italia toccando festival e arene tra i più prestigiosi della stagione. Il tour estivo 2026 sarà ospitato anche presso la [&hellip;]
