{"version":"1.0","provider_name":"Auditorium Parco della Musica Ennio Morricone","provider_url":"https:\/\/www.auditorium.com\/it\/","author_name":"Andrea Sargentini","author_url":"https:\/\/www.auditorium.com\/it\/author\/asargentini\/","title":"Paolo Conte | Auditorium Parco della Musica Ennio Morricone","type":"rich","width":600,"height":338,"html":"<blockquote class=\"wp-embedded-content\" data-secret=\"cKGhGnhAPj\"><a href=\"https:\/\/www.auditorium.com\/it\/event\/paolo-conte-3\/\">Paolo Conte<\/a><\/blockquote><iframe sandbox=\"allow-scripts\" security=\"restricted\" src=\"https:\/\/www.auditorium.com\/it\/event\/paolo-conte-3\/embed\/#?secret=cKGhGnhAPj\" width=\"600\" height=\"338\" title=\"&#8220;Paolo Conte&#8221; &#8212; Auditorium Parco della Musica Ennio Morricone\" data-secret=\"cKGhGnhAPj\" frameborder=\"0\" marginwidth=\"0\" marginheight=\"0\" scrolling=\"no\" class=\"wp-embedded-content\"><\/iframe><script type=\"text\/javascript\">\n\/* <![CDATA[ *\/\n\/*! This file is auto-generated *\/\n!function(d,l){\"use strict\";l.querySelector&&d.addEventListener&&\"undefined\"!=typeof URL&&(d.wp=d.wp||{},d.wp.receiveEmbedMessage||(d.wp.receiveEmbedMessage=function(e){var t=e.data;if((t||t.secret||t.message||t.value)&&!\/[^a-zA-Z0-9]\/.test(t.secret)){for(var s,r,n,a=l.querySelectorAll('iframe[data-secret=\"'+t.secret+'\"]'),o=l.querySelectorAll('blockquote[data-secret=\"'+t.secret+'\"]'),c=new RegExp(\"^https?:$\",\"i\"),i=0;i<o.length;i++)o[i].style.display=\"none\";for(i=0;i<a.length;i++)s=a[i],e.source===s.contentWindow&&(s.removeAttribute(\"style\"),\"height\"===t.message?(1e3<(r=parseInt(t.value,10))?r=1e3:~~r<200&&(r=200),s.height=r):\"link\"===t.message&&(r=new URL(s.getAttribute(\"src\")),n=new URL(t.value),c.test(n.protocol))&&n.host===r.host&&l.activeElement===s&&(d.top.location.href=t.value))}},d.addEventListener(\"message\",d.wp.receiveEmbedMessage,!1),l.addEventListener(\"DOMContentLoaded\",function(){for(var e,t,s=l.querySelectorAll(\"iframe.wp-embedded-content\"),r=0;r<s.length;r++)(t=(e=s[r]).getAttribute(\"data-secret\"))||(t=Math.random().toString(36).substring(2,12),e.src+=\"#?secret=\"+t,e.setAttribute(\"data-secret\",t)),e.contentWindow.postMessage({message:\"ready\",secret:t},\"*\")},!1)))}(window,document);\n\/\/# sourceURL=https:\/\/www.auditorium.com\/wp-includes\/js\/wp-embed.min.js\n\/* ]]> *\/\n<\/script>\n","thumbnail_url":"https:\/\/www.auditorium.com\/wp-content\/uploads\/2024\/09\/15442_paolo_conte.jpg","thumbnail_width":1920,"thumbnail_height":850,"description":"Paolo Conte sar\u00e0 per la prima volta ospite della rassegna Luglio Suona Bene. Un evento speciale che vedr\u00e0 uno dei cantautori italiani pi\u00f9 amati di sempre dal pubblico presentare sotto le stelle del cielo di Roma, nella magnifica cornice della cavea di Renzo Piano, i nuovi brani tratti dall\u2019ultimo disco Snob, un ritorno alle origini [&hellip;]"}

Paolo Conte sarà per la prima volta ospite della rassegna Luglio Suona Bene. Un evento speciale che vedrà uno dei cantautori italiani più amati di sempre dal pubblico presentare sotto le stelle del cielo di Roma, nella magnifica cornice della cavea di Renzo Piano, i nuovi brani tratti dall’ultimo disco Snob, un ritorno alle origini [&hellip;]
