{"version":"1.0","provider_name":"Auditorium Parco della Musica Ennio Morricone","provider_url":"https:\/\/www.auditorium.com\/it\/","author_name":"Noemi Quarantelli","author_url":"https:\/\/www.auditorium.com\/it\/author\/n-quarantelli\/","title":"Pane ar Pane - Artisti per Sant'Egidio | Auditorium Parco della Musica Ennio Morricone","type":"rich","width":600,"height":338,"html":"<blockquote class=\"wp-embedded-content\" data-secret=\"qobW8n2EtG\"><a href=\"https:\/\/www.auditorium.com\/it\/event\/pane-ar-pane-artisti-per-santegidio\/\">Pane ar Pane &#8211; Artisti per Sant&#8217;Egidio<\/a><\/blockquote><iframe sandbox=\"allow-scripts\" security=\"restricted\" src=\"https:\/\/www.auditorium.com\/it\/event\/pane-ar-pane-artisti-per-santegidio\/embed\/#?secret=qobW8n2EtG\" width=\"600\" height=\"338\" title=\"&#8220;Pane ar Pane &#8211; Artisti per Sant&#8217;Egidio&#8221; &#8212; Auditorium Parco della Musica Ennio Morricone\" data-secret=\"qobW8n2EtG\" frameborder=\"0\" marginwidth=\"0\" marginheight=\"0\" scrolling=\"no\" class=\"wp-embedded-content\"><\/iframe><script type=\"text\/javascript\">\n\/* <![CDATA[ *\/\n\/*! This file is auto-generated *\/\n!function(d,l){\"use strict\";l.querySelector&&d.addEventListener&&\"undefined\"!=typeof URL&&(d.wp=d.wp||{},d.wp.receiveEmbedMessage||(d.wp.receiveEmbedMessage=function(e){var t=e.data;if((t||t.secret||t.message||t.value)&&!\/[^a-zA-Z0-9]\/.test(t.secret)){for(var s,r,n,a=l.querySelectorAll('iframe[data-secret=\"'+t.secret+'\"]'),o=l.querySelectorAll('blockquote[data-secret=\"'+t.secret+'\"]'),c=new RegExp(\"^https?:$\",\"i\"),i=0;i<o.length;i++)o[i].style.display=\"none\";for(i=0;i<a.length;i++)s=a[i],e.source===s.contentWindow&&(s.removeAttribute(\"style\"),\"height\"===t.message?(1e3<(r=parseInt(t.value,10))?r=1e3:~~r<200&&(r=200),s.height=r):\"link\"===t.message&&(r=new URL(s.getAttribute(\"src\")),n=new URL(t.value),c.test(n.protocol))&&n.host===r.host&&l.activeElement===s&&(d.top.location.href=t.value))}},d.addEventListener(\"message\",d.wp.receiveEmbedMessage,!1),l.addEventListener(\"DOMContentLoaded\",function(){for(var e,t,s=l.querySelectorAll(\"iframe.wp-embedded-content\"),r=0;r<s.length;r++)(t=(e=s[r]).getAttribute(\"data-secret\"))||(t=Math.random().toString(36).substring(2,12),e.src+=\"#?secret=\"+t,e.setAttribute(\"data-secret\",t)),e.contentWindow.postMessage({message:\"ready\",secret:t},\"*\")},!1)))}(window,document);\n\/\/# sourceURL=https:\/\/www.auditorium.com\/wp-includes\/js\/wp-embed.min.js\n\/* ]]> *\/\n<\/script>\n","thumbnail_url":"https:\/\/www.auditorium.com\/wp-content\/uploads\/2026\/04\/1920x1080-pane-ar-pane.jpg","thumbnail_width":1920,"thumbnail_height":1080,"description":"Un concerto che diventa gesto. Il 25 giugno alla Cavea, la musica diventa un\u2019azione concreta. Pane ar Pane, ideato da Elio Germano con la Comunit\u00e0 di Sant\u2019Egidio, \u00e8 un evento che unisce spettacolo e responsabilit\u00e0: meno retorica, pi\u00f9 necessit\u00e0. Il titolo richiama l\u2019essenziale: dire le cose come stanno, condividere, non lasciare indietro nessuno. Gli artisti [&hellip;]"}

Un concerto che diventa gesto. Il 25 giugno alla Cavea, la musica diventa un’azione concreta. Pane ar Pane, ideato da Elio Germano con la Comunità di Sant’Egidio, è un evento che unisce spettacolo e responsabilità: meno retorica, più necessità. Il titolo richiama l’essenziale: dire le cose come stanno, condividere, non lasciare indietro nessuno. Gli artisti [&hellip;]
