{"version":"1.0","provider_name":"Auditorium Parco della Musica Ennio Morricone","provider_url":"https:\/\/www.auditorium.com\/it\/","author_name":"Calocero","author_url":"https:\/\/www.auditorium.com\/it\/author\/calocero\/","title":"GORAN BREGOVI\u0106 The Belly Button of the World | Auditorium Parco della Musica Ennio Morricone","type":"rich","width":600,"height":338,"html":"<blockquote class=\"wp-embedded-content\" data-secret=\"GPNot9B732\"><a href=\"https:\/\/www.auditorium.com\/it\/event\/goran-bregovic-the-belly-button-of-the-world\/\">GORAN BREGOVI\u0106 The Belly Button of the World<\/a><\/blockquote><iframe sandbox=\"allow-scripts\" security=\"restricted\" src=\"https:\/\/www.auditorium.com\/it\/event\/goran-bregovic-the-belly-button-of-the-world\/embed\/#?secret=GPNot9B732\" width=\"600\" height=\"338\" title=\"&#8220;GORAN BREGOVI\u0106 The Belly Button of the World&#8221; &#8212; Auditorium Parco della Musica Ennio Morricone\" data-secret=\"GPNot9B732\" frameborder=\"0\" marginwidth=\"0\" marginheight=\"0\" scrolling=\"no\" class=\"wp-embedded-content\"><\/iframe><script type=\"text\/javascript\">\n\/* <![CDATA[ *\/\n\/*! This file is auto-generated *\/\n!function(d,l){\"use strict\";l.querySelector&&d.addEventListener&&\"undefined\"!=typeof URL&&(d.wp=d.wp||{},d.wp.receiveEmbedMessage||(d.wp.receiveEmbedMessage=function(e){var t=e.data;if((t||t.secret||t.message||t.value)&&!\/[^a-zA-Z0-9]\/.test(t.secret)){for(var s,r,n,a=l.querySelectorAll('iframe[data-secret=\"'+t.secret+'\"]'),o=l.querySelectorAll('blockquote[data-secret=\"'+t.secret+'\"]'),c=new RegExp(\"^https?:$\",\"i\"),i=0;i<o.length;i++)o[i].style.display=\"none\";for(i=0;i<a.length;i++)s=a[i],e.source===s.contentWindow&&(s.removeAttribute(\"style\"),\"height\"===t.message?(1e3<(r=parseInt(t.value,10))?r=1e3:~~r<200&&(r=200),s.height=r):\"link\"===t.message&&(r=new URL(s.getAttribute(\"src\")),n=new URL(t.value),c.test(n.protocol))&&n.host===r.host&&l.activeElement===s&&(d.top.location.href=t.value))}},d.addEventListener(\"message\",d.wp.receiveEmbedMessage,!1),l.addEventListener(\"DOMContentLoaded\",function(){for(var e,t,s=l.querySelectorAll(\"iframe.wp-embedded-content\"),r=0;r<s.length;r++)(t=(e=s[r]).getAttribute(\"data-secret\"))||(t=Math.random().toString(36).substring(2,12),e.src+=\"#?secret=\"+t,e.setAttribute(\"data-secret\",t)),e.contentWindow.postMessage({message:\"ready\",secret:t},\"*\")},!1)))}(window,document);\n\/\/# sourceURL=https:\/\/www.auditorium.com\/wp-includes\/js\/wp-embed.min.js\n\/* ]]> *\/\n<\/script>\n","thumbnail_url":"https:\/\/www.auditorium.com\/wp-content\/uploads\/2026\/01\/bregovic2009_014.jpg","thumbnail_width":2362,"thumbnail_height":1574,"description":"\u00c8 in questo concerto evento che Goran Bregovi\u0107 ha riassunto la sua idea di convivenza nel mondo. Lo dice un figlio di Sarajevo, citt\u00e0 prima romana, poi bizantina, per secoli ottomana, diventata austro-ungarica, jugoslava e infine bosniaca, abitata da ebrei, musulmani, cristiani ortodossi e cattolici. Una Gerusalemme d\u2019Europa a poche ore d\u2019auto dal confine italiano, [&hellip;]"}

GORAN BREGOVIĆ The Belly Button of the World | Auditorium Parco della Musica Ennio Morricone

<blockquote class="wp-embedded-content" data-secret="GPNot9B732"><a href="https://www.auditorium.com/it/event/goran-bregovic-the-belly-button-of-the-world/">GORAN BREGOVIĆ The Belly Button of the World</a></blockquote><iframe sandbox="allow-scripts" security="restricted" src="https://www.auditorium.com/it/event/goran-bregovic-the-belly-button-of-the-world/embed/#?secret=GPNot9B732" width="600" height="338" title="&#8220;GORAN BREGOVIĆ The Belly Button of the World&#8221; &#8212; Auditorium Parco della Musica Ennio Morricone" data-secret="GPNot9B732" frameborder="0" marginwidth="0" marginheight="0" scrolling="no" class="wp-embedded-content"></iframe><script type="text/javascript">
/* <![CDATA[ */
/*! This file is auto-generated */
!function(d,l){"use strict";l.querySelector&&d.addEventListener&&"undefined"!=typeof URL&&(d.wp=d.wp||{},d.wp.receiveEmbedMessage||(d.wp.receiveEmbedMessage=function(e){var t=e.data;if((t||t.secret||t.message||t.value)&&!/[^a-zA-Z0-9]/.test(t.secret)){for(var s,r,n,a=l.querySelectorAll('iframe[data-secret="'+t.secret+'"]'),o=l.querySelectorAll('blockquote[data-secret="'+t.secret+'"]'),c=new RegExp("^https?:$","i"),i=0;i<o.length;i++)o[i].style.display="none";for(i=0;i<a.length;i++)s=a[i],e.source===s.contentWindow&&(s.removeAttribute("style"),"height"===t.message?(1e3<(r=parseInt(t.value,10))?r=1e3:~~r<200&&(r=200),s.height=r):"link"===t.message&&(r=new URL(s.getAttribute("src")),n=new URL(t.value),c.test(n.protocol))&&n.host===r.host&&l.activeElement===s&&(d.top.location.href=t.value))}},d.addEventListener("message",d.wp.receiveEmbedMessage,!1),l.addEventListener("DOMContentLoaded",function(){for(var e,t,s=l.querySelectorAll("iframe.wp-embedded-content"),r=0;r<s.length;r++)(t=(e=s[r]).getAttribute("data-secret"))||(t=Math.random().toString(36).substring(2,12),e.src+="#?secret="+t,e.setAttribute("data-secret",t)),e.contentWindow.postMessage({message:"ready",secret:t},"*")},!1)))}(window,document);
//# sourceURL=https://www.auditorium.com/wp-includes/js/wp-embed.min.js
/* ]]> */
</script>

È in questo concerto evento che Goran Bregović ha riassunto la sua idea di convivenza nel mondo. Lo dice un figlio di Sarajevo, città prima romana, poi bizantina, per secoli ottomana, diventata austro-ungarica, jugoslava e infine bosniaca, abitata da ebrei, musulmani, cristiani ortodossi e cattolici. Una Gerusalemme d’Europa a poche ore d’auto dal confine italiano, [&hellip;]
