{"version":"1.0","provider_name":"Auditorium Parco della Musica Ennio Morricone","provider_url":"https:\/\/www.auditorium.com\/it\/","author_name":"Calocero","author_url":"https:\/\/www.auditorium.com\/it\/author\/calocero\/","title":"Comunit\u00e0 che si adattano | Auditorium Parco della Musica Ennio Morricone","type":"rich","width":600,"height":338,"html":"<blockquote class=\"wp-embedded-content\" data-secret=\"sj9fkv8ReA\"><a href=\"https:\/\/www.auditorium.com\/it\/event\/comunita-che-si-adattano\/\">Comunit\u00e0 che si adattano<\/a><\/blockquote><iframe sandbox=\"allow-scripts\" security=\"restricted\" src=\"https:\/\/www.auditorium.com\/it\/event\/comunita-che-si-adattano\/embed\/#?secret=sj9fkv8ReA\" width=\"600\" height=\"338\" title=\"&#8220;Comunit\u00e0 che si adattano&#8221; &#8212; Auditorium Parco della Musica Ennio Morricone\" data-secret=\"sj9fkv8ReA\" frameborder=\"0\" marginwidth=\"0\" marginheight=\"0\" scrolling=\"no\" class=\"wp-embedded-content\"><\/iframe><script type=\"text\/javascript\">\n\/* <![CDATA[ *\/\n\/*! This file is auto-generated *\/\n!function(d,l){\"use strict\";l.querySelector&&d.addEventListener&&\"undefined\"!=typeof URL&&(d.wp=d.wp||{},d.wp.receiveEmbedMessage||(d.wp.receiveEmbedMessage=function(e){var t=e.data;if((t||t.secret||t.message||t.value)&&!\/[^a-zA-Z0-9]\/.test(t.secret)){for(var s,r,n,a=l.querySelectorAll('iframe[data-secret=\"'+t.secret+'\"]'),o=l.querySelectorAll('blockquote[data-secret=\"'+t.secret+'\"]'),c=new RegExp(\"^https?:$\",\"i\"),i=0;i<o.length;i++)o[i].style.display=\"none\";for(i=0;i<a.length;i++)s=a[i],e.source===s.contentWindow&&(s.removeAttribute(\"style\"),\"height\"===t.message?(1e3<(r=parseInt(t.value,10))?r=1e3:~~r<200&&(r=200),s.height=r):\"link\"===t.message&&(r=new URL(s.getAttribute(\"src\")),n=new URL(t.value),c.test(n.protocol))&&n.host===r.host&&l.activeElement===s&&(d.top.location.href=t.value))}},d.addEventListener(\"message\",d.wp.receiveEmbedMessage,!1),l.addEventListener(\"DOMContentLoaded\",function(){for(var e,t,s=l.querySelectorAll(\"iframe.wp-embedded-content\"),r=0;r<s.length;r++)(t=(e=s[r]).getAttribute(\"data-secret\"))||(t=Math.random().toString(36).substring(2,12),e.src+=\"#?secret=\"+t,e.setAttribute(\"data-secret\",t)),e.contentWindow.postMessage({message:\"ready\",secret:t},\"*\")},!1)))}(window,document);\n\/\/# sourceURL=https:\/\/www.auditorium.com\/wp-includes\/js\/wp-embed.min.js\n\/* ]]> *\/\n<\/script>\n","thumbnail_url":"https:\/\/www.auditorium.com\/wp-content\/uploads\/2025\/03\/COMUNITA-CHE-SI-ADATTANO_Foto-di-Leon-Huang-da-Pexels.jpg","thumbnail_width":1280,"thumbnail_height":851,"description":"A cura di CMCC, CNR, ISPRA Francesca Giordano Ricercatrice ISPRA Paola Mercogliano Ricercatrice senior Fondazione CMCC Filomena Pietrapertosa Ricercatrice senior CNR &#8211; IMAA Modera Andrea Bettini Giornalista scientifico RaiNews24 La crisi climatica richiede un forte impegno comune per fronteggiare gli eventi meteorologici estremi che sempre pi\u00f9 frequentemente colpiscono le nostre citt\u00e0, minacciando la societ\u00e0, gli [&hellip;]"}

Comunità che si adattano | Auditorium Parco della Musica Ennio Morricone

<blockquote class="wp-embedded-content" data-secret="sj9fkv8ReA"><a href="https://www.auditorium.com/it/event/comunita-che-si-adattano/">Comunità che si adattano</a></blockquote><iframe sandbox="allow-scripts" security="restricted" src="https://www.auditorium.com/it/event/comunita-che-si-adattano/embed/#?secret=sj9fkv8ReA" width="600" height="338" title="&#8220;Comunità che si adattano&#8221; &#8212; Auditorium Parco della Musica Ennio Morricone" data-secret="sj9fkv8ReA" frameborder="0" marginwidth="0" marginheight="0" scrolling="no" class="wp-embedded-content"></iframe><script type="text/javascript">
/* <![CDATA[ */
/*! This file is auto-generated */
!function(d,l){"use strict";l.querySelector&&d.addEventListener&&"undefined"!=typeof URL&&(d.wp=d.wp||{},d.wp.receiveEmbedMessage||(d.wp.receiveEmbedMessage=function(e){var t=e.data;if((t||t.secret||t.message||t.value)&&!/[^a-zA-Z0-9]/.test(t.secret)){for(var s,r,n,a=l.querySelectorAll('iframe[data-secret="'+t.secret+'"]'),o=l.querySelectorAll('blockquote[data-secret="'+t.secret+'"]'),c=new RegExp("^https?:$","i"),i=0;i<o.length;i++)o[i].style.display="none";for(i=0;i<a.length;i++)s=a[i],e.source===s.contentWindow&&(s.removeAttribute("style"),"height"===t.message?(1e3<(r=parseInt(t.value,10))?r=1e3:~~r<200&&(r=200),s.height=r):"link"===t.message&&(r=new URL(s.getAttribute("src")),n=new URL(t.value),c.test(n.protocol))&&n.host===r.host&&l.activeElement===s&&(d.top.location.href=t.value))}},d.addEventListener("message",d.wp.receiveEmbedMessage,!1),l.addEventListener("DOMContentLoaded",function(){for(var e,t,s=l.querySelectorAll("iframe.wp-embedded-content"),r=0;r<s.length;r++)(t=(e=s[r]).getAttribute("data-secret"))||(t=Math.random().toString(36).substring(2,12),e.src+="#?secret="+t,e.setAttribute("data-secret",t)),e.contentWindow.postMessage({message:"ready",secret:t},"*")},!1)))}(window,document);
//# sourceURL=https://www.auditorium.com/wp-includes/js/wp-embed.min.js
/* ]]> */
</script>

A cura di CMCC, CNR, ISPRA Francesca Giordano Ricercatrice ISPRA Paola Mercogliano Ricercatrice senior Fondazione CMCC Filomena Pietrapertosa Ricercatrice senior CNR &#8211; IMAA Modera Andrea Bettini Giornalista scientifico RaiNews24 La crisi climatica richiede un forte impegno comune per fronteggiare gli eventi meteorologici estremi che sempre più frequentemente colpiscono le nostre città, minacciando la società, gli [&hellip;]
